000
CXUS51 KLWX 011134
CF6HGR
PRELIMINARY LOCAL CLIMATOLOGICAL DATA (WS FORM: F-6)
STATION: HAGERSTOWN MD
MONTH: MARCH
YEAR: 2020
LATITUDE: 39 42 N
LONGITUDE: 77 43 W
TEMPERATURE IN F: :PCPN: SNOW: WIND :SUNSHINE: SKY :PK WND
================================================================================
1 2 3 4 5 6A 6B 7 8 9 10 11 12 13 14 15 16 17 18
12Z AVG MX 2MIN
DY MAX MIN AVG DEP HDD CDD WTR SNW DPTH SPD SPD DIR MIN PSBL S-S WX SPD DR
================================================================================
1 51 24 38 2 27 0 0.00 M M 5.8 14 280 M M 0 20 270
2 65 34 50 13 15 0 0.14 M M 7.1 23 160 M M 5 1 31 240
3 60 44 52 15 13 0 0.23 M M 7.4 54 280 M M 7 1 68 280
4 62 41 52 15 13 0 0.00 M M 11.9 30 290 M M 4 37 280
5 52 34 43 5 22 0 0.00 M M 6.0 25 320 M M 1 34 330
6 50 32 41 3 24 0 T M M 10.7 28 310 M M 7 35 310
7 50 36 43 5 22 0 0.00 M M 12.3 24 330 M M 4 34 320
8 62 30 46 7 19 0 0.00 M M 6.4 15 200 M M 0 19 190
9 74 40 57 18 8 0 0.00 M M 7.6 14 200 M M 0 19 260
10 66 48 57 18 8 0 0.13 M M 10.1 23 300 M M 8 1 31 170
11 49 36 43 3 22 0 0.00 M M 3.1 15 330 M M 6 18 340
12 65 42 54 14 11 0 T M M 5.8 18 140 M M 6 26 200
13 71 47 59 19 6 0 0.18 M M 13.0 35 280 M M 5 1 41 280
14 53 38 46 5 19 0 0.08 M M 8.0 18 290 M M 4 1 23 300
15 52 36 44 3 21 0 0.06 M M 5.5 13 30 M M 7 1 22 360
16 51 31 41 0 24 0 0.00 M M 9.1 17 160 M M 5 23 150
17 59 42 51 9 14 0 T M M 8.8 20 310 M M 9 24 310
18 54 36 45 3 20 0 0.23 M M 8.8 16 170 M M 6 1 21 170
19 66 47 57 15 8 0 0.24 M M 5.6 16 160 M M 8 18 24 330
20 83 50 67 24 0 2 T M M 10.8 29 310 M M 5 1 36 310
21 59 40 50 7 15 0 0.00 M M 10.4 24 330 M M 8 31 340
22 50 31 41 -3 24 0 T M M 10.5 17 130 M M 4 23 140
23 43 38 41 -3 24 0 0.12 M M 5.0 17 130 M M 10 1 23 130
24 52 42 47 3 18 0 0.00 M M 5.4 17 330 M M 7 21 340
25 48 40 44 -1 21 0 0.42 M M 7.6 14 40 M M 10 18 18 110
26 60 40 50 5 15 0 T M M 6.4 16 170 M M 6 1 23 190
27 67 48 58 12 7 0 0.03 M M 3.7 9 180 M M 5 1 17 30
28 58 50 54 8 11 0 0.52 M M 5.4 17 350 M M 10 13 24 330
29 63 48 56 10 9 0 0.01 M M 3.7 21 130 M M 8 128 27 130
30 70 44 57 10 8 0 0.00 M M 10.4 23 330 M M 4 12 30 290
31 52 43 48 1 17 0 0.18 M M 5.8 12 330 M M 10 1 17 320
================================================================================
SM 1817 1232 485 2 2.57 M 238.1 M 179
================================================================================
AV 58.6 39.7 7.7 FASTST M M 6 MAX(MPH)
MISC ----> 54 280 68 280
================================================================================
NOTES:
# LAST OF SEVERAL OCCURRENCES
COLUMN 17 PEAK WIND IN M.P.H.
PRELIMINARY LOCAL CLIMATOLOGICAL DATA (WS FORM: F-6) , PAGE 2
STATION: HAGERSTOWN MD
MONTH: MARCH
YEAR: 2020
LATITUDE: 39 42 N
LONGITUDE: 77 43 W
[TEMPERATURE DATA] [PRECIPITATION DATA] SYMBOLS USED IN COLUMN 16
AVERAGE MONTHLY: 49.2 TOTAL FOR MONTH: 2.57 1 = FOG OR MIST
DPTR FM NORMAL: 7.7 DPTR FM NORMAL: -0.81 2 = FOG REDUCING VISIBILITY
HIGHEST: 83 ON 20 GRTST 24HR 0.53 ON 27-28 TO 1/4 MILE OR LESS
LOWEST: 24 ON 1 3 = THUNDER
SNOW, ICE PELLETS, HAIL 4 = ICE PELLETS
TOTAL MONTH: M 5 = HAIL
GRTST 24HR M ON M 6 = FREEZING RAIN OR DRIZZLE
GRTST DEPTH: M ON M 7 = DUSTSTORM OR SANDSTORM:
VSBY 1/2 MILE OR LESS
8 = SMOKE OR HAZE
[NO. OF DAYS WITH] [WEATHER - DAYS WITH] 9 = BLOWING SNOW
X = TORNADO
MAX 32 OR BELOW: 0 0.01 INCH OR MORE: 14
MAX 90 OR ABOVE: 0 0.10 INCH OR MORE: 10
MIN 32 OR BELOW: 5 0.50 INCH OR MORE: 1
MIN 0 OR BELOW: 0 1.00 INCH OR MORE: 0
[HDD (BASE 65) ]
TOTAL THIS MO. 485 CLEAR (SCALE 0-3) 4
DPTR FM NORMAL -244 PTCLDY (SCALE 4-7) 22
TOTAL FM JUL 1 3754 CLOUDY (SCALE 8-10) 5
DPTR FM NORMAL -876
[CDD (BASE 65) ]
TOTAL THIS MO. 2
DPTR FM NORMAL 1 [PRESSURE DATA]
TOTAL FM JAN 1 2 HIGHEST SLP 30.63 ON 22
DPTR FM NORMAL 1 LOWEST SLP 29.48 ON 3
[REMARKS]
#FINAL-03-20#