000
CXUS56 KLOX 011655
CF6HHR
PRELIMINARY LOCAL CLIMATOLOGICAL DATA (WS FORM: F-6)
STATION: HAWTHORNE AIRPORT CA
MONTH: APRIL
YEAR: 2020
LATITUDE: 33 55 N
LONGITUDE: 118 20 W
TEMPERATURE IN F: :PCPN: SNOW: WIND :SUNSHINE: SKY :PK WND
================================================================================
1 2 3 4 5 6A 6B 7 8 9 10 11 12 13 14 15 16 17 18
12Z AVG MX 2MIN
DY MAX MIN AVG DEP HDD CDD WTR SNW DPTH SPD SPD DIR MIN PSBL S-S WX SPD DR
================================================================================
1 71 57 64 3 1 0 0.00 0.0 0 5.3 14 260 M M 3 18 18 260
2 67 58 63 2 2 0 0.00 0.0 0 6.5 15 250 M M 7 20 260
3 66 54 60 -1 5 0 0.00 0.0 0 4.6 16 260 M M 0 20 250
4 66 55 61 0 4 0 0.00 0.0 0 5.8 15 260 M M 7 8 19 260
5 63 56 60 -1 5 0 T 0.0 0 7.6 15 250 M M 9 22 250
6 62 55 59 -2 6 0 0.67 0.0 0 6.2 13 260 M M 10 18 18 170
7 64 52 58 -3 7 0 0.33 0.0 0 3.9 20 270 M M 10 18 27 260
8 62 50 56 -5 9 0 0.03 0.0 M 5.5 16 260 M M 6 1 22 250
9 55 50 53 -8 12 0 0.77 0.0 0 5.9 12 90 M M 9 1 15 90
10 64 50 57 -4 8 0 0.27 0.0 M 3.9 14 100 M M 7 1 20 70
11 68 52 60 -1 5 0 0.00 0.0 0 4.9 15 260 M M 2 8 19 270
12 61 58 60 -2 5 0 0.00 0.0 0 4.5 10 260 M M 10 13 250
13 65 57 61 -1 4 0 T 0.0 0 6.0 17 270 M M 6 8 22 260
14 69 54 62 0 3 0 0.00 0.0 0 4.1 17 260 M M 2 8 21 260
15 79 53 66 4 0 1 0.00 0.0 0 5.3 18 260 M M 0 22 260
16 72 55 64 2 1 0 0.00 0.0 0 5.3 15 260 M M 1 18 19 260
17 66 57 62 0 3 0 0.00 0.0 0 5.5 17 260 M M 6 23 260
18 67 59 63 1 2 0 0.00 0.0 0 7.9 18 260 M M 7 23 260
19 66 58 62 0 3 0 0.00 0.0 0 8.5 17 270 M M 6 22 240
20 67 57 62 0 3 0 0.00 0.0 0 7.8 16 250 M M 5 21 260
21 70 57 64 2 1 0 0.00 0.0 0 5.4 16 250 M M 1 8 21 260
22 80 56 68 6 0 3 0.00 0.0 0 4.9 17 260 M M 0 21 270
23 84 61 73 11 0 8 0.00 0.0 0 4.2 15 250 M M 0 8 17 250
24 85 64 75 12 0 10 0.00 0.0 0 4.1 14 270 M M 0 18 260
25 87 64 76 13 0 11 0.00 0.0 0 4.5 12 250 M M 0 16 280
26 79 58 69 6 0 4 0.00 0.0 0 4.4 13 260 M M 2 128 17 260
27 75 59 67 4 0 2 0.00 0.0 0 5.1 12 250 M M 2 18 17 250
28 78 62 70 7 0 5 0.00 0.0 0 4.8 17 250 M M 2 18 20 250
29 72 60 66 3 0 1 0.00 0.0 0 5.3 17 260 M M 5 18 21 260
30 73 61 67 4 0 2 0.00 0.0 0 4.7 13 260 M M 7 18 19 230
================================================================================
SM 2103 1699 89 47 2.07 0.0 162.4 M 132
================================================================================
AV 70.1 56.6 5.4 FASTST M M 4 MAX(MPH)
MISC ----> # 20 270 # 27 260
================================================================================
NOTES:
# LAST OF SEVERAL OCCURRENCES
COLUMN 17 PEAK WIND IN M.P.H.
PRELIMINARY LOCAL CLIMATOLOGICAL DATA (WS FORM: F-6) , PAGE 2
STATION: HAWTHORNE AIRPORT CA
MONTH: APRIL
YEAR: 2020
LATITUDE: 33 55 N
LONGITUDE: 118 20 W
[TEMPERATURE DATA] [PRECIPITATION DATA] SYMBOLS USED IN COLUMN 16
AVERAGE MONTHLY: 63.4 TOTAL FOR MONTH: 2.07 1 = FOG OR MIST
DPTR FM NORMAL: 1.5 DPTR FM NORMAL: 1.30 2 = FOG REDUCING VISIBILITY
HIGHEST: 87 ON 25 GRTST 24HR 0.77 ON 9- 9 TO 1/4 MILE OR LESS
LOWEST: 50 ON 10, 9 3 = THUNDER
SNOW, ICE PELLETS, HAIL 4 = ICE PELLETS
TOTAL MONTH: 0.0 INCH 5 = HAIL
GRTST 24HR 0.0 6 = FREEZING RAIN OR DRIZZLE
GRTST DEPTH: 0 7 = DUSTSTORM OR SANDSTORM:
VSBY 1/2 MILE OR LESS
8 = SMOKE OR HAZE
[NO. OF DAYS WITH] [WEATHER - DAYS WITH] 9 = BLOWING SNOW
X = TORNADO
MAX 32 OR BELOW: 0 0.01 INCH OR MORE: 5
MAX 90 OR ABOVE: 0 0.10 INCH OR MORE: 4
MIN 32 OR BELOW: 0 0.50 INCH OR MORE: 2
MIN 0 OR BELOW: 0 1.00 INCH OR MORE: 0
[HDD (BASE 65) ]
TOTAL THIS MO. 89 CLEAR (SCALE 0-3) 14
DPTR FM NORMAL -25 PTCLDY (SCALE 4-7) 11
TOTAL FM JUL 1 886 CLOUDY (SCALE 8-10) 5
DPTR FM NORMAL -187
[CDD (BASE 65) ]
TOTAL THIS MO. 47
DPTR FM NORMAL 26 [PRESSURE DATA]
TOTAL FM JAN 1 76 HIGHEST SLP 30.17 ON 14
DPTR FM NORMAL 27 LOWEST SLP 29.82 ON 6
[REMARKS]
#FINAL-04-20#