000
CXUS56 KHNX 051520
CLMHJO
CLIMATE REPORT
NATIONAL WEATHER SERVICE
820 AM PDT SAT AUG 05 2023
...................................
...THE HANFORD CA AIRPORT CLIMATE SUMMARY FOR THE MONTH OF JULY 2023...
CLIMATE NORMAL PERIOD 1991 TO 2020
CLIMATE RECORD PERIOD 1898 TO 2023
WEATHER OBSERVED NORMAL DEPART LAST YEAR`S
VALUE DATE(S) VALUE FROM VALUE DATE(S)
NORMAL
................................................................
TEMPERATURE (F)
RECORD
HIGH 116 07/27/1933
LOW 44 07/15/1907
HIGHEST 109 07/01 MM 111 07/17
07/16
07/22
LOWEST 57 07/11 MM 58 07/03
MEAN 84.0 81.1 2.9
DAYS MAX >= 90 31 29.3 1.7 30
DAYS MIN <= 32 0 0.0 0.0 0
PRECIPITATION (INCHES)
RECORD
MAXIMUM 0.37 2015
MINIMUM 0.00 2022
TOTALS 0.00 0.02 -0.02
DAYS >= .01 0 0.2 -0.2 0
DAYS >= .10 0 0.1 -0.1 0
DAYS >= .50 0 0.0 0.0 0
DAYS >= 1.00 0 0.0 0.0 0
SNOWFALL (INCHES)
RECORDS
TOTAL 0.0
TOTALS 0.0 MM
DEGREE DAYS
HEATING TOTAL 0 0 0 0
SINCE 7/1 0 0 0 MM
COOLING TOTAL 597 499 98 591
SINCE 1/1 1158 1039 119 MM
................................................................
WIND (MPH)
AVERAGE WIND SPEED 6.3
HIGHEST WIND SPEED/DIRECTION 17/320 DATE 07/02
17/320 07/08
17/320 07/27
HIGHEST GUST SPEED/DIRECTION 25/300 DATE 07/29
AVERAGE RH (PERCENT) 43
WEATHER CONDITIONS. NUMBER OF DAYS WITH
THUNDERSTORM 0 RAIN 0
HAIL 0 FOG 1
FOG W/VIS <= 1/4 MILE 0 HAZE 5
- INDICATES NEGATIVE NUMBERS.
R INDICATES RECORD WAS SET OR TIED.
MM INDICATES DATA IS MISSING.
T INDICATES TRACE AMOUNT.
$$