000
CXUS52 KGSP 010817
CF6HKY
PRELIMINARY LOCAL CLIMATOLOGICAL DATA (WS FORM: F-6)
STATION: HICKORY NC
MONTH: OCTOBER
YEAR: 2022
LATITUDE: 35 45 N
LONGITUDE: 81 23 W
TEMPERATURE IN F: :PCPN: SNOW: WIND :SUNSHINE: SKY :PK WND
================================================================================
1 2 3 4 5 6A 6B 7 8 9 10 11 12 13 14 15 16 17 18
12Z AVG MX 2MIN
DY MAX MIN AVG DEP HDD CDD WTR SNW DPTH SPD SPD DIR MIN PSBL S-S WX SPD DR
================================================================================
1 64 52 58 -7 7 0 0.04 M M 5.8 10 320 M M 10 1 14 320
2 68 51 60 -5 5 0 0.00 M M 5.4 13 10 M M 9 19 360
3 72 54 63 -1 2 0 0.00 M M 4.5 12 80 M M 8 17 360
4 73 48 61 -3 4 0 0.00 M M 5.6 14 270 M M 0 19 350
5 77 48 63 -1 2 0 0.00 M M 5.5 12 300 M M 0 15 300
6 77 49 63 0 2 0 0.00 M M 1.9 9 230 M M 0 14 220
7 79 50 65 2 0 0 0.00 M M 4.3 13 260 M M 0 16 260
8 71 50 61 -1 4 0 0.00 M M 3.0 9 60 M M 2 12 60
9 65 45 55 -7 10 0 0.00 M M 2.1 9 200 M M 4 14 200
10 71 47 59 -3 6 0 0.00 M M 2.1 9 60 M M 2 12 13 50
11 71 46 59 -2 6 0 0.00 M M 1.5 7 190 M M 3 1 11 180
12 61 54 58 -3 7 0 0.64 M M 1.5 8 220 M M 10 13 9 230
13 77 57 67 6 0 2 0.02 M M 4.2 12 310 M M 7 1 16 210
14 69 41 55 -5 10 0 0.00 M M 2.4 13 200 M M 0 17 190
15 76 43 60 0 5 0 0.00 M M 4.0 13 190 M M 0 19 200
16 76 51 64 4 1 0 0.15 M M 2.5 15 20 M M 2 13 20 310
17 76 50 63 4 2 0 0.19 M M 6.4 17 290 M M 4 1 26 290
18 53 36 45 -14 20 0 0.00 M M 8.1 17 350 M M 0 30 360
19 57 34 46 -12 19 0 0.00 M M 3.6 14 310 M M 1 18 320
20 61 33 47 -11 18 0 0.00 M M 3.3 14 190 M M 0 19 180
21 66 35 51 -7 14 0 0.00 M M 0.9 7 150 M M 0 10 20
22 72 39 56 -1 9 0 0.00 M M 1.8 7 90 M M 0 9 310
23 73 41 57 0 8 0 0.00 M M 2.0 9 290 M M 0 11 300
24 76 43 60 3 5 0 0.00 M M 1.4 6 200 M M 0 9 300
25 73 43 58 2 7 0 0.00 M M 1.9 10 190 M M 0 1 15 200
26 67 49 58 2 7 0 0.07 M M 2.9 9 350 M M 7 1 14 10
27 68 40 54 -2 11 0 0.00 M M 3.5 13 50 M M 0 17 60
28 64 45 55 0 10 0 0.00 M M 4.8 12 60 M M 2 17 50
29 64 48 56 1 9 0 0.00 M M 4.9 12 50 M M 10 14 60
30 58 52 55 1 10 0 0.06 M M 2.6 9 60 M M 10 18 11 60
31 60 55 58 4 7 0 0.80 M M 1.5 6 360 M M 10 1 8 60
================================================================================
SM 2135 1429 227 2 1.97 M 105.9 M 101
================================================================================
AV 68.9 46.1 3.4 FASTST M M 3 MAX(MPH)
MISC ----> # 17 290 30 360
================================================================================
NOTES:
# LAST OF SEVERAL OCCURRENCES
COLUMN 17 PEAK WIND IN M.P.H.
PRELIMINARY LOCAL CLIMATOLOGICAL DATA (WS FORM: F-6) , PAGE 2
STATION: HICKORY NC
MONTH: OCTOBER
YEAR: 2022
LATITUDE: 35 45 N
LONGITUDE: 81 23 W
[TEMPERATURE DATA] [PRECIPITATION DATA] SYMBOLS USED IN COLUMN 16
AVERAGE MONTHLY: 57.5 TOTAL FOR MONTH: 1.97 1 = FOG OR MIST
DPTR FM NORMAL: -2.1 DPTR FM NORMAL: -1.52 2 = FOG REDUCING VISIBILITY
HIGHEST: 79 ON 7 GRTST 24HR 2.46 ON 30- 1 TO 1/4 MILE OR LESS
LOWEST: 33 ON 20 3 = THUNDER
SNOW, ICE PELLETS, HAIL 4 = ICE PELLETS
TOTAL MONTH: M 5 = HAIL
GRTST 24HR M ON M 6 = FREEZING RAIN OR DRIZZLE
GRTST DEPTH: M ON M 7 = DUSTSTORM OR SANDSTORM:
VSBY 1/2 MILE OR LESS
8 = SMOKE OR HAZE
[NO. OF DAYS WITH] [WEATHER - DAYS WITH] 9 = BLOWING SNOW
X = TORNADO
MAX 32 OR BELOW: 0 0.01 INCH OR MORE: 8
MAX 90 OR ABOVE: 0 0.10 INCH OR MORE: 4
MIN 32 OR BELOW: 0 0.50 INCH OR MORE: 2
MIN 0 OR BELOW: 0 1.00 INCH OR MORE: 0
[HDD (BASE 65) ]
TOTAL THIS MO. 227 CLEAR (SCALE 0-3) 20
DPTR FM NORMAL 29 PTCLDY (SCALE 4-7) 4
TOTAL FM JUL 1 259 CLOUDY (SCALE 8-10) 7
DPTR FM NORMAL 38
[CDD (BASE 65) ]
TOTAL THIS MO. 2
DPTR FM NORMAL -27 [PRESSURE DATA]
TOTAL FM JAN 1 1559 HIGHEST SLP 30.38 ON 29
DPTR FM NORMAL 166 LOWEST SLP 29.59 ON 17
[REMARKS]
#FINAL-10-22#