000
CXUS51 KPBZ 010830
CF6HLG
PRELIMINARY LOCAL CLIMATOLOGICAL DATA (WS FORM: F-6)
STATION: WHEELING WV
MONTH: NOVEMBER
YEAR: 2020
LATITUDE: 40 10 N
LONGITUDE: 80 39 W
TEMPERATURE IN F: :PCPN: SNOW: WIND :SUNSHINE: SKY :PK WND
================================================================================
1 2 3 4 5 6A 6B 7 8 9 10 11 12 13 14 15 16 17 18
12Z AVG MX 2MIN
DY MAX MIN AVG DEP HDD CDD WTR SNW DPTH SPD SPD DIR MIN PSBL S-S WX SPD DR
================================================================================
1 55 32 44 -4 21 0 T M M 17.4 33 260 M M 6 46 260
2 44 31 38 -10 27 0 T M M 14.1 22 250 M M 5 32 290
3 57 34 46 -2 19 0 0.00 M M 10.1 18 240 M M 0 25 240
4 68 45 57 10 8 0 0.00 M M 8.6 16 200 M M 0 21 180
5 69 50 60 13 5 0 0.00 M M 8.0 15 230 M M 0 20 210
6 70 48 59 13 6 0 0.00 M M 6.2 14 210 M M 0 19 210
7 73 41 57 11 8 0 0.00 M M 1.5 8 260 M M 0 12 240
8 77 43 60 14 5 0 0.00 M M 2.6 10 90 M M 0 13 100
9 76 47 62 16 3 0 0.00 M M 5.1 14 200 M M 0 21 210
10 78 60 69 24 0 4 0.00 M M 9.5 20 200 M M 0 24 210
11 69 46 58 13 7 0 0.51 M M 7.4 18 340 M M 8 1 25 190
12 54 39 47 3 18 0 0.00 M M 6.6 15 30 M M 2 19 360
13 54 32 43 -1 22 0 0.00 M M 6.9 18 280 M M 2 12 24 290
14 48 27 38 -6 27 0 0.00 M M 4.1 9 110 M M 1 12 M M
15 61 M M M M M 0.17 M M 19.0 29 250 M M 7 55 240
16 50 39 45 2 20 0 T M M 14.8 26 250 M M 1 39 240
17 45 32 39 -4 26 0 0.01 M M 11.6 25 310 M M 8 1 37 300
18 43 30 37 -5 28 0 0.00 M M 6.6 13 310 M M 4 17 300
19 64 34 49 7 16 0 0.00 M M 12.9 21 200 M M 0 29 200
20 64 53 59 17 6 0 0.00 M M 11.7 23 230 M M 3 31 230
21 56 41 49 8 16 0 0.09 M M 5.1 12 30 M M 9 1 14 30
22 61 39 50 9 15 0 0.43 M M 9.6 21 200 M M 8 1 29 200
23 42 33 38 -3 27 0 T M M 8.2 22 300 M M 8 1 30 300
24 41 25 33 -7 32 0 0.00 M M 5.3 13 110 M M 4 12 16 100
25 60 40 50 10 15 0 0.21 M M 10.0 17 190 M M 6 1 23 170
26 57 47 52 13 13 0 0.17 M M 9.7 21 210 M M 10 18 28 210
27 50 42 46 7 19 0 T M M 3.7 12 230 M M 9 1 15 230
28 46 35 41 2 24 0 0.00 M M 7.2 13 270 M M 3 18 18 290
29 54 30 42 4 23 0 0.00 M M 4.3 10 200 M M 0 12 190
30 48 33 41 3 24 0 0.28 M M 9.3 18 320 M M 9 1 25 330
================================================================================
SM 1734 1128 480 4 1.87 M 257.1 M 113
================================================================================
AV 57.8 38.9 8.6 FASTST M M 4 MAX(MPH)
MISC ----> 33 260 55 240
================================================================================
NOTES:
# LAST OF SEVERAL OCCURRENCES
COLUMN 17 PEAK WIND IN M.P.H.
PRELIMINARY LOCAL CLIMATOLOGICAL DATA (WS FORM: F-6) , PAGE 2
STATION: WHEELING WV
MONTH: NOVEMBER
YEAR: 2020
LATITUDE: 40 10 N
LONGITUDE: 80 39 W
[TEMPERATURE DATA] [PRECIPITATION DATA] SYMBOLS USED IN COLUMN 16
AVERAGE MONTHLY: 48.3 TOTAL FOR MONTH: 1.87 1 = FOG OR MIST
DPTR FM NORMAL: 5.1 DPTR FM NORMAL: -1.36 2 = FOG REDUCING VISIBILITY
HIGHEST: 78 ON 10 GRTST 24HR 0.51 ON 11-11 TO 1/4 MILE OR LESS
LOWEST: 25 ON 24 3 = THUNDER
SNOW, ICE PELLETS, HAIL 4 = ICE PELLETS
TOTAL MONTH: M 5 = HAIL
GRTST 24HR M ON M 6 = FREEZING RAIN OR DRIZZLE
GRTST DEPTH: M ON M 7 = DUSTSTORM OR SANDSTORM:
VSBY 1/2 MILE OR LESS
8 = SMOKE OR HAZE
[NO. OF DAYS WITH] [WEATHER - DAYS WITH] 9 = BLOWING SNOW
X = TORNADO
MAX 32 OR BELOW: 0 0.01 INCH OR MORE: 8
MAX 90 OR ABOVE: 0 0.10 INCH OR MORE: 6
MIN 32 OR BELOW: 8 0.50 INCH OR MORE: 1
MIN 0 OR BELOW: 0 1.00 INCH OR MORE: 0
[HDD (BASE 65) ]
TOTAL THIS MO. 480 CLEAR (SCALE 0-3) 15
DPTR FM NORMAL -174 PTCLDY (SCALE 4-7) 9
TOTAL FM JUL 1 874 CLOUDY (SCALE 8-10) 6
DPTR FM NORMAL -254
[CDD (BASE 65) ]
TOTAL THIS MO. 4
DPTR FM NORMAL 4 [PRESSURE DATA]
TOTAL FM JAN 1 1035 HIGHEST SLP 30.63 ON 18
DPTR FM NORMAL 346 LOWEST SLP 29.43 ON 30
[REMARKS]
#FINAL-11-20#