000
CXHW50 PHFO 011250
CF6HNL
PRELIMINARY LOCAL CLIMATOLOGICAL DATA (WS FORM: F-6)
STATION: HONOLULU HI
MONTH: DECEMBER
YEAR: 2021
LATITUDE: 21 21 N
LONGITUDE: 157 56 W
TEMPERATURE IN F: :PCPN: SNOW: WIND :SUNSHINE: SKY :PK WND
================================================================================
1 2 3 4 5 6A 6B 7 8 9 10 11 12 13 14 15 16 17 18
12Z AVG MX 2MIN
DY MAX MIN AVG DEP HDD CDD WTR SNW DPTH SPD SPD DIR MIN PSBL S-S WX SPD DR
================================================================================
1 86 71 79 2 0 14 T M M 8.4 22 70 M M 4 25 70
2 82 68 75 -2 0 10 T M M 4.7 14 260 M M 5 17 280
3 77 63 70 -7 0 5 0.16 M M 9.2 26 330 M M 6 1 34 320
4 M M M M M M 0.11 M M 5.4 24 230 M M 6 1 30 230
5 M M M M M M 0.44 M M 9.4 31 160 M M 7 1 41 160
6 76 M M M M M 7.92 M M 13.1 26 160 M M 9 1 38 160
7 77 M M M M M 0.92 M M 8.8 21 80 M M 9 27 80
8 83 66 75 -1 0 10 0.00 M M 10.7 21 80 M M 6 26 60
9 83 70 77 1 0 12 T M M 11.7 23 80 M M 5 30 60
10 83 73 78 2 0 13 T M M 13.0 23 60 M M 6 30 50
11 83 73 78 2 0 13 T M M 15.2 24 70 M M 4 30 50
12 83 72 78 2 0 13 T M M 13.8 25 70 M M 5 33 70
13 83 72 78 2 0 13 0.02 M M 13.7 81 40 M M 3 81 40
14 81 71 76 0 0 11 0.10 M M 11.8 22 80 M M 6 27 80
15 83 68 76 0 0 11 T M M 6.9 17 70 M M 4 22 70
16 83 68 76 0 0 11 0.00 M M 6.5 17 50 M M 4 23 50
17 82 70 76 1 0 11 0.01 M M 6.1 16 150 M M 4 21 10
18 83 68 76 1 0 11 T M M 10.0 24 70 M M 3 34 60
19 81 71 76 1 0 11 0.04 M M 12.8 25 60 M M 4 30 60
20 82 71 77 2 0 12 0.00 M M 13.8 24 80 M M 4 34 80
21 79 71 75 0 0 10 0.01 M M 13.0 23 70 M M 5 29 80
22 80 70 75 0 0 10 0.00 M M 14.9 26 60 M M 4 34 60
23 81 70 76 1 0 11 0.00 M M 15.1 26 60 M M 3 32 60
24 80 69 75 0 0 10 0.02 M M 12.1 22 60 M M 5 25 70
25 80 67 74 -1 0 9 T M M 9.6 21 50 M M 4 26 60
26 79 67 73 -2 0 8 0.00 M M 9.3 18 70 M M 6 26 80
27 82 70 76 2 0 11 0.00 M M 11.3 22 60 M M 4 8 26 80
28 81 70 76 2 0 11 0.00 M M 12.8 23 70 M M 6 30 80
29 82 72 77 3 0 12 0.05 M M 12.3 22 50 M M 5 1 29 60
30 78 70 74 0 0 9 0.56 M M 6.6 18 170 M M 7 1 26 100
31 78 70 74 0 0 9 0.84 M M 9.2 23 150 M M 8 1 31 160
================================================================================
SM 2351 1881 0 291 11.20 M 331.2 M 161
================================================================================
AV 81.1 69.7 10.7 FASTST M M 5 MAX(MPH)
MISC ----> 81 40 81 40
================================================================================
NOTES:
# LAST OF SEVERAL OCCURRENCES
COLUMN 17 PEAK WIND IN M.P.H.
PRELIMINARY LOCAL CLIMATOLOGICAL DATA (WS FORM: F-6) , PAGE 2
STATION: HONOLULU HI
MONTH: DECEMBER
YEAR: 2021
LATITUDE: 21 21 N
LONGITUDE: 157 56 W
[TEMPERATURE DATA] [PRECIPITATION DATA] SYMBOLS USED IN COLUMN 16
AVERAGE MONTHLY: 75.4 TOTAL FOR MONTH: 11.20 1 = FOG OR MIST
DPTR FM NORMAL: -0.1 DPTR FM NORMAL: 9.02 2 = FOG REDUCING VISIBILITY
HIGHEST: 86 ON 1 GRTST 24HR 8.79 ON 6- 7 TO 1/4 MILE OR LESS
LOWEST: 63 ON 3 3 = THUNDER
SNOW, ICE PELLETS, HAIL 4 = ICE PELLETS
TOTAL MONTH: M 5 = HAIL
GRTST 24HR M ON M 6 = FREEZING RAIN OR DRIZZLE
GRTST DEPTH: M ON M 7 = DUSTSTORM OR SANDSTORM:
VSBY 1/2 MILE OR LESS
8 = SMOKE OR HAZE
[NO. OF DAYS WITH] [WEATHER - DAYS WITH] 9 = BLOWING SNOW
X = TORNADO
MAX 32 OR BELOW: 0 0.01 INCH OR MORE: 14
MAX 90 OR ABOVE: 0 0.10 INCH OR MORE: 8
MIN 32 OR BELOW: 0 0.50 INCH OR MORE: 4
MIN 0 OR BELOW: 0 1.00 INCH OR MORE: 1
[HDD (BASE 65) ]
TOTAL THIS MO. 0 CLEAR (SCALE 0-3) 2
DPTR FM NORMAL 0 PTCLDY (SCALE 4-7) 27
TOTAL FM JUL 1 0 CLOUDY (SCALE 8-10) 2
DPTR FM NORMAL 0
[CDD (BASE 65) ]
TOTAL THIS MO. 291
DPTR FM NORMAL -35 [PRESSURE DATA]
TOTAL FM JAN 1 4933 HIGHEST SLP 30.13 ON 9
DPTR FM NORMAL 167 LOWEST SLP 29.64 ON 4
[REMARKS]
#FINAL-12-21#