000
CXUS53 KFSD 011829
CF6HON
PRELIMINARY LOCAL CLIMATOLOGICAL DATA (WS FORM: F-6)
STATION: HURON
MONTH: SEPTEMBER
YEAR: 2023
LATITUDE: 44 22 N
LONGITUDE: 98 13 W
TEMPERATURE IN F: :PCPN: SNOW: WIND :SUNSHINE: SKY :PK WND
================================================================================
1 2 3 4 5 6A 6B 7 8 9 10 11 12 13 14 15 16 17 18
12Z AVG MX 2MIN
DY MAX MIN AVG DEP HDD CDD WTR SNW DPTH SPD SPD DIR MIN PSBL S-S WX SPD DR
================================================================================
1 93 65 79 11 0 14 T 0.0 0 10.8 25 170 M M 0 34 180
2 102 68 85 17 0 20 0.00 0.0 0 8.2 17 160 M M 0 23 170
3 103 61 82 15 0 17 0.00 0.0 0 5.5 13 110 M M 0 17 120
4 102 70 86 19 0 21 T 0.0 0 13.4 26 270 M M 0 35 270
5 82 55 69 2 0 4 0.02 0.0 0 13.8 35 340 M M 5 13 45 350
6 74 49 62 -4 3 0 0.00 0.0 0 8.5 17 360 M M 0 18 24 360
7 71 48 60 -6 5 0 0.06 0.0 0 6.6 17 150 M M 1 18 25 160
8 88 50 69 3 0 4 0.00 0.0 0 3.9 9 40 M M 0 18 13 30
9 76 54 65 0 0 0 0.05 0.0 0 8.5 18 50 M M 4 18 25 350
10 76 50 63 -2 2 0 0.00 0.0 0 5.7 14 70 M M 2 20 70
11 79 41 60 -5 5 0 0.00 0.0 0 4.6 12 330 M M 2 1 16 320
12 77 46 62 -2 3 0 0.00 0.0 0 6.0 14 70 M M 2 1 19 80
13 85 50 68 4 0 3 0.00 0.0 0 10.6 18 170 M M 2 30 160
14 85 56 71 7 0 6 T 0.0 0 9.7 21 290 M M 3 27 200
15 79 48 64 1 1 0 0.00 0.0 0 6.6 17 340 M M 2 24 340
16 75 43 59 -4 6 0 0.00 0.0 0 6.2 17 350 M M 1 18 24 310
17 77 38 58 -4 7 0 0.00 0.0 0 4.5 12 180 M M 2 12 16 120
18 86 57 72 10 0 7 0.00 0.0 0 7.8 14 160 M M 0 8 24 150
19 93 50 72 11 0 7 0.00 0.0 0 6.2 14 160 M M 0 1 20 140
20 89 56 73 12 0 8 0.00 0.0 0 6.6 15 160 M M 0 1 23 120
21 71 63 67 7 0 2 0.09 0.0 0 9.7 16 150 M M 4 23 110
22 75 58 67 7 0 2 0.69 0.0 0 7.8 18 80 M M 7 13 26 320
23 69 54 62 2 3 0 0.69 0.0 0 7.3 21 280 M M 8 13 26 290
24 66 55 61 2 4 0 0.41 0.0 0 9.2 17 310 M M 9 1 24 290
25 73 51 62 3 3 0 0.00 0.0 0 8.1 15 340 M M 7 20 360
26 70 48 59 1 6 0 0.00 0.0 0 4.7 13 70 M M 8 12 16 60
27 74 54 64 6 1 0 0.00 0.0 0 8.0 16 170 M M 4 1 22 170
28 83 57 70 13 0 5 0.00 0.0 0 12.5 26 180 M M 0 37 180
29 77 56 67 10 0 2 0.01 0.0 0 6.5 20 20 M M 2 13 26 30
30 88 51 70 14 0 5 0.00 0.0 0 9.2 20 120 M M 2 12 27 160
================================================================================
SM 2438 1602 49 127 2.02 0.0 236.7 M 77
================================================================================
AV 81.3 53.4 7.9 FASTST M M 3 MAX(MPH)
MISC ----> 35 340 45 350
================================================================================
NOTES:
# LAST OF SEVERAL OCCURRENCES
-COLUMN 17 PEAK WIND IN M.P.H.
-PRECIPITATION AMOUNTS IN COLUMNS 7,8 AND 9 ARE THE OFFICIAL
PRECIPITATION AMOUNTS FOR HURON, SD.
-SNOW DEPTH IN COLUMN 9 IS RECORDED AT 6 AM CST (12Z).
PRELIMINARY LOCAL CLIMATOLOGICAL DATA (WS FORM: F-6) , PAGE 2
STATION: HURON
MONTH: SEPTEMBER
YEAR: 2023
LATITUDE: 44 22 N
LONGITUDE: 98 13 W
[TEMPERATURE DATA] [PRECIPITATION DATA] SYMBOLS USED IN COLUMN 16
AVERAGE MONTHLY: 67.3 TOTAL FOR MONTH: 2.02 1 = FOG OR MIST
DPTR FM NORMAL: 4.7 DPTR FM NORMAL: -0.41 2 = FOG REDUCING VISIBILITY
HIGHEST: 103 ON 3 GRTST 24HR 1.34 ON 22-23 TO 1/4 MILE OR LESS
LOWEST: 38 ON 17 3 = THUNDER
SNOW, ICE PELLETS, HAIL 4 = ICE PELLETS
TOTAL MONTH: 0.0 INCH 5 = HAIL
GRTST 24HR 0.0 6 = FREEZING RAIN OR DRIZZLE
GRTST DEPTH: 0 7 = DUSTSTORM OR SANDSTORM:
VSBY 1/2 MILE OR LESS
8 = SMOKE OR HAZE
[NO. OF DAYS WITH] [WEATHER - DAYS WITH] 9 = BLOWING SNOW
X = TORNADO
MAX 32 OR BELOW: 0 0.01 INCH OR MORE: 8
MAX 90 OR ABOVE: 5 0.10 INCH OR MORE: 3
MIN 32 OR BELOW: 0 0.50 INCH OR MORE: 2
MIN 0 OR BELOW: 0 1.00 INCH OR MORE: 0
[HDD (BASE 65) ]
TOTAL THIS MO. 49 CLEAR (SCALE 0-3) 21
DPTR FM NORMAL -101 PTCLDY (SCALE 4-7) 7
TOTAL FM JUL 1 59 CLOUDY (SCALE 8-10) 2
DPTR FM NORMAL -116
[CDD (BASE 65) ]
TOTAL THIS MO. 127
DPTR FM NORMAL 50 [PRESSURE DATA]
TOTAL FM JAN 1 1006 HIGHEST SLP 30.29 ON 10
DPTR FM NORMAL 259 LOWEST SLP 29.44 ON 4
[REMARKS]
RECORD HIGH DAILY MAXIMUM TEMPERATURE WAS SET ON THE 3RD WITH 103 DEGREES.
THE PREVIOUS RECORD WAS 102 DEGREES IN 1893.
RECORD HIGH DAILY MINIMUM TEMPERATURE WAS TIED ON THE 4TH WITH 70 DEGREES.
THE READING WAS PREVIOUSLY ATTAINED IN 1912 AND 2015.
RECORD HIGH DAILY MAXIMUM TEMPERATURE WAS SET ON THE 4TH WITH 102 DEGREES.
THE PREVIOUS RECORD WAS 100 DEGREES IN 1913, 1931 AND 2001.
#FINAL-09-23#