000
CXUS54 KLZK 011130
CF6HOT
PRELIMINARY LOCAL CLIMATOLOGICAL DATA (WS FORM: F-6)
STATION: Hot Springs Memorial Field
MONTH: JUNE
YEAR: 2020
LATITUDE: 34 28 N
LONGITUDE: 93 6 W
TEMPERATURE IN F: :PCPN: SNOW: WIND :SUNSHINE: SKY :PK WND
================================================================================
1 2 3 4 5 6A 6B 7 8 9 10 11 12 13 14 15 16 17 18
12Z AVG MX 2MIN
DY MAX MIN AVG DEP HDD CDD WTR SNW DPTH SPD SPD DIR MIN PSBL S-S WX SPD DR
================================================================================
1 85 59 72 -3 0 7 0.00 M M 2.3 10 90 M M 0 14 140
2 86 63 75 0 0 10 0.00 M M 2.3 9 230 M M 0 8 12 230
3 88 67 78 2 0 13 T M M 3.4 12 250 M M 3 13 15 250
4 90 73 82 6 0 17 T M M 3.6 13 240 M M 2 1 15 250
5 95 69 82 6 0 17 0.09 M M 5.0 30 70 M M 2 13 38 60
6 92 68 80 4 0 15 0.00 M M 5.9 15 80 M M 1 21 80
7 94 70 82 5 0 17 0.00 M M 7.5 21 60 M M 0 27 80
8 83 73 78 1 0 13 2.49 M M 9.4 16 360 M M 6 1 27 10
9 92 73 83 6 0 18 T M M 8.3 20 220 M M 6 3 31 230
10 81 63 72 -6 0 7 0.00 M M 8.1 18 300 M M 2 32 320
11 87 59 73 -5 0 8 0.00 M M 2.9 12 50 M M 0 17 40
12 90 60 75 -3 0 10 0.00 M M 1.9 9 20 M M 0 12 70
13 92 65 79 1 0 14 0.00 M M 1.9 8 120 M M 1 11 200
14 91 71 81 3 0 16 0.00 M M 2.9 10 120 M M 2 14 130
15 92 67 80 1 0 15 0.00 M M 2.8 9 90 M M 1 13 120
16 86 70 78 -1 0 13 0.00 M M 5.3 10 100 M M 1 14 90
17 88 65 77 -2 0 12 0.00 M M 2.8 10 150 M M 2 14 140
18 90 65 78 -1 0 13 0.00 M M 4.2 12 230 M M 1 15 130
19 92 70 81 2 0 16 0.00 M M 4.8 12 220 M M 1 16 230
20 84 72 78 -2 0 13 0.26 M M 3.7 13 180 M M 5 1 20 200
21 83 70 77 -3 0 12 1.38 M M 3.0 29 240 M M 7 1238 41 240
22 87 70 79 -1 0 14 0.94 M M 5.0 12 250 M M 5 13 16 170
23 84 69 77 -3 0 12 0.34 M M 3.0 24 210 M M 2 13 33 200
24 88 67 78 -2 0 13 0.00 M M 4.4 14 70 M M 3 1 18 70
25 89 64 77 -3 0 12 0.00 M M 4.2 13 90 M M 2 18 120
26 83 71 77 -4 0 12 0.08 M M 6.5 18 190 M M 8 13 26 190
27 90 74 82 1 0 17 T M M 7.1 15 190 M M 5 3 22 190
28 91 75 83 2 0 18 0.25 M M 6.9 17 150 M M 3 13 25 150
29 82 72 77 -4 0 12 3.44 M M 5.8 21 350 M M 6 123 32 350
30 91 78 85 4 0 20 0.00 M M 8.0 17 230 M M 7 24 230
================================================================================
SM 2646 2052 0 406 9.27 M 142.9 M 84
================================================================================
AV 88.2 68.4 4.8 FASTST M M 3 MAX(MPH)
MISC ----> # 30 70 # 41 240
================================================================================
NOTES:
# LAST OF SEVERAL OCCURRENCES
COLUMN 17 PEAK WIND IN M.P.H.
PRELIMINARY LOCAL CLIMATOLOGICAL DATA (WS FORM: F-6) , PAGE 2
STATION: Hot Springs Memorial Field
MONTH: JUNE
YEAR: 2020
LATITUDE: 34 28 N
LONGITUDE: 93 6 W
[TEMPERATURE DATA] [PRECIPITATION DATA] SYMBOLS USED IN COLUMN 16
AVERAGE MONTHLY: 78.3 TOTAL FOR MONTH: 9.27 1 = FOG OR MIST
DPTR FM NORMAL: -0.2 DPTR FM NORMAL: 4.55 2 = FOG REDUCING VISIBILITY
HIGHEST: 95 ON 5 GRTST 24HR 3.44 ON 29-29 TO 1/4 MILE OR LESS
LOWEST: 59 ON 11, 1 3 = THUNDER
SNOW, ICE PELLETS, HAIL 4 = ICE PELLETS
TOTAL MONTH: M 5 = HAIL
GRTST 24HR M ON M 6 = FREEZING RAIN OR DRIZZLE
GRTST DEPTH: M ON M 7 = DUSTSTORM OR SANDSTORM:
VSBY 1/2 MILE OR LESS
8 = SMOKE OR HAZE
[NO. OF DAYS WITH] [WEATHER - DAYS WITH] 9 = BLOWING SNOW
X = TORNADO
MAX 32 OR BELOW: 0 0.01 INCH OR MORE: 9
MAX 90 OR ABOVE: 14 0.10 INCH OR MORE: 7
MIN 32 OR BELOW: 0 0.50 INCH OR MORE: 4
MIN 0 OR BELOW: 0 1.00 INCH OR MORE: 3
[HDD (BASE 65) ]
TOTAL THIS MO. 0 CLEAR (SCALE 0-3) 19
DPTR FM NORMAL 0 PTCLDY (SCALE 4-7) 11
TOTAL FM JUL 1 2660 CLOUDY (SCALE 8-10) 0
DPTR FM NORMAL -275
[CDD (BASE 65) ]
TOTAL THIS MO. 406
DPTR FM NORMAL 1 [PRESSURE DATA]
TOTAL FM JAN 1 643 HIGHEST SLP 30.31 ON 12
DPTR FM NORMAL -42 LOWEST SLP 29.43 ON 8
[REMARKS]
#FINAL-06-20#