646
CXUS54 KHGX 011515
CF6HOU
PRELIMINARY LOCAL CLIMATOLOGICAL DATA (WS FORM: F-6)
STATION: HOUSTON/HOBBY AIRPORT
MONTH: JULY
YEAR: 2020
LATITUDE: 29 38 N
LONGITUDE: 95 17 W
TEMPERATURE IN F: :PCPN: SNOW: WIND :SUNSHINE: SKY :PK WND
================================================================================
1 2 3 4 5 6A 6B 7 8 9 10 11 12 13 14 15 16 17 18
12Z AVG MX 2MIN
DY MAX MIN AVG DEP HDD CDD WTR SNW DPTH SPD SPD DIR MIN PSBL S-S WX SPD DR
================================================================================
1 94 81 88 5 0 23 0.00 0.0 0 11.2 21 200 M M 6 25 200
2 96 80 88 5 0 23 0.00 0.0 0 8.4 14 180 M M 5 17 210
3 96 78 87 4 0 22 T 0.0 0 6.4 30 50 M M 6 38 50
4 96 76 86 3 0 21 0.00 0.0 0 5.3 14 200 M M 5 18 260
5 95 78 87 4 0 22 0.00 0.0 0 8.1 17 190 M M 5 21 200
6 95 82 89 5 0 24 T 0.0 0 9.4 17 210 M M 8 20 200
7 94 81 88 4 0 23 0.02 0.0 0 9.0 17 210 M M 7 21 220
8 96 81 89 5 0 24 0.00 0.0 0 10.4 20 190 M M 4 24 210
9 96 81 89 5 0 24 0.00 0.0 0 10.4 20 160 M M 3 1 25 180
10 98 80 89 5 0 24 0.00 0.0 0 7.5 18 150 M M 3 23 150
11 98 80 89 5 0 24 0.00 0.0 0 6.9 16 170 M M 4 20 180
12 97 78 88 4 0 23 0.00 0.0 0 7.7 16 240 M M 5 20 250
13 99 81 90 6 0 25 0.00 0.0 0 8.6 20 190 M M 4 23 190
14 97 79 88 4 0 23 0.00 0.0 0 9.4 20 180 M M 2 24 190
15 97 80 89 5 0 24 0.00 0.0 0 10.0 21 170 M M 4 24 210
16 99 80 90 6 0 25 0.00 0.0 0 6.7 20 160 M M 5 24 120
17 90 76 83 -1 0 18 0.95 0.0 0 6.3 23 90 M M 5 13 29 80
18 93 78 86 2 0 21 T 0.0 0 7.5 17 120 M M 5 24 140
19 93 79 86 2 0 21 0.00 0.0 0 5.8 20 110 M M 6 3 23 110
20 88 79 84 0 0 19 0.16 0.0 0 8.0 22 120 M M 6 138 26 120
21 88 76 82 -2 0 17 1.41 0.0 0 7.7 24 100 M M 8 13 31 100
22 90 80 85 1 0 20 0.25 0.0 0 4.9 24 110 M M 5 13 27 100
23 96 78 87 3 0 22 0.00 0.0 0 8.6 20 80 M M 4 24 80
24 92 80 86 2 0 21 0.34 0.0 0 14.4 28 70 M M 7 138 34 60
25 87 76 82 -2 0 17 2.87 0.0 0 13.3 30 140 M M 9 138 36 160
26 91 79 85 1 0 20 0.01 0.0 0 10.9 24 80 M M 7 3 29 100
27 92 78 85 1 0 20 T 0.0 0 6.8 16 210 M M 7 3 20 190
28 86 75 81 -3 0 16 0.73 0.0 0 4.4 18 220 M M 6 138 22 230
29 90 75 83 -1 0 18 0.56 0.0 0 6.1 24 190 M M 6 1 29 200
30 94 79 87 3 0 22 0.00 0.0 0 9.8 18 190 M M 5 1 24 180
31 95 79 87 3 0 22 0.06 0.0 0 9.9 20 260 M M 6 3 24 260
================================================================================
SM 2908 2443 0 668 7.36 0.0 259.8 M 168
================================================================================
AV 93.8 78.8 8.4 FASTST M M 5 MAX(MPH)
MISC ----> # 30 50 # 38 50
================================================================================
NOTES:
# LAST OF SEVERAL OCCURRENCES
COLUMN 17 PEAK WIND IN M.P.H.
PRELIMINARY LOCAL CLIMATOLOGICAL DATA (WS FORM: F-6) , PAGE 2
STATION: HOUSTON/HOBBY AIRPORT
MONTH: JULY
YEAR: 2020
LATITUDE: 29 38 N
LONGITUDE: 95 17 W
[TEMPERATURE DATA] [PRECIPITATION DATA] SYMBOLS USED IN COLUMN 16
AVERAGE MONTHLY: 86.3 TOTAL FOR MONTH: 7.36 1 = FOG OR MIST
DPTR FM NORMAL: 2.5 DPTR FM NORMAL: 2.70 2 = FOG REDUCING VISIBILITY
HIGHEST: 99 ON 16,13 GRTST 24HR 2.87 ON 25-25 TO 1/4 MILE OR LESS
LOWEST: 75 ON 29,28 3 = THUNDER
SNOW, ICE PELLETS, HAIL 4 = ICE PELLETS
TOTAL MONTH: 0.0 INCH 5 = HAIL
GRTST 24HR 0.0 6 = FREEZING RAIN OR DRIZZLE
GRTST DEPTH: 0 7 = DUSTSTORM OR SANDSTORM:
VSBY 1/2 MILE OR LESS
8 = SMOKE OR HAZE
[NO. OF DAYS WITH] [WEATHER - DAYS WITH] 9 = BLOWING SNOW
X = TORNADO
MAX 32 OR BELOW: 0 0.01 INCH OR MORE: 11
MAX 90 OR ABOVE: 27 0.10 INCH OR MORE: 8
MIN 32 OR BELOW: 0 0.50 INCH OR MORE: 5
MIN 0 OR BELOW: 0 1.00 INCH OR MORE: 2
[HDD (BASE 65) ]
TOTAL THIS MO. 0 CLEAR (SCALE 0-3) 3
DPTR FM NORMAL 0 PTCLDY (SCALE 4-7) 27
TOTAL FM JUL 1 0 CLOUDY (SCALE 8-10) 1
DPTR FM NORMAL 0
[CDD (BASE 65) ]
TOTAL THIS MO. 668
DPTR FM NORMAL 85 [PRESSURE DATA]
TOTAL FM JAN 1 2213 HIGHEST SLP 30.12 ON 17
DPTR FM NORMAL 466 LOWEST SLP 29.81 ON 5
[REMARKS]
#FINAL-07-20#