000
CXUS52 KMHX 290052
CF6HSE
PRELIMINARY LOCAL CLIMATOLOGICAL DATA (WS FORM: F-6)
STATION: CAPE HATTERAS NC
MONTH: FEBRUARY
YEAR: 2021
LATITUDE: 35 13 N
LONGITUDE: 75 37 W
TEMPERATURE IN F: :PCPN: SNOW: WIND :SUNSHINE: SKY :PK WND
================================================================================
1 2 3 4 5 6A 6B 7 8 9 10 11 12 13 14 15 16 17 18
12Z AVG MX 2MIN
DY MAX MIN AVG DEP HDD CDD WTR SNW DPTH SPD SPD DIR MIN PSBL S-S WX SPD DR
================================================================================
1 54 35 45 -1 20 0 0.21 0.0 0 8.1 13 310 M M 10 1 20 310
2 41 35 38 -8 27 0 T 0.0 0 11.1 18 310 M M 10 30 300
3 46 36 41 -5 24 0 0.00 0.0 0 11.0 18 300 M M 2 28 300
4 50 37 44 -2 21 0 0.00 0.0 0 7.3 12 220 M M 0 18 320
5 58 48 53 7 12 0 0.12 0.0 0 9.0 24 250 M M 8 18 36 260
6 51 44 48 2 17 0 0.06 0.0 0 5.5 14 70 M M 7 1 24 50
7 51 40 46 0 19 0 0.68 0.0 0 9.6 20 310 M M 8 1 35 60
8 49 36 43 -3 22 0 0.00 0.0 0 6.5 14 20 M M 0 21 20
9 63 47 55 9 10 0 0.02 0.0 0 4.9 18 180 M M 7 128 27 170
10 53 44 49 3 16 0 0.00 0.0 0 9.5 15 30 M M 6 1 23 40
11 57 45 51 5 14 0 0.24 0.0 0 7.7 15 30 M M 10 1 23 30
12 48 45 47 1 18 0 0.39 0.0 0 11.0 20 50 M M 10 1 33 30
13 51 44 48 2 17 0 0.79 0.0 0 8.8 15 20 M M 10 1 26 10
14 49 41 45 -2 20 0 1.20 0.0 0 10.9 17 20 M M 10 1 32 10
15 50 43 47 0 18 0 T 0.0 0 7.7 16 20 M M 10 1 28 10
16 62 49 56 9 9 0 0.14 0.0 0 12.7 25 220 M M 6 1238 41 210
17 51 40 46 -1 19 0 0.02 0.0 0 11.8 17 30 M M 5 1 30 40
18 50 43 47 0 18 0 0.55 0.0 0 9.2 16 40 M M 10 13 25 360
19 44 39 42 -5 23 0 1.45 0.0 0 8.4 15 330 M M 10 1 24 330
20 43 36 40 -7 25 0 0.00 0.0 0 7.8 14 320 M M 3 24 10
21 40 30 35 -12 30 0 0.00 0.0 0 7.8 15 30 M M 0 23 30
22 57 36 47 0 18 0 0.40 0.0 0 11.6 23 190 M M 5 18 35 260
23 55 43 49 1 16 0 0.00 0.0 0 8.6 17 240 M M 0 12 26 210
24 62 40 51 3 14 0 0.00 0.0 0 6.4 13 240 M M 0 8 18 230
25 59 46 53 5 12 0 0.00 0.0 0 9.2 15 40 M M 2 26 40
26 60 47 54 6 11 0 0.13 0.0 0 12.4 26 130 M M 7 1 33 130
27 63 55 59 11 6 0 0.22 0.0 0 8.6 20 140 M M 4 1 27 140
28 69 53 61 13 4 0 T 0.0 0 8.3 18 230 M M 6 1 25 230
================================================================================
SM 1486 1177 480 0 6.62 0.0 251.4 M 166
================================================================================
AV 53.1 42.0 9.0 FASTST M M 6 MAX(MPH)
MISC ----> 26 130 41 210
================================================================================
NOTES:
# LAST OF SEVERAL OCCURRENCES
COLUMN 17 PEAK WIND IN M.P.H.
PRELIMINARY LOCAL CLIMATOLOGICAL DATA (WS FORM: F-6) , PAGE 2
STATION: CAPE HATTERAS NC
MONTH: FEBRUARY
YEAR: 2021
LATITUDE: 35 13 N
LONGITUDE: 75 37 W
[TEMPERATURE DATA] [PRECIPITATION DATA] SYMBOLS USED IN COLUMN 16
AVERAGE MONTHLY: 47.6 TOTAL FOR MONTH: 6.62 1 = FOG OR MIST
DPTR FM NORMAL: 0.8 DPTR FM NORMAL: 2.60 2 = FOG REDUCING VISIBILITY
HIGHEST: 69 ON 28 GRTST 24HR 1.94 ON 31- 1 TO 1/4 MILE OR LESS
LOWEST: 30 ON 21 3 = THUNDER
SNOW, ICE PELLETS, HAIL 4 = ICE PELLETS
TOTAL MONTH: 0.0 INCH 5 = HAIL
GRTST 24HR 0.0 6 = FREEZING RAIN OR DRIZZLE
GRTST DEPTH: 0 7 = DUSTSTORM OR SANDSTORM:
VSBY 1/2 MILE OR LESS
8 = SMOKE OR HAZE
[NO. OF DAYS WITH] [WEATHER - DAYS WITH] 9 = BLOWING SNOW
X = TORNADO
MAX 32 OR BELOW: 0 0.01 INCH OR MORE: 16
MAX 90 OR ABOVE: 0 0.10 INCH OR MORE: 13
MIN 32 OR BELOW: 1 0.50 INCH OR MORE: 5
MIN 0 OR BELOW: 0 1.00 INCH OR MORE: 2
[HDD (BASE 65) ]
TOTAL THIS MO. 480 CLEAR (SCALE 0-3) 7
DPTR FM NORMAL -31 PTCLDY (SCALE 4-7) 12
TOTAL FM JUL 1 1632 CLOUDY (SCALE 8-10) 9
DPTR FM NORMAL -292
[CDD (BASE 65) ]
TOTAL THIS MO. 0
DPTR FM NORMAL 0 [PRESSURE DATA]
TOTAL FM JAN 1 0 HIGHEST SLP 30.62 ON 21
DPTR FM NORMAL 0 LOWEST SLP 29.54 ON 2
[REMARKS]
#FINAL-02-21#