000
CXUS52 KMHX 021630
CF6HSE
PRELIMINARY LOCAL CLIMATOLOGICAL DATA (WS FORM: F-6)
STATION: CAPE HATTERAS NC
MONTH: OCTOBER
YEAR: 2020
LATITUDE: 35 13 N
LONGITUDE: 75 37 W
TEMPERATURE IN F: :PCPN: SNOW: WIND :SUNSHINE: SKY :PK WND
================================================================================
1 2 3 4 5 6A 6B 7 8 9 10 11 12 13 14 15 16 17 18
12Z AVG MX 2MIN
DY MAX MIN AVG DEP HDD CDD WTR SNW DPTH SPD SPD DIR MIN PSBL S-S WX SPD DR
================================================================================
1 77 59 68 -2 0 3 0.00 0.0 0 6.3 12 210 M M 0 15 200
2 74 66 70 0 0 5 0.00 0.0 0 8.7 14 30 M M 5 24 20
3 71 64 68 -2 0 3 0.01 0.0 0 9.2 14 30 M M 9 22 30
4 68 65 67 -2 0 2 0.74 0.0 0 8.8 17 50 M M 10 1 27 40
5 72 61 67 -2 0 2 0.00 0.0 0 6.3 12 30 M M 0 17 360
6 73 58 66 -3 0 1 0.00 0.0 0 4.6 9 30 M M 1 14 10
7 79 58 69 1 0 4 0.00 0.0 0 6.9 16 240 M M 1 23 250
8 79 66 73 5 0 8 0.00 0.0 0 6.1 10 20 M M 0 18 280
9 75 63 69 1 0 4 0.00 0.0 0 5.9 13 160 M M 4 16 160
10 82 74 78 10 0 13 T 0.0 0 9.0 14 180 M M 5 18 190
11 77 72 75 8 0 10 0.48 0.0 0 14.9 29 120 M M 7 1 37 120
12 82 73 78 11 0 13 0.77 0.0 0 6.5 28 170 M M 4 12 37 170
13 77 68 73 6 0 8 0.01 0.0 0 5.5 12 40 M M 7 1 21 30
14 73 55 64 -2 1 0 0.00 0.0 0 5.7 12 30 M M 1 18 10
15 82 59 71 5 0 6 0.00 0.0 0 8.9 15 170 M M 1 20 180
16 83 62 73 7 0 8 T 0.0 0 8.8 18 180 M M 3 1 28 30
17 66 59 63 -3 2 0 0.01 0.0 0 9.9 16 10 M M 3 29 360
18 76 62 69 4 0 4 0.00 0.0 0 7.7 15 60 M M 3 22 80
19 71 67 69 4 0 4 0.30 0.0 0 7.5 14 30 M M 9 1 22 30
20 75 66 71 6 0 6 0.00 0.0 0 5.5 10 30 M M 3 1 16 10
21 82 67 75 11 0 10 0.00 0.0 0 5.3 10 70 M M 2 8 14 60
22 79 69 74 10 0 9 0.22 0.0 0 5.5 12 60 M M 7 1 18 20
23 75 64 70 6 0 5 0.16 0.0 0 4.3 12 50 M M 7 1 18 50
24 78 62 70 6 0 5 0.00 0.0 0 3.4 8 190 M M 1 18 10 200
25 71 65 68 5 0 3 0.91 0.0 0 6.0 16 110 M M 6 1 21 110
26 75 67 71 8 0 6 0.00 0.0 0 6.3 12 10 M M 7 20 10
27 71 59 65 2 0 0 0.00 0.0 0 2.5 7 90 M M 9 9 310
28 76 57 67 5 0 2 0.00 0.0 M 2.0 8 210 M M 0 10 280
29 80 63 72 10 0 7 0.00 0.0 0 14.3 28 230 M M 5 18 43 210
30 79 57 68 6 0 3 0.06 0.0 0 14.1 29 230 M M 6 18 43 240
31 64 57 61 -1 4 0 0.00 0.0 0 9.3 16 30 M M 4 26 30
================================================================================
SM 2342 1964 7 154 3.67 0.0 225.7 M 130
================================================================================
AV 75.6 63.4 7.3 FASTST M M 4 MAX(MPH)
MISC ----> # 29 120 # 43 210
================================================================================
NOTES:
# LAST OF SEVERAL OCCURRENCES
COLUMN 17 PEAK WIND IN M.P.H.
PRELIMINARY LOCAL CLIMATOLOGICAL DATA (WS FORM: F-6) , PAGE 2
STATION: CAPE HATTERAS NC
MONTH: OCTOBER
YEAR: 2020
LATITUDE: 35 13 N
LONGITUDE: 75 37 W
[TEMPERATURE DATA] [PRECIPITATION DATA] SYMBOLS USED IN COLUMN 16
AVERAGE MONTHLY: 69.5 TOTAL FOR MONTH: 3.67 1 = FOG OR MIST
DPTR FM NORMAL: 3.7 DPTR FM NORMAL: -1.71 2 = FOG REDUCING VISIBILITY
HIGHEST: 83 ON 16 GRTST 24HR 0.91 ON 25-25 TO 1/4 MILE OR LESS
LOWEST: 55 ON 14 3 = THUNDER
SNOW, ICE PELLETS, HAIL 4 = ICE PELLETS
TOTAL MONTH: 0.0 INCH 5 = HAIL
GRTST 24HR 0.0 6 = FREEZING RAIN OR DRIZZLE
GRTST DEPTH: 0 7 = DUSTSTORM OR SANDSTORM:
VSBY 1/2 MILE OR LESS
8 = SMOKE OR HAZE
[NO. OF DAYS WITH] [WEATHER - DAYS WITH] 9 = BLOWING SNOW
X = TORNADO
MAX 32 OR BELOW: 0 0.01 INCH OR MORE: 11
MAX 90 OR ABOVE: 0 0.10 INCH OR MORE: 7
MIN 32 OR BELOW: 0 0.50 INCH OR MORE: 3
MIN 0 OR BELOW: 0 1.00 INCH OR MORE: 0
[HDD (BASE 65) ]
TOTAL THIS MO. 7 CLEAR (SCALE 0-3) 12
DPTR FM NORMAL -65 PTCLDY (SCALE 4-7) 15
TOTAL FM JUL 1 9 CLOUDY (SCALE 8-10) 4
DPTR FM NORMAL -66
[CDD (BASE 65) ]
TOTAL THIS MO. 154
DPTR FM NORMAL 56 [PRESSURE DATA]
TOTAL FM JAN 1 2300 HIGHEST SLP 30.43 ON 31
DPTR FM NORMAL 610 LOWEST SLP 29.50 ON 30
[REMARKS]
#FINAL-10-20#