000
CXUS53 KGID 011600
CF6HSI
PRELIMINARY LOCAL CLIMATOLOGICAL DATA (WS FORM: F-6)
STATION: HASTINGS NE
MONTH: SEPTEMBER
YEAR: 2020
LATITUDE: 40 35 N
LONGITUDE: 98 26 W
TEMPERATURE IN F: :PCPN: SNOW: WIND :SUNSHINE: SKY :PK WND
================================================================================
1 2 3 4 5 6A 6B 7 8 9 10 11 12 13 14 15 16 17 18
12Z AVG MX 2MIN
DY MAX MIN AVG DEP HDD CDD WTR SNW DPTH SPD SPD DIR MIN PSBL S-S WX SPD DR
================================================================================
1 82 52 67 -4 0 2 0.00 0.0 0 4.7 12 250 M M 1 8 18 300
2 89 55 72 2 0 7 0.00 0.0 0 4.4 12 200 M M 0 18 190
3 79 58 69 -1 0 4 0.00 0.0 0 10.4 24 20 M M 0 8 34 20
4 87 52 70 0 0 5 0.00 0.0 0 6.0 13 210 M M 0 19 210
5 96 61 79 9 0 14 0.00 0.0 0 9.4 17 210 M M 0 27 210
6 92 70 81 12 0 16 0.00 0.0 0 11.9 21 210 M M 0 32 220
7 75 53 64 -5 1 0 0.00 0.0 0 15.7 31 30 M M 4 8 42 40
8 53 40 47 -22 18 0 0.77 T 0 22.7 32 30 M M 10 135 43 20
9 47 40 44 -24 21 0 0.35 0.0 0 13.9 22 30 M M 10 1 29 30
10 55 44 50 -18 15 0 T 0.0 0 8.7 15 10 M M 10 1 19 50
11 61 51 56 -12 9 0 0.02 0.0 0 4.4 12 160 M M 8 12 16 150
12 76 53 65 -2 0 0 0.00 0.0 0 7.9 21 320 M M 4 12 30 310
13 85 50 68 1 0 3 0.00 0.0 0 3.9 13 270 M M 0 18 15 280
14 82 55 69 3 0 4 0.00 0.0 0 6.3 13 160 M M 0 19 140
15 80 54 67 1 0 2 0.00 0.0 0 7.8 15 180 M M 0 23 200
16 75 52 64 -2 1 0 0.00 0.0 0 9.6 22 30 M M 0 8 30 40
17 75 46 61 -4 4 0 0.00 0.0 0 5.8 12 130 M M 0 1 18 170
18 72 52 62 -3 3 0 0.00 0.0 0 10.5 18 120 M M 4 28 120
19 77 55 66 2 0 1 0.00 0.0 0 13.1 23 160 M M 0 35 170
20 81 60 71 7 0 6 0.00 0.0 0 14.6 23 180 M M 0 35 160
21 83 58 71 7 0 6 0.00 0.0 0 10.2 20 160 M M 0 28 160
22 83 55 69 6 0 4 0.00 0.0 0 8.1 16 170 M M 0 24 200
23 82 60 71 8 0 6 T 0.0 0 9.5 16 210 M M 3 1 24 200
24 88 57 73 11 0 8 0.00 0.0 0 5.1 12 70 M M 0 8 21 50
25 88 59 74 12 0 9 0.00 0.0 0 5.1 13 300 M M 0 8 19 310
26 93 63 78 16 0 13 0.00 0.0 0 9.4 24 10 M M 0 32 10
27 67 45 56 -5 9 0 0.02 0.0 0 7.9 20 330 M M 3 26 340
28 67 42 55 -6 10 0 0.00 0.0 0 14.9 31 340 M M 2 8 47 320
29 83 37 60 0 5 0 0.00 0.0 0 9.1 22 290 M M 0 28 300
30 71 50 61 1 4 0 0.00 0.0 0 15.3 31 350 M M 0 8 42 360
================================================================================
SM 2324 1579 100 110 1.16 T 286.3 M 59
================================================================================
AV 77.5 52.6 9.5 FASTST M M 2 MAX(MPH)
MISC ----> # 32 30 # 47 320
================================================================================
NOTES:
# LAST OF SEVERAL OCCURRENCES
COLUMN 17 PEAK WIND IN M.P.H.
PRELIMINARY LOCAL CLIMATOLOGICAL DATA (WS FORM: F-6) , PAGE 2
STATION: HASTINGS NE
MONTH: SEPTEMBER
YEAR: 2020
LATITUDE: 40 35 N
LONGITUDE: 98 26 W
[TEMPERATURE DATA] [PRECIPITATION DATA] SYMBOLS USED IN COLUMN 16
AVERAGE MONTHLY: 65.1 TOTAL FOR MONTH: 1.16 1 = FOG OR MIST
DPTR FM NORMAL: -0.5 DPTR FM NORMAL: -1.40 2 = FOG REDUCING VISIBILITY
HIGHEST: 96 ON 5 GRTST 24HR 0.77 ON 8- 8 TO 1/4 MILE OR LESS
LOWEST: 37 ON 29 3 = THUNDER
SNOW, ICE PELLETS, HAIL 4 = ICE PELLETS
TOTAL MONTH: T 5 = HAIL
GRTST 24HR T ON 8- 8 6 = FREEZING RAIN OR DRIZZLE
GRTST DEPTH: 0 7 = DUSTSTORM OR SANDSTORM:
VSBY 1/2 MILE OR LESS
8 = SMOKE OR HAZE
[NO. OF DAYS WITH] [WEATHER - DAYS WITH] 9 = BLOWING SNOW
X = TORNADO
MAX 32 OR BELOW: 0 0.01 INCH OR MORE: 4
MAX 90 OR ABOVE: 3 0.10 INCH OR MORE: 2
MIN 32 OR BELOW: 0 0.50 INCH OR MORE: 1
MIN 0 OR BELOW: 0 1.00 INCH OR MORE: 0
[HDD (BASE 65) ]
TOTAL THIS MO. 100 CLEAR (SCALE 0-3) 22
DPTR FM NORMAL 10 PTCLDY (SCALE 4-7) 4
TOTAL FM JUL 1 100 CLOUDY (SCALE 8-10) 4
DPTR FM NORMAL 4
[CDD (BASE 65) ]
TOTAL THIS MO. 110
DPTR FM NORMAL 0 [PRESSURE DATA]
TOTAL FM JAN 1 1247 HIGHEST SLP 30.46 ON 09
DPTR FM NORMAL 184 LOWEST SLP 29.57 ON 26
[REMARKS]
#FINAL-09-20#