000
CXUS54 KHUN 021435
CF6HSV
PRELIMINARY LOCAL CLIMATOLOGICAL DATA (WS FORM: F-6)
STATION: HUNTSVILLE
MONTH: NOVEMBER
YEAR: 2022
LATITUDE: 34 39 N
LONGITUDE: 86 46 W
TEMPERATURE IN F: :PCPN: SNOW: WIND :SUNSHINE: SKY :PK WND
================================================================================
1 2 3 4 5 6A 6B 7 8 9 10 11 12 13 14 15 16 17 18
12Z AVG MX 2MIN
DY MAX MIN AVG DEP HDD CDD WTR SNW DPTH SPD SPD DIR MIN PSBL S-S WX SPD DR
================================================================================
1 73 50 62 5 3 0 0.00 0.0 0 1.4 7 180 M M 8 12 10 230
2 78 53 66 9 0 1 0.00 0.0 0 2.5 12 20 M M 3 8 16 20
3 77 50 64 7 1 0 0.00 0.0 0 5.5 13 110 M M 1 17 120
4 79 56 68 12 0 3 0.00 0.0 0 10.5 17 150 M M 1 8 24 130
5 68 57 63 7 2 0 0.31 0.0 0 9.7 29 150 M M 7 1 39 170
6 74 59 67 11 0 2 0.02 0.0 0 4.2 10 160 M M 9 1 14 150
7 82 62 72 17 0 7 0.04 0.0 0 4.4 14 60 M M 6 1 20 360
8 84 59 72 17 0 7 0.00 0.0 0 4.0 10 30 M M 4 15 110
9 75 52 64 10 1 0 0.00 0.0 0 8.8 18 130 M M 3 26 120
10 75 49 62 8 3 0 T 0.0 0 6.9 18 130 M M 7 24 130
11 70 58 64 10 1 0 0.33 0.0 0 6.9 15 320 M M 8 18 20 310
12 59 35 47 -7 18 0 0.02 T 0 10.5 18 320 M M 10 18 25 310
13 40 28 34 -19 31 0 0.00 0.0 0 10.9 20 20 M M 6 24 10
14 56 25 41 -12 24 0 T 0.0 0 7.4 17 120 M M 5 23 120
15 51 42 47 -5 18 0 0.58 0.0 0 7.9 15 330 M M 10 1 20 340
16 51 36 44 -8 21 0 0.00 0.0 0 7.4 17 340 M M 5 24 350
17 46 27 37 -15 28 0 0.00 0.0 0 4.6 14 290 M M 1 23 280
18 52 24 38 -14 27 0 0.00 0.0 0 4.1 15 290 M M 3 22 290
19 47 25 36 -15 29 0 0.00 0.0 0 3.6 12 300 M M 3 17 300
20 45 25 35 -16 30 0 0.00 0.0 0 5.3 17 30 M M 1 23 20
21 56 22 39 -12 26 0 0.00 0.0 0 1.9 9 160 M M 4 13 160
22 61 31 46 -4 19 0 T 0.0 0 1.7 7 110 M M 5 8 110
23 69 31 50 0 15 0 0.00 0.0 0 1.9 9 70 M M 3 13 60
24 69 41 55 5 10 0 0.07 0.0 0 7.7 16 130 M M 6 23 150
25 68 50 59 9 6 0 0.06 0.0 0 7.5 20 10 M M 7 1 25 20
26 63 44 54 5 11 0 0.16 0.0 0 9.7 21 120 M M 8 1 27 130
27 65 52 59 10 6 0 0.03 0.0 0 12.3 28 230 M M 9 1 44 250
28 61 43 52 3 13 0 0.00 0.0 0 3.8 13 290 M M 4 18 260
29 72 41 57 8 8 0 2.21 0.0 0 10.0 33 310 M M 5 138 56 320
30 63 34 49 1 16 0 0.84 0.0 0 8.6 30 320 M M 3 13 47 270
================================================================================
SM 1929 1261 367 20 4.67 T 191.6 M 155
================================================================================
AV 64.3 42.0 6.4 FASTST M M 5 MAX(MPH)
MISC ----> 33 310 56 320
================================================================================
NOTES:
# LAST OF SEVERAL OCCURRENCES
COLUMN 17 PEAK WIND IN M.P.H.
PRELIMINARY LOCAL CLIMATOLOGICAL DATA (WS FORM: F-6) , PAGE 2
STATION: HUNTSVILLE
MONTH: NOVEMBER
YEAR: 2022
LATITUDE: 34 39 N
LONGITUDE: 86 46 W
[TEMPERATURE DATA] [PRECIPITATION DATA] SYMBOLS USED IN COLUMN 16
AVERAGE MONTHLY: 53.2 TOTAL FOR MONTH: 4.67 1 = FOG OR MIST
DPTR FM NORMAL: 0.7 DPTR FM NORMAL: 0.42 2 = FOG REDUCING VISIBILITY
HIGHEST: 84 ON 8 GRTST 24HR 3.05 ON 29-30 TO 1/4 MILE OR LESS
LOWEST: 22 ON 21 3 = THUNDER
SNOW, ICE PELLETS, HAIL 4 = ICE PELLETS
TOTAL MONTH: T 5 = HAIL
GRTST 24HR T ON 12-12 6 = FREEZING RAIN OR DRIZZLE
GRTST DEPTH: 0 7 = DUSTSTORM OR SANDSTORM:
VSBY 1/2 MILE OR LESS
8 = SMOKE OR HAZE
[NO. OF DAYS WITH] [WEATHER - DAYS WITH] 9 = BLOWING SNOW
X = TORNADO
MAX 32 OR BELOW: 0 0.01 INCH OR MORE: 12
MAX 90 OR ABOVE: 0 0.10 INCH OR MORE: 6
MIN 32 OR BELOW: 9 0.50 INCH OR MORE: 3
MIN 0 OR BELOW: 0 1.00 INCH OR MORE: 1
[HDD (BASE 65) ]
TOTAL THIS MO. 367 CLEAR (SCALE 0-3) 8
DPTR FM NORMAL -16 PTCLDY (SCALE 4-7) 17
TOTAL FM JUL 1 536 CLOUDY (SCALE 8-10) 5
DPTR FM NORMAL 22
[CDD (BASE 65) ]
TOTAL THIS MO. 20
DPTR FM NORMAL 10 [PRESSURE DATA]
TOTAL FM JAN 1 2147 HIGHEST SLP 30.49 ON 20
DPTR FM NORMAL 43 LOWEST SLP 29.61 ON 27
[REMARKS]
#FINAL-11-22#