000
CXUS53 KAPX 010830
CF6HTL
PRELIMINARY LOCAL CLIMATOLOGICAL DATA (WS FORM: F-6)
STATION: HOUGHTON LAKE MI
MONTH: FEBRUARY
YEAR: 2023
LATITUDE: 44 22 N
LONGITUDE: 84 41 W
TEMPERATURE IN F: :PCPN: SNOW: WIND :SUNSHINE: SKY :PK WND
================================================================================
1 2 3 4 5 6A 6B 7 8 9 10 11 12 13 14 15 16 17 18
12Z AVG MX 2MIN
DY MAX MIN AVG DEP HDD CDD WTR SNW DPTH SPD SPD DIR MIN PSBL S-S WX SPD DR
================================================================================
1 28 8 18 0 47 0 T T 6 9.9 22 250 M M 7 18 32 250
2 29 7 18 0 47 0 T T 5 13.3 26 280 M M 8 18 38 280
3 9 -1 4 -14 61 0 0.01 T 5 8.7 22 300 M M 9 8 31 300
4 29 3 16 -2 49 0 T T 5 11.6 18 210 M M 7 8 29 170
5 35 22 29 11 36 0 0.00 0.0 5 9.7 21 330 M M 7 32 340
6 26 19 23 5 42 0 0.00 0.0 5 8.9 17 170 M M 6 28 130
7 38 25 32 13 33 0 0.09 T 4 12.4 23 280 M M 9 16 35 270
8 47 24 36 17 29 0 0.00 0.0 4 4.5 10 170 M M 1 1 16 240
9 35 24 30 11 35 0 0.62 1.0 4 8.4 23 40 M M 7 1 34 50
10 33 22 28 9 37 0 0.02 0.3 4 13.7 22 310 M M 10 1 33 300
11 42 13 28 9 37 0 0.00 0.0 4 10.4 22 220 M M 1 33 210
12 46 20 33 14 32 0 0.00 0.0 4 5.5 10 240 M M 0 17 250
13 42 22 32 12 33 0 0.00 0.0 4 7.5 16 280 M M 1 24 280
14 51 21 36 16 29 0 0.06 0.0 3 7.7 20 150 M M 2 1 29 160
15 46 30 38 18 27 0 0.12 T 2 14.9 31 230 M M 10 1 48 220
16 30 18 24 4 41 0 0.30 5.1 2 10.6 20 40 M M 10 12 28 20
17 20 10 15 -5 50 0 0.02 0.4 6 9.5 17 330 M M 5 1 26 10
18 37 14 26 5 39 0 0.00 0.0 6 10.0 18 260 M M 3 29 270
19 43 29 36 15 29 0 0.00 0.0 5 11.0 23 230 M M 4 36 210
20 36 27 32 11 33 0 T T 4 5.8 12 140 M M 5 1 18 140
21 33 23 28 6 37 0 T T 3 12.5 22 280 M M 9 1 38 280
22 26 21 24 2 41 0 0.61 4.8 5 12.9 22 80 M M 10 1 33 70
23 27 17 22 0 43 0 0.18 1.4 9 9.6 20 60 M M 10 1 30 50
24 19 6 13 -9 52 0 T T 10 6.0 14 330 M M 9 18 22 320
25 28 8 18 -5 47 0 0.13 2.6 10 6.3 14 240 M M 9 1 25 210
26 32 16 24 1 41 0 0.00 0.0 10 10.1 20 300 M M 2 32 260
27 29 13 21 -3 44 0 0.20 3.0 9 12.5 28 100 M M 6 18 39 100
28 41 24 33 9 32 0 T T 11 8.2 17 290 M M 5 18 27 280
================================================================================
SM 937 485 1103 0 2.36 18.6 272.1 M 172
================================================================================
AV 33.5 17.3 9.7 FASTST M M 6 MAX(MPH)
MISC ----> 31 230 48 220
================================================================================
NOTES:
# LAST OF SEVERAL OCCURRENCES
COLUMN 17 PEAK WIND IN M.P.H.
PRELIMINARY LOCAL CLIMATOLOGICAL DATA (WS FORM: F-6) , PAGE 2
STATION: HOUGHTON LAKE MI
MONTH: FEBRUARY
YEAR: 2023
LATITUDE: 44 22 N
LONGITUDE: 84 41 W
[TEMPERATURE DATA] [PRECIPITATION DATA] SYMBOLS USED IN COLUMN 16
AVERAGE MONTHLY: 25.4 TOTAL FOR MONTH: 2.36 1 = FOG OR MIST
DPTR FM NORMAL: 5.1 DPTR FM NORMAL: 0.95 2 = FOG REDUCING VISIBILITY
HIGHEST: 51 ON 14 GRTST 24HR 0.63 ON 9-10 TO 1/4 MILE OR LESS
LOWEST: -1 ON 3 3 = THUNDER
SNOW, ICE PELLETS, HAIL 4 = ICE PELLETS
TOTAL MONTH: 18.6 INCHES 5 = HAIL
GRTST 24HR 5.1 ON 16-16 6 = FREEZING RAIN OR DRIZZLE
GRTST DEPTH: 11 ON 28 7 = DUSTSTORM OR SANDSTORM:
VSBY 1/2 MILE OR LESS
8 = SMOKE OR HAZE
[NO. OF DAYS WITH] [WEATHER - DAYS WITH] 9 = BLOWING SNOW
X = TORNADO
MAX 32 OR BELOW: 13 0.01 INCH OR MORE: 12
MAX 90 OR ABOVE: 0 0.10 INCH OR MORE: 7
MIN 32 OR BELOW: 28 0.50 INCH OR MORE: 2
MIN 0 OR BELOW: 1 1.00 INCH OR MORE: 0
[HDD (BASE 65) ]
TOTAL THIS MO. 1103 CLEAR (SCALE 0-3) 6
DPTR FM NORMAL -149 PTCLDY (SCALE 4-7) 12
TOTAL FM JUL 1 5002 CLOUDY (SCALE 8-10) 10
DPTR FM NORMAL -679
[CDD (BASE 65) ]
TOTAL THIS MO. 0
DPTR FM NORMAL 0 [PRESSURE DATA]
TOTAL FM JAN 1 0 HIGHEST SLP 30.65 ON 24
DPTR FM NORMAL 0 LOWEST SLP 29.34 ON 21
[REMARKS]
#FINAL-02-23#