000
CXUS53 KAPX 010550
CLMHTL
CLIMATE REPORT
NATIONAL WEATHER SERVICE
1250 AM EST MON JAN 01 2024
...................................
...THE HOUGHTON LAKE MI CLIMATE SUMMARY FOR THE MONTH OF DECEMBER 2023...
CLIMATE NORMAL PERIOD: 1991 TO 2020
CLIMATE RECORD PERIOD: 1913 TO 2023
WEATHER OBSERVED NORMAL DEPART LAST YEAR`S
VALUE DATE(S) VALUE FROM VALUE
NORMAL
..............................................................
TEMPERATURE (F)
HIGHEST 53 12/09 MM MM
LOWEST 18 12/01 MM MM
AVG. MAXIMUM 39.5 32.1 7.4
AVG. MINIMUM 28.8 19.0 9.8
MEAN 34.2 25.6 8.6
DAYS MAX >= 90 0 0.0 0.0
DAYS MAX <= 32 4 16.7 -12.7
DAYS MIN <= 32 20 29.1 -9.1
DAYS MIN <= 0 0 1.6 -1.6
PRECIPITATION (INCHES)
TOTALS 1.25 1.76 -0.51
DAYS >= .01 16 13.5 2.5
DAYS >= .10 4 4.7 -0.7
DAYS >= .50 0 0.8 -0.8
DAYS >= 1.00 0 0.1 -0.1
GREATEST
24 HR. TOTAL 0.33 12/27 TO 12/27
SNOWFALL (INCHES)
RECORDS
TOTAL 45.8 2008
24 HR TOTAL 19.6 MM
TOTALS 4.4 15.1 -10.7
DAYS >= TRACE 12 10.6 1.4
DAYS >= 1.0 1 4.7 -3.7
GREATEST
SNOW DEPTH 4 12/05
12/06
12/07
24 HR TOTAL MM
DEGREE DAYS
HEATING TOTAL 949 1223 -274
SINCE 7/1 2607 3008 -401
COOLING TOTAL 0 0 0
SINCE 1/1 276 337 -61
..............................................................
WIND (MPH)
AVERAGE WIND SPEED 7.3
HIGHEST WIND SPEED/DIRECTION 30/220 DATE 12/09
HIGHEST GUST SPEED/DIRECTION 47/210 DATE 12/09
SKY COVER
AVERAGE SKY COVER 0.64
AVERAGE RH (PERCENT) 82
- INDICATES NEGATIVE NUMBERS.
R INDICATES RECORD WAS SET OR TIED.
MM INDICATES DATA IS MISSING.
T INDICATES TRACE AMOUNT.
$$