000
CXUS54 KHGX 020713
CF6IAH
PRELIMINARY LOCAL CLIMATOLOGICAL DATA (WS FORM: F-6)
STATION: HOUSTON INTERCONTINENTAL
MONTH: MAY
YEAR: 2022
LATITUDE: 29 58 N
LONGITUDE: 95 21 W
TEMPERATURE IN F: :PCPN: SNOW: WIND :SUNSHINE: SKY :PK WND
================================================================================
1 2 3 4 5 6A 6B 7 8 9 10 11 12 13 14 15 16 17 18
12Z AVG MX 2MIN
DY MAX MIN AVG DEP HDD CDD WTR SNW DPTH SPD SPD DIR MIN PSBL S-S WX SPD DR
================================================================================
1 87 72 80 6 0 15 0.79 0.0 0 9.0 22 160 M M 7 3 30 150
2 88 74 81 7 0 16 0.00 0.0 0 14.1 25 150 M M 6 34 160
3 87 74 81 7 0 16 0.01 0.0 0 10.9 21 140 M M 7 28 140
4 87 74 81 7 0 16 0.00 0.0 0 12.9 24 150 M M 8 18 31 150
5 88 67 78 4 0 13 0.91 0.0 0 11.5 32 150 M M 9 13 42 150
6 89 63 76 1 0 11 0.00 0.0 0 5.4 16 140 M M 2 1 21 140
7 93 73 83 8 0 18 0.00 0.0 0 8.5 17 150 M M 5 1 24 170
8 93 78 86 11 0 21 0.00 0.0 0 12.6 23 150 M M 5 8 32 140
9 92 79 86 10 0 21 0.00 0.0 0 15.3 25 160 M M 4 32 160
10 89 76 83 7 0 18 0.00 0.0 0 12.5 22 140 M M 4 28 130
11 89 70 80 4 0 15 0.00 0.0 0 8.3 18 130 M M 5 1 25 130
12 90 67 79 3 0 14 0.00 0.0 0 7.2 17 120 M M 2 25 120
13 91 67 79 2 0 14 0.00 0.0 0 6.4 16 160 M M 4 22 160
14 91 71 81 4 0 16 0.00 0.0 0 5.2 16 120 M M 4 24 130
15 93 71 82 5 0 17 0.00 0.0 0 5.4 13 200 M M 4 21 220
16 94 71 83 6 0 18 0.00 0.0 0 6.4 17 230 M M 7 26 220
17 94 72 83 5 0 18 0.00 0.0 0 7.9 20 160 M M 4 28 150
18 95 76 86 8 0 21 0.00 0.0 0 10.6 21 150 M M 4 27 170
19 93 76 85 7 0 20 0.00 0.0 0 12.9 25 150 M M 4 31 150
20 92 78 85 7 0 20 0.00 0.0 0 15.3 26 130 M M 7 38 140
21 93 79 86 7 0 21 T 0.0 0 14.1 23 120 M M 7 31 120
22 84 69 77 -2 0 12 1.12 0.0 0 9.3 26 90 M M 9 13 37 80
23 81 68 75 -4 0 10 0.00 0.0 0 8.5 16 50 M M 7 20 80
24 80 69 75 -4 0 10 0.14 0.0 0 8.4 31 160 M M 10 13 44 160
25 83 64 74 -6 0 9 1.32 0.0 0 6.7 22 130 M M 6 123 37 310
26 93 61 77 -3 0 12 0.00 0.0 0 6.3 16 270 M M 0 24 250
27 95 70 83 3 0 18 0.00 0.0 0 6.4 14 330 M M 2 21 10
28 94 63 79 -1 0 14 0.00 0.0 0 7.4 18 130 M M 1 23 140
29 92 76 84 4 0 19 0.00 0.0 0 11.1 25 150 M M 5 34 150
30 92 78 85 4 0 20 0.01 0.0 0 16.4 26 140 M M 5 33 140
31 92 78 85 4 0 20 T 0.0 0 13.0 23 150 M M 5 31 140
================================================================================
SM 2794 2224 0 503 4.30 0.0 305.9 M 159
================================================================================
AV 90.1 71.7 9.9 FASTST M M 5 MAX(MPH)
MISC ----> 32 150 44 160
================================================================================
NOTES:
# LAST OF SEVERAL OCCURRENCES
COLUMN 17 PEAK WIND IN M.P.H.
PRELIMINARY LOCAL CLIMATOLOGICAL DATA (WS FORM: F-6) , PAGE 2
STATION: HOUSTON INTERCONTINENTAL
MONTH: MAY
YEAR: 2022
LATITUDE: 29 58 N
LONGITUDE: 95 21 W
[TEMPERATURE DATA] [PRECIPITATION DATA] SYMBOLS USED IN COLUMN 16
AVERAGE MONTHLY: 80.9 TOTAL FOR MONTH: 4.30 1 = FOG OR MIST
DPTR FM NORMAL: 3.5 DPTR FM NORMAL: -0.71 2 = FOG REDUCING VISIBILITY
HIGHEST: 95 ON 27,18 GRTST 24HR 1.46 ON 24-25 TO 1/4 MILE OR LESS
LOWEST: 61 ON 26 3 = THUNDER
SNOW, ICE PELLETS, HAIL 4 = ICE PELLETS
TOTAL MONTH: 0.0 INCH 5 = HAIL
GRTST 24HR 0.0 6 = FREEZING RAIN OR DRIZZLE
GRTST DEPTH: 0 7 = DUSTSTORM OR SANDSTORM:
VSBY 1/2 MILE OR LESS
8 = SMOKE OR HAZE
[NO. OF DAYS WITH] [WEATHER - DAYS WITH] 9 = BLOWING SNOW
X = TORNADO
MAX 32 OR BELOW: 0 0.01 INCH OR MORE: 7
MAX 90 OR ABOVE: 19 0.10 INCH OR MORE: 5
MIN 32 OR BELOW: 0 0.50 INCH OR MORE: 4
MIN 0 OR BELOW: 0 1.00 INCH OR MORE: 2
[HDD (BASE 65) ]
TOTAL THIS MO. 0 CLEAR (SCALE 0-3) 5
DPTR FM NORMAL -1 PTCLDY (SCALE 4-7) 23
TOTAL FM JUL 1 1129 CLOUDY (SCALE 8-10) 3
DPTR FM NORMAL -135
[CDD (BASE 65) ]
TOTAL THIS MO. 503
DPTR FM NORMAL 119 [PRESSURE DATA]
TOTAL FM JAN 1 837 HIGHEST SLP 30.17 ON 22
DPTR FM NORMAL 140 LOWEST SLP 29.67 ON 25
[REMARKS]
#FINAL-05-22#