000
CXUS54 KHGX 011515
CF6IAH
PRELIMINARY LOCAL CLIMATOLOGICAL DATA (WS FORM: F-6)
STATION: HOUSTON INTERCONTINENTAL
MONTH: MAY
YEAR: 2020
LATITUDE: 29 58 N
LONGITUDE: 95 21 W
TEMPERATURE IN F: :PCPN: SNOW: WIND :SUNSHINE: SKY :PK WND
================================================================================
1 2 3 4 5 6A 6B 7 8 9 10 11 12 13 14 15 16 17 18
12Z AVG MX 2MIN
DY MAX MIN AVG DEP HDD CDD WTR SNW DPTH SPD SPD DIR MIN PSBL S-S WX SPD DR
================================================================================
1 86 58 72 -1 0 7 0.00 0.0 0 7.3 20 120 M M 4 26 130
2 88 63 76 2 0 11 0.00 0.0 0 10.1 18 160 M M 4 24 160
3 89 73 81 7 0 16 0.00 0.0 0 8.5 18 160 M M 5 23 150
4 91 72 82 8 0 17 0.00 0.0 0 8.4 20 150 M M 5 23 150
5 93 74 84 10 0 19 0.00 0.0 0 7.3 20 360 M M 8 24 340
6 86 64 75 0 0 10 0.25 0.0 0 8.6 22 50 M M 4 13 26 60
7 85 60 73 -2 0 8 0.00 0.0 0 11.7 24 140 M M 4 30 160
8 92 67 80 5 0 15 T 0.0 0 12.9 31 360 M M 9 37 360
9 73 61 67 -8 0 2 0.00 0.0 0 11.6 21 60 M M 8 25 60
10 82 56 69 -7 0 4 0.00 0.0 0 6.5 16 70 M M 2 8 20 30
11 84 58 71 -5 0 6 0.00 0.0 0 8.0 20 130 M M 4 24 150
12 85 66 76 0 0 11 T 0.0 0 13.7 24 150 M M 8 29 130
13 86 72 79 3 0 14 0.02 0.0 0 10.4 21 130 M M 8 1 25 130
14 89 71 80 3 0 15 0.02 0.0 0 8.8 24 100 M M 7 3 29 80
15 90 70 80 3 0 15 0.07 0.0 0 6.6 26 120 M M 8 13 33 100
16 82 68 75 -2 0 10 0.38 0.0 0 8.5 18 280 M M 7 13 29 260
17 88 67 78 1 0 13 0.01 0.0 0 8.1 21 330 M M 5 30 320
18 94 65 80 2 0 15 0.00 0.0 0 4.4 10 210 M M 1 15 280
19 94 71 83 5 0 18 0.00 0.0 0 7.4 12 200 M M 1 20 180
20 95 72 84 6 0 19 0.00 0.0 0 6.9 20 150 M M 4 18 170
21 91 75 83 5 0 18 0.00 0.0 0 11.3 23 130 M M 7 26 130
22 93 74 84 6 0 19 0.00 0.0 0 10.2 22 160 M M 5 29 150
23 92 79 86 7 0 21 0.00 0.0 0 13.1 23 130 M M 6 28 130
24 89 67 78 -1 0 13 1.50 0.0 0 10.7 29 140 M M 7 13 38 150
25 84 66 75 -4 0 10 0.13 0.0 0 8.1 23 90 M M 8 3 29 70
26 89 68 79 0 0 14 0.44 0.0 0 5.3 21 360 M M 7 13 24 350
27 90 65 78 -2 0 13 0.63 0.0 0 6.6 46 340 M M 5 3 58 340
28 89 64 77 -3 0 12 0.00 0.0 0 5.1 21 120 M M 8 3 24 120
29 89 69 79 -1 0 14 0.00 0.0 0 7.5 18 360 M M 7 22 10
30 89 70 80 0 0 15 T 0.0 0 7.6 16 60 M M 6 21 70
31 88 73 81 1 0 16 0.11 0.0 0 5.8 21 110 M M 8 138 28 110
================================================================================
SM 2735 2098 0 410 3.56 0.0 267.0 M 180
================================================================================
AV 88.2 67.7 8.6 FASTST M M 6 MAX(MPH)
MISC ----> # 46 340 # 58 340
================================================================================
NOTES:
# LAST OF SEVERAL OCCURRENCES
COLUMN 17 PEAK WIND IN M.P.H.
PRELIMINARY LOCAL CLIMATOLOGICAL DATA (WS FORM: F-6) , PAGE 2
STATION: HOUSTON INTERCONTINENTAL
MONTH: MAY
YEAR: 2020
LATITUDE: 29 58 N
LONGITUDE: 95 21 W
[TEMPERATURE DATA] [PRECIPITATION DATA] SYMBOLS USED IN COLUMN 16
AVERAGE MONTHLY: 78.0 TOTAL FOR MONTH: 3.56 1 = FOG OR MIST
DPTR FM NORMAL: 1.1 DPTR FM NORMAL: -1.53 2 = FOG REDUCING VISIBILITY
HIGHEST: 95 ON 20 GRTST 24HR 1.50 ON 24-24 TO 1/4 MILE OR LESS
LOWEST: 56 ON 10 3 = THUNDER
SNOW, ICE PELLETS, HAIL 4 = ICE PELLETS
TOTAL MONTH: 0.0 INCH 5 = HAIL
GRTST 24HR 0.0 6 = FREEZING RAIN OR DRIZZLE
GRTST DEPTH: 0 7 = DUSTSTORM OR SANDSTORM:
VSBY 1/2 MILE OR LESS
8 = SMOKE OR HAZE
[NO. OF DAYS WITH] [WEATHER - DAYS WITH] 9 = BLOWING SNOW
X = TORNADO
MAX 32 OR BELOW: 0 0.01 INCH OR MORE: 11
MAX 90 OR ABOVE: 11 0.10 INCH OR MORE: 7
MIN 32 OR BELOW: 0 0.50 INCH OR MORE: 2
MIN 0 OR BELOW: 0 1.00 INCH OR MORE: 1
[HDD (BASE 65) ]
TOTAL THIS MO. 0 CLEAR (SCALE 0-3) 3
DPTR FM NORMAL -1 PTCLDY (SCALE 4-7) 26
TOTAL FM JUL 1 1032 CLOUDY (SCALE 8-10) 2
DPTR FM NORMAL -335
[CDD (BASE 65) ]
TOTAL THIS MO. 410
DPTR FM NORMAL 39 [PRESSURE DATA]
TOTAL FM JAN 1 892 HIGHEST SLP 30.24 ON 11
DPTR FM NORMAL 240 LOWEST SLP 29.60 ON 16
[REMARKS]
#FINAL-05-20#