000
CXUS53 KUNR 011623
CLMICR
CLIMATE REPORT
NATIONAL WEATHER SERVICE RAPID CITY SD
923 AM MST FRI DEC 01 2023
...................................
...THE WINNER REGIONAL AIRPORT SD CLIMATE SUMMARY FOR THE MONTH OF NOVEMBER 2023...
CLIMATE NORMAL PERIOD 1991 TO 2020
CLIMATE RECORD PERIOD 9999 TO 9999
WEATHER OBSERVED NORMAL DEPART LAST YEAR`S
VALUE DATE(S) VALUE FROM VALUE DATE(S)
NORMAL
................................................................
TEMPERATURE (F)
HIGHEST 80 11/05 81 11/01
LOWEST 15 11/24 8 11/16
AVG. MAXIMUM 55.3 49.0 6.3 45.5
AVG. MINIMUM 28.0 26.6 1.4 22.0
MEAN 41.6 37.8 3.8 33.8
DAYS MAX >= 90 0 0
DAYS MAX <= 32 3 9
DAYS MIN <= 32 22 26
DAYS MIN <= 0 0 0
PRECIPITATION (INCHES)
TOTALS 0.26 0.44 -0.18 T
DAILY AVG. 0.01 0.01 -0.01 T
DAYS >= .01 2 0
DAYS >= .10 2 0
DAYS >= .50 0 0
DAYS >= 1.00 0 0
GREATEST
24 HR. TOTAL 0.25 11/19 TO 11/20 T
DEGREE DAYS
HEATING TOTAL 692 816 -124 928
SINCE 7/1 1174 1357 -183 MM
COOLING TOTAL 0 0 0 0
SINCE 1/1 1177 1061 116 MM
................................................................
WIND (MPH)
AVERAGE WIND SPEED 10.2
HIGHEST WIND SPEED/DIRECTION 37/310 DATE 11/26
HIGHEST GUST SPEED/DIRECTION 48/310 DATE 11/26
AVERAGE RH (PERCENT) 58
WEATHER CONDITIONS. NUMBER OF DAYS WITH
THUNDERSTORM 0 MIXED PRECIP 0
HEAVY RAIN 0 RAIN 0
LIGHT RAIN 4 FREEZING RAIN 0
LT FREEZING RAIN 0 HAIL 0
HEAVY SNOW 0 SNOW 0
LIGHT SNOW 4 SLEET 0
FOG 4 FOG W/VIS <= 1/4 MILE 0
HAZE 3
- INDICATES NEGATIVE NUMBERS.
R INDICATES RECORD WAS SET OR TIED.
MM INDICATES DATA IS MISSING.
T INDICATES TRACE AMOUNT.
$$