000
CXUS55 KPIH 030003
CF6IDA
PRELIMINARY LOCAL CLIMATOLOGICAL DATA (WS FORM: F-6)
STATION: IDAHO FALLS
MONTH: APRIL
YEAR: 2022
LATITUDE: 43 31 N
LONGITUDE: 112 4 W
TEMPERATURE IN F: :PCPN: SNOW: WIND :SUNSHINE: SKY :PK WND
================================================================================
1 2 3 4 5 6A 6B 7 8 9 10 11 12 13 14 15 16 17 18
12Z AVG MX 2MIN
DY MAX MIN AVG DEP HDD CDD WTR SNW DPTH SPD SPD DIR MIN PSBL S-S WX SPD DR
================================================================================
1 52 24 38 -4 27 0 0.00 M M 9.8 23 200 M M 0 29 190
2 61 28 45 3 20 0 0.00 M M 12.3 38 230 M M 1 53 230
3 57 21 39 -3 26 0 0.00 M M 7.1 20 210 M M 0 27 230
4 51 33 42 0 23 0 T M M 20.9 43 220 M M 5 58 210
5 46 25 36 -6 29 0 0.00 M M 12.4 31 310 M M 4 44 320
6 48 20 34 -8 31 0 0.00 M M 10.9 21 210 M M 0 29 220
7 59 20 40 -3 25 0 0.00 M M 3.8 13 200 M M 0 17 200
8 73 27 50 7 15 0 0.00 M M 9.3 24 190 M M 0 31 180
9 53 31 42 -1 23 0 T M M 19.1 40 230 M M 6 8 53 220
10 44 24 34 -9 31 0 T M M 19.3 37 240 M M 7 18 52 210
11 43 26 35 -8 30 0 0.11 M M 16.0 35 220 M M 9 18 46 220
12 32 21 27 -17 38 0 0.03 M M 14.8 33 220 M M 9 12 44 220
13 36 15 26 -18 39 0 0.00 M M 10.2 18 210 M M 7 26 210
14 46 29 38 -6 27 0 0.13 M M 14.2 29 230 M M 9 1 39 240
15 46 32 39 -5 26 0 0.00 M M 18.4 33 230 M M 7 46 210
16 61 32 47 3 18 0 0.04 M M 14.7 35 210 M M 7 3 44 210
17 51 29 40 -5 25 0 0.00 M M 16.6 32 230 M M 3 42 230
18 69 26 48 3 17 0 0.00 M M 8.3 18 230 M M 0 29 220
19 51 36 44 -1 21 0 T M M 18.4 32 200 M M 2 42 200
20 57 32 45 0 20 0 0.00 M M 15.3 28 230 M M 4 39 230
21 61 32 47 1 18 0 T M M 8.1 22 230 M M 5 29 240
22 48 36 42 -4 23 0 0.38 M M 9.7 24 360 M M 10 1 34 350
23 52 34 43 -3 22 0 T M M 8.7 22 330 M M 6 27 330
24 55 28 42 -4 23 0 0.00 M M 4.2 17 220 M M 4 23 230
25 60 26 43 -3 22 0 0.00 M M 6.3 20 220 M M 1 28 190
26 64 34 49 2 16 0 0.00 M M 10.8 26 230 M M 1 38 210
27 60 30 45 -2 20 0 0.02 M M 10.1 25 220 M M 3 32 270
28 52 26 39 -8 26 0 0.05 M M 7.6 29 230 M M 6 3 37 220
29 52 34 43 -5 22 0 0.03 M M 13.3 29 220 M M 9 1 39 200
30 60 24 42 -6 23 0 0.00 M M 6.1 18 160 M M 3 24 200
================================================================================
SM 1600 835 726 0 0.79 M 356.7 M 128
================================================================================
AV 53.3 27.8 11.9 FASTST M M 4 MAX(MPH)
MISC ----> 43 220 58 210
================================================================================
NOTES:
# LAST OF SEVERAL OCCURRENCES
COLUMN 17 PEAK WIND IN M.P.H.
PRELIMINARY LOCAL CLIMATOLOGICAL DATA (WS FORM: F-6) , PAGE 2
STATION: IDAHO FALLS
MONTH: APRIL
YEAR: 2022
LATITUDE: 43 31 N
LONGITUDE: 112 4 W
[TEMPERATURE DATA] [PRECIPITATION DATA] SYMBOLS USED IN COLUMN 16
AVERAGE MONTHLY: 40.6 TOTAL FOR MONTH: 0.79 1 = FOG OR MIST
DPTR FM NORMAL: -3.8 DPTR FM NORMAL: -0.24 2 = FOG REDUCING VISIBILITY
HIGHEST: 73 ON 8 GRTST 24HR 0.38 ON 21-22 TO 1/4 MILE OR LESS
LOWEST: 15 ON 13 3 = THUNDER
SNOW, ICE PELLETS, HAIL 4 = ICE PELLETS
TOTAL MONTH: M 5 = HAIL
GRTST 24HR M ON M 6 = FREEZING RAIN OR DRIZZLE
GRTST DEPTH: M ON M 7 = DUSTSTORM OR SANDSTORM:
VSBY 1/2 MILE OR LESS
8 = SMOKE OR HAZE
[NO. OF DAYS WITH] [WEATHER - DAYS WITH] 9 = BLOWING SNOW
X = TORNADO
MAX 32 OR BELOW: 1 0.01 INCH OR MORE: 8
MAX 90 OR ABOVE: 0 0.10 INCH OR MORE: 3
MIN 32 OR BELOW: 24 0.50 INCH OR MORE: 0
MIN 0 OR BELOW: 0 1.00 INCH OR MORE: 0
[HDD (BASE 65) ]
TOTAL THIS MO. 726 CLEAR (SCALE 0-3) 12
DPTR FM NORMAL 110 PTCLDY (SCALE 4-7) 13
TOTAL FM JUL 1 7171 CLOUDY (SCALE 8-10) 5
DPTR FM NORMAL -78
[CDD (BASE 65) ]
TOTAL THIS MO. 0
DPTR FM NORMAL 0 [PRESSURE DATA]
TOTAL FM JAN 1 0 HIGHEST SLP 30.60 ON 7
DPTR FM NORMAL 0 LOWEST SLP 29.30 ON 11
[REMARKS]
13TH: LOW OF 15 TIES PREVIOUS RECORD SET IN 2020.
#FINAL-04-22#