000
CXUS55 KPIH 011805
CF6IDA
PRELIMINARY LOCAL CLIMATOLOGICAL DATA (WS FORM: F-6)
STATION: IDAHO FALLS
MONTH: MAY
YEAR: 2022
LATITUDE: 43 31 N
LONGITUDE: 112 4 W
TEMPERATURE IN F: :PCPN: SNOW: WIND :SUNSHINE: SKY :PK WND
================================================================================
1 2 3 4 5 6A 6B 7 8 9 10 11 12 13 14 15 16 17 18
12Z AVG MX 2MIN
DY MAX MIN AVG DEP HDD CDD WTR SNW DPTH SPD SPD DIR MIN PSBL S-S WX SPD DR
================================================================================
1 59 38 49 1 16 0 0.12 M M 7.5 20 220 M M 8 12 25 220
2 65 34 50 2 15 0 0.40 M M 10.9 36 270 M M 6 128 48 270
3 46 36 41 -8 24 0 0.01 M M 8.8 23 220 M M 10 8 32 210
4 60 36 48 -1 17 0 0.00 M M 5.1 16 210 M M 5 23 220
5 71 36 54 5 11 0 T M M 10.4 37 270 M M 2 50 270
6 67 47 57 7 8 0 T M M 17.5 32 220 M M 3 41 220
7 58 41 50 0 15 0 0.00 M M 25.1 38 230 M M 2 51 210
8 52 35 44 -6 21 0 T M M 18.0 28 220 M M 5 36 220
9 48 28 38 -13 27 0 T M M 21.5 36 220 M M 7 18 50 210
10 55 22 39 -12 26 0 0.00 M M 6.2 18 280 M M 4 29 210
11 64 25 45 -6 20 0 0.00 M M 8.1 23 220 M M 1 30 230
12 61 38 50 -2 15 0 0.00 M M 19.3 32 230 M M 5 42 230
13 59 41 50 -2 15 0 0.00 M M 21.8 43 230 M M 2 57 230
14 68 41 55 3 10 0 0.00 M M 13.7 36 250 M M 5 48 250
15 77 36 57 4 8 0 0.00 M M 5.4 13 210 M M 0 20 200
16 81 45 63 10 2 0 0.00 M M 9.5 24 230 M M 0 33 260
17 75 43 59 6 6 0 0.00 M M 12.7 24 210 M M 0 35 220
18 75 45 60 6 5 0 0.00 M M 17.6 32 230 M M 1 43 240
19 62 33 48 -6 17 0 0.00 M M 22.4 44 230 M M 4 8 62 230
20 58 33 46 -8 19 0 0.00 M M 12.9 25 30 M M 4 38 30
21 62 30 46 -8 19 0 0.00 M M 7.4 22 160 M M 2 29 160
22 53 32 43 -12 22 0 0.08 M M 6.1 24 300 M M 5 31 300
23 61 31 46 -9 19 0 T M M 3.9 14 210 M M 1 12 19 80
24 66 35 51 -4 14 0 T M M 4.3 14 50 M M 2 23 60
25 77 39 58 2 7 0 0.00 M M 11.4 24 190 M M 1 33 190
26 87 39 63 7 2 0 T M M 7.3 35 240 M M 2 48 240
27 78 56 67 11 0 2 T M M 14.5 26 210 M M 4 45 180
28 63 48 56 0 9 0 0.07 M M 17.2 33 210 M M 7 1 42 220
29 56 42 49 -7 16 0 0.04 M M 14.3 24 230 M M 9 1 33 230
30 48 40 44 -13 21 0 0.25 M M 9.6 16 220 M M 10 1 21 220
31 60 41 51 -6 14 0 0.02 M M 5.8 21 150 M M 7 28 130
================================================================================
SM 1972 1166 440 2 0.99 M 376.2 M 124
================================================================================
AV 63.6 37.6 12.1 FASTST M M 4 MAX(MPH)
MISC ----> 44 230 62 230
================================================================================
NOTES:
# LAST OF SEVERAL OCCURRENCES
COLUMN 17 PEAK WIND IN M.P.H.
PRELIMINARY LOCAL CLIMATOLOGICAL DATA (WS FORM: F-6) , PAGE 2
STATION: IDAHO FALLS
MONTH: MAY
YEAR: 2022
LATITUDE: 43 31 N
LONGITUDE: 112 4 W
[TEMPERATURE DATA] [PRECIPITATION DATA] SYMBOLS USED IN COLUMN 16
AVERAGE MONTHLY: 50.6 TOTAL FOR MONTH: 0.99 1 = FOG OR MIST
DPTR FM NORMAL: -2.2 DPTR FM NORMAL: -0.58 2 = FOG REDUCING VISIBILITY
HIGHEST: 87 ON 26 GRTST 24HR 0.41 ON 2- 3 TO 1/4 MILE OR LESS
LOWEST: 22 ON 10 3 = THUNDER
SNOW, ICE PELLETS, HAIL 4 = ICE PELLETS
TOTAL MONTH: M 5 = HAIL
GRTST 24HR M ON M 6 = FREEZING RAIN OR DRIZZLE
GRTST DEPTH: M ON M 7 = DUSTSTORM OR SANDSTORM:
VSBY 1/2 MILE OR LESS
8 = SMOKE OR HAZE
[NO. OF DAYS WITH] [WEATHER - DAYS WITH] 9 = BLOWING SNOW
X = TORNADO
MAX 32 OR BELOW: 0 0.01 INCH OR MORE: 8
MAX 90 OR ABOVE: 0 0.10 INCH OR MORE: 3
MIN 32 OR BELOW: 6 0.50 INCH OR MORE: 0
MIN 0 OR BELOW: 0 1.00 INCH OR MORE: 0
[HDD (BASE 65) ]
TOTAL THIS MO. 440 CLEAR (SCALE 0-3) 14
DPTR FM NORMAL 60 PTCLDY (SCALE 4-7) 13
TOTAL FM JUL 1 7611 CLOUDY (SCALE 8-10) 4
DPTR FM NORMAL -18
[CDD (BASE 65) ]
TOTAL THIS MO. 2
DPTR FM NORMAL 0 [PRESSURE DATA]
TOTAL FM JAN 1 2 HIGHEST SLP 30.23 ON 23
DPTR FM NORMAL 0 LOWEST SLP 29.50 ON 8
[REMARKS]
2ND: RAINFALL OF 0.40 BREAKS PREVIOUS RECORD OF 0.19 SET IN 1983.
10TH: LOW OF 22 BREAKS PREVIOUS RECORD OF 24 SET IN 2006.
26TH: HIGH OF 87 BREAKS PREVIOUS RECORD OF 85 SET IN 1988.
#FINAL-05-22#