000
CXUS55 KVEF 022126
CLAIGM
CLIMATE REPORT
NATIONAL WEATHER SERVICE LAS VEGAS, NV
126 PM PST MON JAN 02 2023
...................................
...THE KINGMAN AZ CLIMATE SUMMARY FOR THE YEAR OF 2022...
CLIMATE NORMAL PERIOD: 1991 TO 2020
CLIMATE RECORD PERIOD: 1901 TO 2023
WEATHER OBSERVED NORMAL DEPART LAST YEAR`S
VALUE DATE(S) VALUE FROM VALUE DATE(S)
NORMAL
................................................................
TEMPERATURE (F)
RECORD
HIGH 113 06/20/2017
07/17/2005
06/20/2016
LOW 4 01/29/1979
HIGHEST 107 07/22 MM MM 111 06/19
07/09
07/10
LOWEST 18 02/05 MM MM 23 02/18
02/26
AVG. MAXIMUM 77.4 77.3 0.1 78.4
AVG. MINIMUM 48.8 47.9 0.9 49.8
MEAN 63.1 62.6 0.5 64.2
DAYS MAX >= 90 111 114.0 -3.0 118
DAYS MAX <= 32 0 0.0 0.0 0
DAYS MIN <= 32 88 66.4 21.6 60
DAYS MIN <= 0 0 0.0 0.0 0
PRECIPITATION (INCHES)
RECORD
MAXIMUM 18.93 1931
MINIMUM 3.58 1947
TOTALS 7.49 8.00 -0.51 9.88
DAILY AVG. 0.02 0.02 -0.00 T
DAYS >= .01 43 40.1 2.9 42
DAYS >= .10 16 19.2 -3.2 23
DAYS >= .50 6 4.1 1.9 6
DAYS >= 1.00 1 0.9 0.1 2
GREATEST
24 HR. TOTAL 1.00 07/28 TO 07/28 1.46 08/31 TO 09/01
STORM TOTAL 1.00 1.45
(MM/DD(HH)) 008/31(0) TO 08/31(23)
SNOWFALL (INCHES)
RECORDS
TOTAL 198.0 2017
24 HR TOTAL 99.0 MM
SNOW DEPTH 99 MM
TOTALS MM MM MM MM
LIQUID EQUIV MM MM MM MM
SINCE 7/1 MM MM MM MM
LIQUID 7/1 MM MM MM MM
SNOWDEPTH AVG. MM MM
DAYS >= TRACE MM MM MM MM
DAYS >= 1.0 MM MM MM MM
GREATEST
SNOW DEPTH MM MM MM
24 HR TOTAL MM MM
STORM TOTAL MM MM
(MM/DD(HH)) MM
DEGREE DAYS
HEATING TOTAL 2994 3012 -18 2690
SINCE 7/1 1305 1221 84 MM
COOLING TOTAL 2404 2174 230 2490
SINCE 1/1 2406 2173 233 MM
FREEZE DATES
RECORD
EARLIEST 09/24/1920
LATEST 05/21/1975
EARLIEST 11/03
LATEST 04/13
................................................................
WIND (MPH)
AVERAGE WIND SPEED 9.7
RESULTANT WIND SPEED/DIRECTION 3/180
HIGHEST WIND SPEED/DIRECTION 55/010 DATE 09/04
HIGHEST GUST SPEED/DIRECTION 74/360 DATE 09/04
SKY COVER
POSSIBLE SUNSHINE (PERCENT) MM
AVERAGE SKY COVER 0.10
NUMBER OF DAYS FAIR 328
NUMBER OF DAYS PC 31
NUMBER OF DAYS CLOUDY 5
AVERAGE RH (PERCENT) 39
WEATHER CONDITIONS. NUMBER OF DAYS WITH
THUNDERSTORM 59 MIXED PRECIP 0
HEAVY RAIN 15 RAIN 19
LIGHT RAIN 65 FREEZING RAIN 0
LT FREEZING RAIN 0 HAIL 0
HEAVY SNOW 0 SNOW 0
LIGHT SNOW 3 SLEET 0
FOG 15 FOG W/VIS <= 1/4 MILE 2
HAZE 45
- INDICATES NEGATIVE NUMBERS.
R INDICATES RECORD WAS SET OR TIED.
MM INDICATES DATA IS MISSING.
T INDICATES TRACE AMOUNT.
$$