000
CXUS53 KILX 011552
CLMILX
CLIMATE REPORT
NATIONAL WEATHER SERVICE LINCOLN IL
1052 AM CDT SAT JUL 01 2023
...................................
...THE LINCOLN IL CLIMATE SUMMARY FOR THE MONTH OF JUNE 2023...
CLIMATE NORMAL PERIOD 1991 TO 2020
CLIMATE RECORD PERIOD 1905 TO 2023
WEATHER OBSERVED NORMAL DEPART LAST YEAR`S
VALUE DATE(S) VALUE FROM VALUE
NORMAL
..............................................................
TEMPERATURE (F)
RECORD
HIGH 105 06/01/1934
LOW 35 06/16/1917
06/11/1913
HIGHEST 92 06/02 MM MM 95
06/03
LOWEST 47 06/09 MM MM 48
AVG. MAXIMUM 84.2 83.3 0.9 84.4
AVG. MINIMUM 57.5 61.3 -3.8 60.7
MEAN 70.8 72.3 -1.5 72.6
DAYS MAX >= 90 6 5.9 0.1 6
DAYS MAX <= 32 0 0.0 0.0 0
DAYS MIN <= 32 0 0.0 0.0 0
DAYS MIN <= 0 0 0.0 0.0 0
PRECIPITATION (INCHES)
RECORD
MAXIMUM 10.79 2010
MINIMUM 0.42 1936
TOTALS 1.44 4.16 -2.72 2.59
DAILY AVG. 0.05 0.14 -0.09 0.09
DAYS >= .01 8 10.5 -2.5 5
DAYS >= .10 3 6.9 -3.9 3
DAYS >= .50 1 3.1 -2.1 2
DAYS >= 1.00 0 1.2 -1.2 1
GREATEST
24 HR. TOTAL 0.95 06/29 TO 06/29 1.60
SNOWFALL (INCHES)
RECORDS
TOTAL 0.0 MM
TOTALS 0.0 0.0 0.0 0.0
SINCE 7/1 7.6 19.3 -11.7 MM
DAYS >= 1.0 0 0.0 0.0 0
GREATEST
SNOW DEPTH 0 0
24 HR TOTAL MM MM
DEGREE DAYS
HEATING TOTAL 7 15 -8 1
SINCE 7/1 5109 5620 -511 MM
COOLING TOTAL 187 234 -47 235
SINCE 1/1 271 335 -64 MM
..............................................................
WIND (MPH)
AVERAGE WIND SPEED MM
HIGHEST WIND SPEED/DIRECTION MM DATE MM
HIGHEST GUST SPEED/DIRECTION MM DATE MM
AVERAGE RH (PERCENT) MM
WEATHER CONDITIONS. NUMBER OF DAYS WITH
THUNDERSTORM 2 MIXED PRECIP 0
HEAVY RAIN 0 RAIN 0
LIGHT RAIN 10 FREEZING RAIN 0
LT FREEZING RAIN 0 HAIL 0
HEAVY SNOW 0 SNOW 0
LIGHT SNOW 0 SLEET 0
FOG 1 FOG W/VIS <= 1/4 MILE 0
HAZE 0
- INDICATES NEGATIVE NUMBERS.
R INDICATES RECORD WAS SET OR TIED.
MM INDICATES DATA IS MISSING.
T INDICATES TRACE AMOUNT.
&&
NO DAILY RECORDS WERE SET THIS MONTH.
$$
ERWIN