241
CXUS55 KLBF 011200
CF6IML
PRELIMINARY LOCAL CLIMATOLOGICAL DATA (WS FORM: F-6)
STATION: IMPERIAL
MONTH: JULY
YEAR: 2020
LATITUDE: 40 31 N
LONGITUDE: 101 37 W
TEMPERATURE IN F: :PCPN: SNOW: WIND :SUNSHINE: SKY :PK WND
================================================================================
1 2 3 4 5 6A 6B 7 8 9 10 11 12 13 14 15 16 17 18
12Z AVG MX 2MIN
DY MAX MIN AVG DEP HDD CDD WTR SNW DPTH SPD SPD DIR MIN PSBL S-S WX SPD DR
================================================================================
1 91 52 72 -2 0 7 0.00 M M 8.5 14 310 M M 1 25 130
2 93 62 78 3 0 13 0.73 M M 10.0 43 210 M M 3 13 61 200
3 90 57 74 -1 0 9 0.00 M M M M M M M 0 M M
4 91 60 76 1 0 11 0.00 M M M M M M M 0 M M
5 90 62 76 1 0 11 0.00 M M M M M M M 0 M M
6 95 61 78 2 0 13 0.00 M M M M M M M 0 M M
7 98 66 82 6 0 17 0.00 M M M M M M M 0 M M
8 99 66 83 7 0 18 0.00 M M M M M M M 0 3 M M
9 91 58 75 -1 0 10 0.00 M M M M M M M 2 M M
10 95 61 78 2 0 13 0.00 M M M M M M M 2 M M
11 91 63 77 1 0 12 0.00 M M M M M M M 1 M M
12 97 62 80 4 0 15 T M M M M M M M 2 38 M M
13 99 66 83 6 0 18 0.25 M M M M M M M 0 13 M M
14 76 62 69 -8 0 4 0.00 M M M M M M M 7 M M
15 81 61 71 -6 0 6 T M M M M M M M 5 1 M M
16 95 61 78 1 0 13 T M M M M M M M 3 3 M M
17 99 67 83 6 0 18 0.00 M M M 15 180 M M 0 20 200
18 95 68 82 5 0 17 0.00 M M 10.5 20 40 M M 0 33 40
19 92 65 79 2 0 14 T M M 12.8 28 140 M M 2 3 45 280
20 92 62 77 0 0 12 0.13 M M 12.1 31 40 M M 1 3 51 40
21 87 57 72 -5 0 7 0.09 M M 8.4 24 330 M M 0 13 34 290
22 94 63 79 2 0 14 0.87 M M 14.8 26 130 M M 0 13 43 140
23 95 71 83 6 0 18 0.10 M M 16.1 40 180 M M 1 3 59 180
24 97 67 82 5 0 17 0.83 M M 16.1 24 130 M M 3 13 45 180
25 94 67 81 4 0 16 0.08 M M 6.2 40 250 M M 2 3 63 290
26 84 68 76 -1 0 11 T M M 7.3 20 10 M M 4 26 20
27 85 67 76 -1 0 11 0.00 M M 6.8 13 80 M M 5 22 30
28 89 64 77 0 0 12 0.00 M M 7.7 16 130 M M 2 12 21 160
29 93 63 78 1 0 13 0.00 M M 4.4 15 120 M M 1 24 300
30 80 62 71 -6 0 6 T M M 11.0 18 30 M M 7 30 30
31 90 57 74 -3 0 9 0.17 M M 4.1 40 30 M M 0 13 58 50
================================================================================
SM 2838 1948 0 385 3.25 M 156.8 M 54
================================================================================
AV 91.6 62.8 9.8 FASTST M M 2 MAX(MPH)
MISC ----> # 43 210 # 63 290
================================================================================
NOTES:
# LAST OF SEVERAL OCCURRENCES
COLUMN 17 PEAK WIND IN M.P.H.
PRELIMINARY LOCAL CLIMATOLOGICAL DATA (WS FORM: F-6) , PAGE 2
STATION: IMPERIAL
MONTH: JULY
YEAR: 2020
LATITUDE: 40 31 N
LONGITUDE: 101 37 W
[TEMPERATURE DATA] [PRECIPITATION DATA] SYMBOLS USED IN COLUMN 16
AVERAGE MONTHLY: 77.2 TOTAL FOR MONTH: 3.25 1 = FOG OR MIST
DPTR FM NORMAL: 0.8 DPTR FM NORMAL: 0.36 2 = FOG REDUCING VISIBILITY
HIGHEST: 99 ON 17,13 GRTST 24HR 0.87 ON 22-22 TO 1/4 MILE OR LESS
LOWEST: 52 ON 1 3 = THUNDER
SNOW, ICE PELLETS, HAIL 4 = ICE PELLETS
TOTAL MONTH: M 5 = HAIL
GRTST 24HR M ON M 6 = FREEZING RAIN OR DRIZZLE
GRTST DEPTH: M ON M 7 = DUSTSTORM OR SANDSTORM:
VSBY 1/2 MILE OR LESS
8 = SMOKE OR HAZE
[NO. OF DAYS WITH] [WEATHER - DAYS WITH] 9 = BLOWING SNOW
X = TORNADO
MAX 32 OR BELOW: 0 0.01 INCH OR MORE: 9
MAX 90 OR ABOVE: 24 0.10 INCH OR MORE: 7
MIN 32 OR BELOW: 0 0.50 INCH OR MORE: 3
MIN 0 OR BELOW: 0 1.00 INCH OR MORE: 0
[HDD (BASE 65) ]
TOTAL THIS MO. 0 CLEAR (SCALE 0-3) 26
DPTR FM NORMAL -2 PTCLDY (SCALE 4-7) 5
TOTAL FM JUL 1 0 CLOUDY (SCALE 8-10) 0
DPTR FM NORMAL -2
[CDD (BASE 65) ]
TOTAL THIS MO. 385
DPTR FM NORMAL 29 [PRESSURE DATA]
TOTAL FM JAN 1 749 HIGHEST SLP 30.15 ON 30
DPTR FM NORMAL 165 LOWEST SLP 29.60 ON 8
[REMARKS]
#FINAL-07-20#