000
CXUS53 KIND 011909
CF6IND
PRELIMINARY LOCAL CLIMATOLOGICAL DATA (WS FORM: F-6)
STATION: INDIANAPOLIS IN
MONTH: AUGUST
YEAR: 2023
LATITUDE: 39 43 N
LONGITUDE: 86 17 W
TEMPERATURE IN F: :PCPN: SNOW: WIND :SUNSHINE: SKY :PK WND
================================================================================
1 2 3 4 5 6A 6B 7 8 9 10 11 12 13 14 15 16 17 18
12Z AVG MX 2MIN
DY MAX MIN AVG DEP HDD CDD WTR SNW DPTH SPD SPD DIR MIN PSBL S-S WX SPD DR
================================================================================
1 82 62 72 -4 0 7 0.00 0.0 0 4.5 12 150 M M 3 15 180
2 82 64 73 -3 0 8 0.00 0.0 0 7.4 14 160 M M 8 19 160
3 88 69 79 3 0 14 0.00 0.0 0 5.2 10 320 M M 5 21 320
4 90 68 79 3 0 14 0.00 0.0 0 3.7 13 210 M M 4 16 190
5 89 72 81 6 0 16 0.02 0.0 0 11.3 23 150 M M 7 1 32 150
6 80 66 73 -2 0 8 0.17 0.0 0 10.7 20 240 M M 9 13 28 250
7 76 67 72 -3 0 7 0.30 0.0 0 9.5 21 330 M M 9 13 26 320
8 82 61 72 -3 0 7 0.60 0.0 0 6.5 26 270 M M 6 13 33 270
9 81 64 73 -2 0 8 0.98 0.0 0 7.3 24 210 M M 7 13 30 210
10 82 66 74 -1 0 9 0.00 0.0 0 8.0 16 270 M M 7 22 280
11 85 66 76 1 0 11 0.00 0.0 0 9.4 23 180 M M 6 29 180
12 87 70 79 4 0 14 0.04 0.0 0 10.6 23 240 M M 6 13 31 240
13 87 64 76 1 0 11 T 0.0 0 5.4 13 290 M M 6 16 290
14 78 67 73 -2 0 8 0.77 0.0 0 8.7 16 260 M M 9 13 23 270
15 74 61 68 -7 0 3 0.00 0.0 0 11.8 23 300 M M 7 30 290
16 80 56 68 -7 0 3 0.00 0.0 0 6.1 12 200 M M 2 14 290
17 78 60 69 -6 0 4 0.08 0.0 0 11.9 25 210 M M 4 13 33 220
18 77 56 67 -8 0 2 0.00 0.0 0 5.3 13 300 M M 4 18 19 290
19 80 60 70 -5 0 5 0.00 0.0 0 6.9 14 150 M M 4 18 19 160
20 90 65 78 3 0 13 0.00 0.0 0 5.6 15 200 M M 5 18 210
21 93 76 85 11 0 20 0.00 0.0 0 3.5 12 50 M M 8 14 50
22 88 74 81 7 0 16 0.00 0.0 0 6.4 12 90 M M 4 18 17 50
23 91 70 81 7 0 16 0.00 0.0 0 8.5 17 220 M M 4 22 230
24 94 78 86 12 0 21 0.00 0.0 0 11.5 21 230 M M 6 18 25 230
25 93 77 85 11 0 20 0.00 0.0 0 8.9 18 250 M M 6 3 23 250
26 85 71 78 4 0 13 0.01 0.0 0 7.9 17 270 M M 7 3 24 260
27 81 66 74 0 0 9 0.00 0.0 0 10.2 17 50 M M 6 23 50
28 80 59 70 -3 0 5 0.00 0.0 0 8.6 16 30 M M 2 20 30
29 82 58 70 -3 0 5 0.00 0.0 0 5.5 15 350 M M 4 20 360
30 75 60 68 -5 0 3 0.00 0.0 0 11.6 22 360 M M 3 29 10
31 78 55 67 -6 0 2 0.00 0.0 0 10.2 16 60 M M 0 25 20
================================================================================
SM 2588 2028 0 302 2.97 0.0 248.6 M 168
================================================================================
AV 83.5 65.4 8.0 FASTST M M 5 MAX(MPH)
MISC ----> 26 270 # 33 270
================================================================================
NOTES:
# LAST OF SEVERAL OCCURRENCES
COLUMN 17 PEAK WIND IN M.P.H.
PRELIMINARY LOCAL CLIMATOLOGICAL DATA (WS FORM: F-6) , PAGE 2
STATION: INDIANAPOLIS IN
MONTH: AUGUST
YEAR: 2023
LATITUDE: 39 43 N
LONGITUDE: 86 17 W
[TEMPERATURE DATA] [PRECIPITATION DATA] SYMBOLS USED IN COLUMN 16
AVERAGE MONTHLY: 74.5 TOTAL FOR MONTH: 2.97 1 = FOG OR MIST
DPTR FM NORMAL: -0.2 DPTR FM NORMAL: -0.23 2 = FOG REDUCING VISIBILITY
HIGHEST: 94 ON 24 GRTST 24HR 0.98 ON 9- 9 TO 1/4 MILE OR LESS
LOWEST: 55 ON 31 3 = THUNDER
SNOW, ICE PELLETS, HAIL 4 = ICE PELLETS
TOTAL MONTH: 0.0 INCH 5 = HAIL
GRTST 24HR 0.0 6 = FREEZING RAIN OR DRIZZLE
GRTST DEPTH: 0 7 = DUSTSTORM OR SANDSTORM:
VSBY 1/2 MILE OR LESS
8 = SMOKE OR HAZE
[NO. OF DAYS WITH] [WEATHER - DAYS WITH] 9 = BLOWING SNOW
X = TORNADO
MAX 32 OR BELOW: 0 0.01 INCH OR MORE: 9
MAX 90 OR ABOVE: 6 0.10 INCH OR MORE: 5
MIN 32 OR BELOW: 0 0.50 INCH OR MORE: 3
MIN 0 OR BELOW: 0 1.00 INCH OR MORE: 0
[HDD (BASE 65) ]
TOTAL THIS MO. 0 CLEAR (SCALE 0-3) 5
DPTR FM NORMAL -2 PTCLDY (SCALE 4-7) 23
TOTAL FM JUL 1 0 CLOUDY (SCALE 8-10) 3
DPTR FM NORMAL -1
[CDD (BASE 65) ]
TOTAL THIS MO. 302
DPTR FM NORMAL 1 [PRESSURE DATA]
TOTAL FM JAN 1 976 HIGHEST SLP 30.23 ON 1
DPTR FM NORMAL 0 LOWEST SLP 29.70 ON 7
[REMARKS]
#FINAL-08-23#