000
CXUS53 KIND 280600
CF6IND
PRELIMINARY LOCAL CLIMATOLOGICAL DATA (WS FORM: F-6)
STATION: INDIANAPOLIS IN
MONTH: MARCH
YEAR: 2024
LATITUDE: 39 43 N
LONGITUDE: 86 17 W
TEMPERATURE IN F: :PCPN: SNOW: WIND :SUNSHINE: SKY :PK WND
================================================================================
1 2 3 4 5 6A 6B 7 8 9 10 11 12 13 14 15 16 17 18
12Z AVG MX 2MIN
DY MAX MIN AVG DEP HDD CDD WTR SNW DPTH SPD SPD DIR MIN PSBL S-S WX SPD DR
================================================================================
1 43 29 36 -1 29 0 T 0.0 0 7.8 13 130 M M 8 1 17 140
2 55 40 48 11 17 0 T 0.0 0 6.9 15 140 M M 8 1 19 170
3 70 39 55 17 10 0 0.00 0.0 0 11.8 22 160 M M 4 1 29 150
4 77 53 65 27 0 0 0.00 0.0 0 10.9 23 200 M M 6 30 200
5 64 52 58 20 7 0 0.86 0.0 0 7.7 18 80 M M 9 13 24 290
6 52 45 49 10 16 0 0.00 0.0 0 10.6 17 10 M M 10 12 21 10
7 50 44 47 8 18 0 T 0.0 0 8.9 14 110 M M 10 1 18 120
8 56 47 52 12 13 0 0.42 0.0 0 10.1 18 240 M M 10 1 23 240
9 55 38 47 7 18 0 0.03 0.0 0 14.2 23 300 M M 9 1 34 300
10 48 30 39 -1 26 0 0.00 0.0 0 14.4 28 320 M M 2 36 310
11 60 27 44 3 21 0 0.00 0.0 0 10.2 22 240 M M 0 28 220
12 69 41 55 14 10 0 0.00 0.0 0 12.1 24 240 M M 4 35 250
13 74 46 60 19 5 0 T 0.0 0 8.6 17 150 M M 5 23 150
14 74 55 65 23 0 0 0.47 T 0 15.9 35 210 M M 8 13 44 220
15 58 42 50 8 15 0 T 0.0 0 11.4 21 20 M M 7 1 28 10
16 63 36 50 8 15 0 T 0.0 0 16.4 31 230 M M 4 39 320
17 46 31 39 -4 26 0 0.00 0.0 0 14.6 22 290 M M 5 29 290
18 41 27 34 -9 31 0 T T 0 11.8 22 310 M M 8 29 310
19 55 26 41 -3 24 0 0.00 0.0 0 18.1 35 230 M M 3 45 220
20 51 31 41 -3 24 0 0.00 0.0 0 15.3 26 280 M M 3 37 290
21 43 28 36 -8 29 0 0.00 0.0 0 9.4 14 100 M M 5 23 100
22 46 33 40 -5 25 0 0.01 0.0 0 9.8 17 10 M M 7 24 10
23 47 32 40 -5 25 0 T 0.0 0 12.6 22 20 M M 5 32 40
24 54 31 43 -2 22 0 0.00 0.0 0 13.3 24 130 M M 5 31 130
25 70 44 57 11 8 0 0.08 0.0 0 17.4 31 160 M M 9 42 160
26 66 40 53 7 12 0 0.29 0.0 0 19.3 33 210 M M 9 1 47 210
27 47 35 41 -5 24 0 0.00 0.0 0 11.2 22 270 M M 6 29 280
================================================================================
SM 1534 1022 470 0 2.16 T 330.7 M 169
================================================================================
AV 56.8 37.9 12.2 FASTST M M 6 MAX(MPH)
MISC ----> # 35 210 47 210
================================================================================
NOTES:
# LAST OF SEVERAL OCCURRENCES
COLUMN 17 PEAK WIND IN M.P.H.
PRELIMINARY LOCAL CLIMATOLOGICAL DATA (WS FORM: F-6) , PAGE 2
STATION: INDIANAPOLIS IN
MONTH: MARCH
YEAR: 2024
LATITUDE: 39 43 N
LONGITUDE: 86 17 W
[TEMPERATURE DATA] [PRECIPITATION DATA] SYMBOLS USED IN COLUMN 16
AVERAGE MONTHLY: 47.3 TOTAL FOR MONTH: 2.16 1 = FOG OR MIST
DPTR FM NORMAL: 5.6 DPTR FM NORMAL: -1.00 2 = FOG REDUCING VISIBILITY
HIGHEST: 77 ON 4 GRTST 24HR 0.86 ON 5- 5 TO 1/4 MILE OR LESS
LOWEST: 26 ON 19 3 = THUNDER
SNOW, ICE PELLETS, HAIL 4 = ICE PELLETS
TOTAL MONTH: T 5 = HAIL
GRTST 24HR T ON 14-14 6 = FREEZING RAIN OR DRIZZLE
GRTST DEPTH: 0 7 = DUSTSTORM OR SANDSTORM:
VSBY 1/2 MILE OR LESS
8 = SMOKE OR HAZE
[NO. OF DAYS WITH] [WEATHER - DAYS WITH] 9 = BLOWING SNOW
X = TORNADO
MAX 32 OR BELOW: 0 0.01 INCH OR MORE: 7
MAX 90 OR ABOVE: 0 0.10 INCH OR MORE: 4
MIN 32 OR BELOW: 10 0.50 INCH OR MORE: 1
MIN 0 OR BELOW: 0 1.00 INCH OR MORE: 0
[HDD (BASE 65) ]
TOTAL THIS MO. 470 CLEAR (SCALE 0-3) 4
DPTR FM NORMAL -160 PTCLDY (SCALE 4-7) 16
TOTAL FM JUL 1 3866 CLOUDY (SCALE 8-10) 7
DPTR FM NORMAL -813
[CDD (BASE 65) ]
TOTAL THIS MO. 0
DPTR FM NORMAL 0 [PRESSURE DATA]
TOTAL FM JAN 1 0 HIGHEST SLP M ON M
DPTR FM NORMAL 0 LOWEST SLP 29.51 ON 26
[REMARKS]