000
CXUS54 KMAF 012326
CF6INK
PRELIMINARY LOCAL CLIMATOLOGICAL DATA (WS FORM: F-6)
STATION: WINK
MONTH: OCTOBER
YEAR: 2023
LATITUDE: 31 46 N
LONGITUDE: 103 12 W
TEMPERATURE IN F: :PCPN: SNOW: WIND :SUNSHINE: SKY :PK WND
================================================================================
1 2 3 4 5 6A 6B 7 8 9 10 11 12 13 14 15 16 17 18
12Z AVG MX 2MIN
DY MAX MIN AVG DEP HDD CDD WTR SNW DPTH SPD SPD DIR MIN PSBL S-S WX SPD DR
================================================================================
1 90 72 81 10 0 16 0.00 M M 17.1 28 130 M M 1 34 130
2 M M M M M M M M M M M M M M M M M
3 91 67 79 8 0 14 M M M 12.4 44 200 M M 0 13 58 160
4 94 70 82 12 0 17 0.00 M M 8.4 17 30 M M 0 23 40
5 85 64 75 5 0 10 0.00 M M 10.1 20 30 M M 3 27 50
6 82 56 69 -1 0 4 0.00 M M 6.4 17 100 M M 0 24 90
7 76 53 65 -4 0 0 0.00 M M 8.8 24 60 M M 0 32 50
8 83 51 67 -2 0 2 0.00 M M 6.0 14 150 M M 0 18 130
9 87 52 70 1 0 5 0.00 M M 6.1 13 140 M M 0 16 140
10 88 60 74 6 0 9 0.84 M M 7.5 45 270 M M 0 3 53 280
11 93 61 77 9 0 12 0.00 M M 11.7 21 220 M M 0 1 28 250
12 92 63 78 10 0 13 0.00 M M 17.3 36 240 M M 2 8 53 230
13 78 57 68 1 0 3 0.00 M M 9.8 24 20 M M 0 32 30
14 71 50 61 -6 4 0 0.00 M M 6.9 15 70 M M 0 20 70
15 73 49 61 -5 4 0 0.00 M M 6.6 14 50 M M 0 21 120
16 77 45 61 -5 4 0 0.00 M M 5.8 10 140 M M 0 15 140
17 86 54 70 4 0 5 0.00 M M 11.8 20 140 M M 0 25 130
18 95 54 75 10 0 10 0.00 M M 8.8 25 30 M M 0 34 340
19 84 52 68 3 0 3 0.00 M M 4.8 10 340 M M 0 15 150
20 90 49 70 6 0 5 0.00 M M 6.0 10 130 M M 0 13 170
21 92 65 79 15 0 14 0.00 M M 10.1 25 160 M M 0 32 160
22 86 69 78 14 0 13 T M M 11.5 23 140 M M 2 33 160
23 73 65 69 6 0 4 0.06 M M 14.8 25 150 M M 6 1 33 150
24 84 60 72 9 0 7 T M M 10.0 31 130 M M 3 1238 41 140
25 80 59 70 8 0 5 0.01 M M 10.3 23 260 M M 1 1 30 240
26 85 53 69 7 0 4 0.00 M M 9.0 22 250 M M 0 29 210
27 79 51 65 4 0 0 0.00 M M 8.4 17 10 M M 0 18 22 10
28 83 61 72 11 0 7 0.00 M M 11.9 24 150 M M 7 18 31 120
29 70 37 54 -7 11 0 0.01 M M 18.5 30 30 M M 9 138 38 30
30 48 36 42 -18 23 0 0.00 M M 9.0 24 10 M M 5 31 10
31 58 28 43 -17 22 0 0.00 M M 4.9 10 130 M M 0 13 30
================================================================================
SM 2453 1663 68 182 0.92 M 290.7 M 39
================================================================================
AV 81.8 55.4 9.7 FASTST M M 1 MAX(MPH)
MISC ----> 45 270 58 160
================================================================================
NOTES:
# LAST OF SEVERAL OCCURRENCES
COLUMN 17 PEAK WIND IN M.P.H.
PRELIMINARY LOCAL CLIMATOLOGICAL DATA (WS FORM: F-6) , PAGE 2
STATION: WINK
MONTH: OCTOBER
YEAR: 2023
LATITUDE: 31 46 N
LONGITUDE: 103 12 W
[TEMPERATURE DATA] [PRECIPITATION DATA] SYMBOLS USED IN COLUMN 16
AVERAGE MONTHLY: 68.6 TOTAL FOR MONTH: 0.92 1 = FOG OR MIST
DPTR FM NORMAL: 2.8 DPTR FM NORMAL: -0.26 2 = FOG REDUCING VISIBILITY
HIGHEST: 95 ON 18 GRTST 24HR 0.84 ON 10-10 TO 1/4 MILE OR LESS
LOWEST: 28 ON 31 3 = THUNDER
SNOW, ICE PELLETS, HAIL 4 = ICE PELLETS
TOTAL MONTH: M 5 = HAIL
GRTST 24HR M ON M 6 = FREEZING RAIN OR DRIZZLE
GRTST DEPTH: M ON M 7 = DUSTSTORM OR SANDSTORM:
VSBY 1/2 MILE OR LESS
8 = SMOKE OR HAZE
[NO. OF DAYS WITH] [WEATHER - DAYS WITH] 9 = BLOWING SNOW
X = TORNADO
MAX 32 OR BELOW: 0 0.01 INCH OR MORE: 4
MAX 90 OR ABOVE: 8 0.10 INCH OR MORE: 1
MIN 32 OR BELOW: 1 0.50 INCH OR MORE: 1
MIN 0 OR BELOW: 0 1.00 INCH OR MORE: 0
[HDD (BASE 65) ]
TOTAL THIS MO. 68 CLEAR (SCALE 0-3) 26
DPTR FM NORMAL -20 PTCLDY (SCALE 4-7) 3
TOTAL FM JUL 1 68 CLOUDY (SCALE 8-10) 2
DPTR FM NORMAL -28
[CDD (BASE 65) ]
TOTAL THIS MO. 182
DPTR FM NORMAL 68 [PRESSURE DATA]
TOTAL FM JAN 1 2822 HIGHEST SLP 30.54 ON 30
DPTR FM NORMAL 166 LOWEST SLP 29.38 ON 11
[REMARKS]
#FINAL-10-23#