000
CXUS54 KMAF 251110
CF6INK
PRELIMINARY LOCAL CLIMATOLOGICAL DATA (WS FORM: F-6)
STATION: WINK
MONTH: APRIL
YEAR: 2024
LATITUDE: 31 46 N
LONGITUDE: 103 12 W
TEMPERATURE IN F: :PCPN: SNOW: WIND :SUNSHINE: SKY :PK WND
================================================================================
1 2 3 4 5 6A 6B 7 8 9 10 11 12 13 14 15 16 17 18
12Z AVG MX 2MIN
DY MAX MIN AVG DEP HDD CDD WTR SNW DPTH SPD SPD DIR MIN PSBL S-S WX SPD DR
================================================================================
1 79 58 69 7 0 4 T M M 16.8 46 290 M M 4 8 63 290
2 68 47 58 -5 7 0 0.00 M M 13.1 38 340 M M 3 8 49 340
3 80 39 60 -3 5 0 0.00 M M 4.9 17 320 M M 0 22 290
4 84 42 63 0 2 0 0.00 M M 7.5 17 220 M M 0 23 140
5 89 51 70 6 0 5 0.00 M M 19.5 33 150 M M 0 46 150
6 77 53 65 1 0 0 0.00 M M 17.3 37 280 M M 3 49 260
7 79 41 60 -4 5 0 0.00 M M 10.6 24 250 M M 0 32 260
8 82 43 63 -1 2 0 0.00 M M 7.8 25 70 M M 0 33 80
9 67 47 57 -7 8 0 0.00 M M 19.4 35 350 M M 6 44 360
10 74 42 58 -7 7 0 0.00 M M 9.5 22 340 M M 1 33 340
11 82 42 62 -3 3 0 0.00 M M 9.1 18 140 M M 0 29 150
12 86 57 72 7 0 7 0.00 M M 17.0 32 150 M M 0 40 140
13 91 58 75 10 0 10 0.00 M M 10.3 18 150 M M 0 23 150
14 95 57 76 10 0 11 0.00 M M 8.2 21 210 M M 0 29 210
15 96 65 81 15 0 16 0.00 M M 11.9 31 230 M M 1 41 230
16 88 57 73 7 0 8 0.00 M M 9.1 21 240 M M 0 36 220
17 94 55 75 9 0 10 0.00 M M 8.1 23 240 M M 0 41 220
18 92 50 71 5 0 6 0.00 M M 9.6 28 30 M M 0 38 40
19 69 54 62 -5 3 0 0.00 M M 11.9 23 40 M M 5 28 50
20 63 50 57 -10 8 0 0.15 M M 13.9 23 30 M M 10 3 29 30
21 60 46 53 -14 12 0 0.00 M M 9.5 16 80 M M 10 21 60
22 81 51 66 -2 0 1 0.00 M M M 25 160 M M 10 32 130
23 96 55 76 8 0 11 0.00 M M 9.7 24 160 M M 0 29 130
24 91 59 75 7 0 10 0.00 M M 9.4 28 150 M M 0 35 150
================================================================================
SM 1963 1219 62 99 0.15 M 264.1 M 53
================================================================================
AV 81.8 50.8 11.5 FASTST M M 2 MAX(MPH)
MISC ----> 46 290 63 290
================================================================================
NOTES:
# LAST OF SEVERAL OCCURRENCES
COLUMN 17 PEAK WIND IN M.P.H.
PRELIMINARY LOCAL CLIMATOLOGICAL DATA (WS FORM: F-6) , PAGE 2
STATION: WINK
MONTH: APRIL
YEAR: 2024
LATITUDE: 31 46 N
LONGITUDE: 103 12 W
[TEMPERATURE DATA] [PRECIPITATION DATA] SYMBOLS USED IN COLUMN 16
AVERAGE MONTHLY: 66.3 TOTAL FOR MONTH: 0.15 1 = FOG OR MIST
DPTR FM NORMAL: 1.0 DPTR FM NORMAL: -0.20 2 = FOG REDUCING VISIBILITY
HIGHEST: 96 ON 23,15 GRTST 24HR 0.15 ON 20-20 TO 1/4 MILE OR LESS
LOWEST: 39 ON 3 3 = THUNDER
SNOW, ICE PELLETS, HAIL 4 = ICE PELLETS
TOTAL MONTH: M 5 = HAIL
GRTST 24HR M ON M 6 = FREEZING RAIN OR DRIZZLE
GRTST DEPTH: M ON M 7 = DUSTSTORM OR SANDSTORM:
VSBY 1/2 MILE OR LESS
8 = SMOKE OR HAZE
[NO. OF DAYS WITH] [WEATHER - DAYS WITH] 9 = BLOWING SNOW
X = TORNADO
MAX 32 OR BELOW: 0 0.01 INCH OR MORE: 1
MAX 90 OR ABOVE: 7 0.10 INCH OR MORE: 1
MIN 32 OR BELOW: 0 0.50 INCH OR MORE: 0
MIN 0 OR BELOW: 0 1.00 INCH OR MORE: 0
[HDD (BASE 65) ]
TOTAL THIS MO. 62 CLEAR (SCALE 0-3) 17
DPTR FM NORMAL -10 PTCLDY (SCALE 4-7) 4
TOTAL FM JUL 1 1963 CLOUDY (SCALE 8-10) 3
DPTR FM NORMAL -469
[CDD (BASE 65) ]
TOTAL THIS MO. 99
DPTR FM NORMAL 20 [PRESSURE DATA]
TOTAL FM JAN 1 138 HIGHEST SLP M ON M
DPTR FM NORMAL 33 LOWEST SLP 29.47 ON 15
[REMARKS]