000
CXUS53 KDLH 011702
CLSINL
CLIMATE REPORT
NATIONAL WEATHER SERVICE DULUTH MN
1202 PM CDT THU SEP 01 2022
...................................
...THE INTERNATIONAL FALLS CLIMATE SUMMARY FOR THE SEASON, FROM
6/1/2022 TO 8/31/2022...
CLIMATE NORMAL PERIOD: 1991 TO 2020
CLIMATE RECORD PERIOD: 1895 TO 2022
WEATHER OBSERVED NORMAL DEPART LAST YEAR`S
VALUE DATE(S) VALUE FROM VALUE DATE(S)
NORMAL
................................................................
TEMPERATURE (F)
RECORD
HIGH 103 07/22/1923
LOW 23 06/01/1964
HIGHEST 94 06/20 MM MM 98
LOWEST 36 06/04 MM MM 35
06/05
MEAN 64.0 62.9 1.1 67.0
PRECIPITATION (INCHES)
RECORD
MAXIMUM 18.99 1942
MINIMUM 4.95 1910
TOTALS 12.24 10.57 1.67 5.86
SNOWFALL (INCHES)
RECORDS
TOTAL 0.3 1969
SNOW DEPTH MM MM
TOTALS 0.0 0.0 0.0 0.0
SINCE 7/1 0.0 0.0 0.0
SNOWDEPTH AVG. 0 0
DAYS >= TRACE 0 0.0 0.0 0
DAYS >= 1.0 0 0.0 0.0 0
DAYS >= 1.0 0 0
GREATEST
SNOW DEPTH 0 0 MM
DEGREE DAYS
HEATING TOTAL 244 350 -106 150
COOLING TOTAL 173 154 19 361
................................................................
WIND (MPH)
AVERAGE WIND SPEED 6.1
HIGHEST WIND SPEED/DIRECTION 37/020
HIGHEST GUST SPEED/DIRECTION 54/010
SKY COVER
POSSIBLE SUNSHINE (PERCENT) MM
- INDICATES NEGATIVE NUMBERS.
R INDICATES RECORD WAS SET OR TIED.
MM INDICATES DATA IS MISSING.
T INDICATES TRACE AMOUNT.
$$