000
CXUS56 KFGZ 010910
CF6INW
PRELIMINARY LOCAL CLIMATOLOGICAL DATA (WS FORM: F-6)
STATION: WINSLOW AZ AIRPORT
MONTH: MAY
YEAR: 2022
LATITUDE: 35 1 N
LONGITUDE: 110 44 W
TEMPERATURE IN F: :PCPN: SNOW: WIND :SUNSHINE: SKY :PK WND
================================================================================
1 2 3 4 5 6A 6B 7 8 9 10 11 12 13 14 15 16 17 18
12Z AVG MX 2MIN
DY MAX MIN AVG DEP HDD CDD WTR SNW DPTH SPD SPD DIR MIN PSBL S-S WX SPD DR
================================================================================
1 81 45 63 4 2 0 0.00 M M 19.0 43 210 M M 0 53 220
2 82 38 60 1 5 0 0.00 M M 10.3 25 260 M M 0 30 270
3 81 43 62 2 3 0 0.00 M M 18.1 37 260 M M 0 46 260
4 71 38 55 -5 10 0 0.00 M M 9.9 21 320 M M 0 33 330
5 83 33 58 -2 7 0 0.00 M M 5.4 17 240 M M 0 23 240
6 90 46 68 8 0 3 0.00 M M 10.6 25 220 M M 0 33 220
7 89 50 70 9 0 5 0.00 M M 18.3 39 220 M M 0 48 230
8 82 58 70 9 0 5 0.00 M M 23.7 40 220 M M 0 52 250
9 79 53 66 5 0 1 0.00 M M 19.1 33 220 M M 0 48 210
10 82 42 62 0 3 0 0.00 M M 12.2 29 200 M M 0 35 200
11 82 38 60 -2 5 0 0.00 M M 18.4 41 220 M M 0 52 220
12 76 29 53 -9 12 0 0.00 M M 5.5 18 310 M M 0 23 340
13 83 34 59 -4 6 0 0.00 M M 4.4 12 10 M M 0 15 10
14 91 37 64 1 1 0 0.00 M M 4.3 12 60 M M 0 15 40
15 96 41 69 6 0 4 0.00 M M 7.3 22 210 M M 0 27 130
16 91 57 74 10 0 9 0.00 M M 9.6 24 250 M M 0 32 240
17 90 47 69 5 0 4 0.00 M M 9.1 24 240 M M 0 31 240
18 91 53 72 8 0 7 0.00 M M 8.1 22 240 M M 0 27 240
19 92 51 72 7 0 7 0.00 M M 12.6 30 240 M M 0 37 240
20 84 57 71 6 0 6 0.00 M M 22.0 43 230 M M 1 52 250
21 84 56 70 5 0 5 0.00 M M 11.6 30 250 M M 3 38 260
22 87 50 69 3 0 4 0.00 M M 11.1 32 250 M M 0 50 240
23 83 58 71 5 0 6 0.00 M M 11.9 30 310 M M 1 39 280
24 80 46 63 -3 2 0 0.00 M M 10.0 23 320 M M 0 33 310
25 87 43 65 -2 0 0 0.00 M M 5.6 16 360 M M 0 24 350
26 96 47 72 5 0 7 0.00 M M 9.8 22 260 M M 0 28 220
27 95 52 74 7 0 9 0.00 M M 11.3 28 250 M M 0 35 210
28 89 52 71 3 0 6 0.00 M M 15.6 33 230 M M 0 46 190
29 84 49 67 -1 0 2 0.00 M M 18.3 36 250 M M 0 46 250
30 82 49 66 -2 0 1 0.00 M M 13.1 31 240 M M 0 41 230
31 87 43 65 -4 0 0 0.00 M M 8.8 24 250 M M 0 33 220
================================================================================
SM 2650 1435 56 91 0.00 M 375.0 M 5
================================================================================
AV 85.5 46.3 12.1 FASTST M M 0 MAX(MPH)
MISC ----> # 43 210 53 220
================================================================================
NOTES:
# LAST OF SEVERAL OCCURRENCES
COLUMN 17 PEAK WIND IN M.P.H.
PRELIMINARY LOCAL CLIMATOLOGICAL DATA (WS FORM: F-6) , PAGE 2
STATION: WINSLOW AZ AIRPORT
MONTH: MAY
YEAR: 2022
LATITUDE: 35 1 N
LONGITUDE: 110 44 W
[TEMPERATURE DATA] [PRECIPITATION DATA] SYMBOLS USED IN COLUMN 16
AVERAGE MONTHLY: 65.9 TOTAL FOR MONTH: 0.00 1 = FOG OR MIST
DPTR FM NORMAL: 2.2 DPTR FM NORMAL: -0.30 2 = FOG REDUCING VISIBILITY
HIGHEST: 96 ON 26,15 GRTST 24HR 0.00 ON 1- 1 TO 1/4 MILE OR LESS
LOWEST: 29 ON 12 3 = THUNDER
SNOW, ICE PELLETS, HAIL 4 = ICE PELLETS
TOTAL MONTH: M 5 = HAIL
GRTST 24HR M ON M 6 = FREEZING RAIN OR DRIZZLE
GRTST DEPTH: M ON M 7 = DUSTSTORM OR SANDSTORM:
VSBY 1/2 MILE OR LESS
8 = SMOKE OR HAZE
[NO. OF DAYS WITH] [WEATHER - DAYS WITH] 9 = BLOWING SNOW
X = TORNADO
MAX 32 OR BELOW: 0 0.01 INCH OR MORE: 0
MAX 90 OR ABOVE: 9 0.10 INCH OR MORE: 0
MIN 32 OR BELOW: 1 0.50 INCH OR MORE: 0
MIN 0 OR BELOW: 0 1.00 INCH OR MORE: 0
[HDD (BASE 65) ]
TOTAL THIS MO. 56 CLEAR (SCALE 0-3) 31
DPTR FM NORMAL -50 PTCLDY (SCALE 4-7) 0
TOTAL FM JUL 1 4082 CLOUDY (SCALE 8-10) 0
DPTR FM NORMAL -239
[CDD (BASE 65) ]
TOTAL THIS MO. 91
DPTR FM NORMAL 25 [PRESSURE DATA]
TOTAL FM JAN 1 96 HIGHEST SLP M ON M
DPTR FM NORMAL 26 LOWEST SLP 29.43 ON 29
[REMARKS]
#FINAL-05-22#