000
CXUS51 KCTP 010900
CF6IPT
PRELIMINARY LOCAL CLIMATOLOGICAL DATA (WS FORM: F-6)
STATION: WILLIAMSPORT PA
MONTH: FEBRUARY
YEAR: 2022
LATITUDE: 41 15 N
LONGITUDE: 76 55 W
TEMPERATURE IN F: :PCPN: SNOW: WIND :SUNSHINE: SKY :PK WND
================================================================================
1 2 3 4 5 6A 6B 7 8 9 10 11 12 13 14 15 16 17 18
12Z AVG MX 2MIN
DY MAX MIN AVG DEP HDD CDD WTR SNW DPTH SPD SPD DIR MIN PSBL S-S WX SPD DR
================================================================================
1 35 5 20 -8 45 0 0.00 0.0 4 3.8 16 50 M M 0 18 24 100
2 39 28 34 6 31 0 T 0.0 4 6.5 15 90 M M 7 8 22 90
3 39 33 36 8 29 0 1.62 0.0 3 3.4 13 60 M M 10 128 14 50
4 33 22 28 0 37 0 0.53 0.4 3 8.3 14 310 M M 10 1468 18 330
5 25 13 19 -9 46 0 T T 3 6.9 20 310 M M 5 26 320
6 29 9 19 -9 46 0 0.00 0.0 3 3.5 13 160 M M 0 25 160
7 39 16 28 0 37 0 0.00 0.0 3 1.6 14 70 M M 0 1 16 70
8 36 19 28 -1 37 0 0.00 0.0 2 6.4 17 260 M M 4 18 24 280
9 47 15 31 2 34 0 0.00 0.0 2 5.4 25 170 M M 1 8 32 170
10 46 27 37 8 28 0 0.00 0.0 2 5.9 25 220 M M 7 18 33 210
11 54 19 37 8 28 0 0.00 0.0 2 6.4 22 160 M M 1 37 150
12 47 31 39 10 26 0 0.00 0.0 1 7.9 28 250 M M 8 34 250
13 34 17 26 -4 39 0 T T T 7.1 12 360 M M 10 16 330
14 26 11 19 -11 46 0 0.00 0.0 T 7.8 20 310 M M 4 26 310
15 32 8 20 -10 45 0 0.00 0.0 T 4.5 12 70 M M 0 14 60
16 45 25 35 5 30 0 0.00 0.0 T 13.1 25 170 M M 3 38 190
17 57 41 49 19 16 0 0.88 0.0 T 11.3 25 130 M M 7 1 36 120
18 61 24 43 12 22 0 0.10 T 0 12.7 36 250 M M 5 1 48 260
19 36 19 28 -3 37 0 0.01 0.3 0 12.3 33 280 M M 5 18 45 270
20 38 14 26 -5 39 0 0.00 0.0 T 7.2 18 170 M M 0 28 170
21 55 24 40 8 25 0 0.00 0.0 0 4.0 18 170 M M 0 22 160
22 60 30 45 13 20 0 0.35 0.0 0 5.1 22 140 M M 6 18 31 220
23 57 30 44 12 21 0 T 0.0 0 10.1 29 250 M M 6 1 39 270
24 34 25 30 -2 35 0 T T 0 6.4 15 90 M M 8 21 110
25 42 26 34 1 31 0 1.09 1.7 2 13.5 31 280 M M 10 1368 41 280
26 34 25 30 -3 35 0 0.00 0.0 1 9.0 18 260 M M 9 24 250
27 45 21 33 0 32 0 0.00 0.0 1 10.7 28 300 M M 3 37 290
28 36 23 30 -3 35 0 0.00 0.0 T 6.9 20 320 M M 2 25 330
================================================================================
SM 1161 600 932 0 4.58 2.4 207.7 M 131
================================================================================
AV 41.5 21.4 7.4 FASTST M M 5 MAX(MPH)
MISC ----> 36 250 48 260
================================================================================
NOTES:
# LAST OF SEVERAL OCCURRENCES
COLUMN 17 PEAK WIND IN M.P.H.
PRELIMINARY LOCAL CLIMATOLOGICAL DATA (WS FORM: F-6) , PAGE 2
STATION: WILLIAMSPORT PA
MONTH: FEBRUARY
YEAR: 2022
LATITUDE: 41 15 N
LONGITUDE: 76 55 W
[TEMPERATURE DATA] [PRECIPITATION DATA] SYMBOLS USED IN COLUMN 16
AVERAGE MONTHLY: 31.4 TOTAL FOR MONTH: 4.58 1 = FOG OR MIST
DPTR FM NORMAL: 1.3 DPTR FM NORMAL: 2.27 2 = FOG REDUCING VISIBILITY
HIGHEST: 61 ON 18 GRTST 24HR 1.94 ON 3- 4 TO 1/4 MILE OR LESS
LOWEST: 5 ON 1 3 = THUNDER
SNOW, ICE PELLETS, HAIL 4 = ICE PELLETS
TOTAL MONTH: 2.4 INCHES 5 = HAIL
GRTST 24HR 1.7 ON 25-25 6 = FREEZING RAIN OR DRIZZLE
GRTST DEPTH: 4 ON 2, 1 7 = DUSTSTORM OR SANDSTORM:
VSBY 1/2 MILE OR LESS
8 = SMOKE OR HAZE
[NO. OF DAYS WITH] [WEATHER - DAYS WITH] 9 = BLOWING SNOW
X = TORNADO
MAX 32 OR BELOW: 4 0.01 INCH OR MORE: 7
MAX 90 OR ABOVE: 0 0.10 INCH OR MORE: 6
MIN 32 OR BELOW: 26 0.50 INCH OR MORE: 4
MIN 0 OR BELOW: 0 1.00 INCH OR MORE: 2
[HDD (BASE 65) ]
TOTAL THIS MO. 932 CLEAR (SCALE 0-3) 9
DPTR FM NORMAL -45 PTCLDY (SCALE 4-7) 12
TOTAL FM JUL 1 4004 CLOUDY (SCALE 8-10) 7
DPTR FM NORMAL -302
[CDD (BASE 65) ]
TOTAL THIS MO. 0
DPTR FM NORMAL 0 [PRESSURE DATA]
TOTAL FM JAN 1 0 HIGHEST SLP 30.67 ON 15
DPTR FM NORMAL 0 LOWEST SLP 29.24 ON 18
[REMARKS]
#FINAL-02-22#