000
CXUS51 KCTP 010839
CLSIPT
CLIMATE REPORT
NATIONAL WEATHER SERVICE STATE COLLEGE PA
339 AM EST TUE MAR 01 2022
...................................
...THE WILLIAMSPORT PA CLIMATE SUMMARY FOR THE SEASON, FROM
12/1/2021 TO 2/28/2022...
CLIMATE NORMAL PERIOD 1991 TO 2020
CLIMATE RECORD PERIOD 1895 TO 2022
WEATHER OBSERVED NORMAL DEPART LAST YEAR`S
VALUE DATE(S) VALUE FROM VALUE DATE(S)
NORMAL
................................................................
TEMPERATURE (F)
RECORD
HIGH 76 02/24/2017
LOW -20 01/21/1994
HIGHEST 65 12/16 55 12/04
LOWEST -3 01/22 4 12/19
01/27
AVG. MAXIMUM 39.9 37.9 2.0 37.6
AVG. MINIMUM 22.2 22.5 -0.3 24.1
MEAN 31.0 30.2 0.8 30.9
DAYS MAX >= 90 0 0.0 0.0 0
DAYS MAX <= 32 20 24.7 -4.7 20
DAYS MIN <= 32 75 76.0 -1.0 82
DAYS MIN <= 0 4 2.3 1.7 0
PRECIPITATION (INCHES)
RECORD
MAXIMUM 14.86 1914
MINIMUM 3.55 1979
TOTALS 7.63 8.54 -0.91 10.18
DAILY AVG. 0.08 0.09 -0.01 0.11
DAYS >= .01 31 34.1 -3.1 37
DAYS >= .10 16 17.9 -1.9 17
DAYS >= .50 5 5.6 -0.6 7
DAYS >= 1.00 2 1.3 0.7 2
GREATEST
24 HR. TOTAL 1.94 MM 2.21
STORM TOTAL 1.62 2.60
SNOWFALL (INCHES)
RECORDS
TOTAL 74.0 1963
24 HR TOTAL 13.7 12/16/2020 TO 12/16/2020
SNOW DEPTH 23 12/17/2020
TOTALS 17.0 25.9 -8.9 53.8
LIQUID EQUIV 1.70 0.00 1.70 5.40
SINCE 7/1 18.1 27.7 -9.6 MM
LIQUID 7/1 1.81 2.70 -0.89 MM
SNOWDEPTH AVG. 1 4
DAYS >= TRACE 27 18.3 8.7 49
DAYS >= 1.0 4 7.3 -3.3 8
GREATEST
SNOW DEPTH 7 01/24 23 12/17
24 HR TOTAL MM 13.7 12/16 TO 12/16
STORM TOTAL 5.1 24.7
(MM/DD(HH)) MM
DEGREE DAYS
HEATING TOTAL 3037 3133 -96 3043
SINCE 7/1 4004 4306 -302 MM
COOLING TOTAL 0 0 0 0
SINCE 1/1 0 0 0 MM
FREEZE DATES
RECORD
EARLIEST 09/22/1904
LATEST 05/25/1956
EARLIEST 03/01
LATEST 05/14
................................................................
WIND (MPH)
AVERAGE WIND SPEED 6.5
RESULTANT WIND SPEED/DIRECTION 2/310
HIGHEST WIND SPEED/DIRECTION 37/270 DATE 12/11
HIGHEST GUST SPEED/DIRECTION 54/280 DATE 12/11
SKY COVER
POSSIBLE SUNSHINE (PERCENT) MM
AVERAGE SKY COVER 0.52
NUMBER OF DAYS FAIR 30
NUMBER OF DAYS PC 32
NUMBER OF DAYS CLOUDY 28
WEATHER CONDITIONS. NUMBER OF DAYS WITH
THUNDERSTORM 1 MIXED PRECIP 0
HEAVY RAIN 1 RAIN 7
LIGHT RAIN 21 FREEZING RAIN 3
LT FREEZING RAIN 2 HAIL 0
HEAVY SNOW 3 SNOW 5
LIGHT SNOW 24 SLEET 3
FOG 40 FOG W/VIS <= 1/4 MILE 7
HAZE 34
- INDICATES NEGATIVE NUMBERS.
R INDICATES RECORD WAS SET OR TIED.
MM INDICATES DATA IS MISSING.
T INDICATES TRACE AMOUNT.
$$