000
CXUS55 KEAX 010836
CF6IRK
PRELIMINARY LOCAL CLIMATOLOGICAL DATA (WS FORM: F-6)
STATION: KIRKSVILLE MO
MONTH: DECEMBER
YEAR: 2020
LATITUDE: 40 5 N
LONGITUDE: 92 33 W
TEMPERATURE IN F: :PCPN: SNOW: WIND :SUNSHINE: SKY :PK WND
================================================================================
1 2 3 4 5 6A 6B 7 8 9 10 11 12 13 14 15 16 17 18
12Z AVG MX 2MIN
DY MAX MIN AVG DEP HDD CDD WTR SNW DPTH SPD SPD DIR MIN PSBL S-S WX SPD DR
================================================================================
1 43 12 28 -5 37 0 0.00 M M 3.2 9 100 M M 0 13 110
2 49 18 34 1 31 0 0.00 M M 4.6 12 110 M M 0 8 16 100
3 47 18 33 1 32 0 0.00 M M 4.6 12 200 M M 2 8 15 220
4 52 26 39 7 26 0 0.00 M M 6.6 13 280 M M 0 1 20 300
5 53 22 38 6 27 0 0.00 M M 2.6 9 350 M M 0 12 360
6 46 23 35 4 30 0 0.00 M M 6.5 12 50 M M 6 15 50
7 36 32 34 3 31 0 0.00 M M 3.2 13 310 M M 10 1 16 300
8 43 30 37 7 28 0 0.00 M M 6.0 13 220 M M 5 128 17 220
9 66 33 50 20 15 0 0.00 M M 5.3 12 340 M M 0 16 260
10 67 31 49 19 16 0 0.00 M M 4.7 12 210 M M 0 16 210
11 42 40 41 11 24 0 0.93 M M 8.4 15 60 M M 8 1 20 40
12 40 29 35 6 30 0 0.01 M M 9.4 17 340 M M 10 1 25 330
13 34 24 29 0 36 0 0.00 M M 6.7 17 320 M M 8 26 320
14 31 19 25 -4 40 0 0.00 M M 7.8 14 350 M M 0 19 350
15 28 17 23 -5 42 0 0.00 M M 7.1 13 70 M M 3 1 17 80
16 34 17 26 -2 39 0 0.00 M M 4.6 12 350 M M 3 1 17 320
17 39 15 27 -1 38 0 0.00 M M 5.9 14 180 M M 5 18 19 180
18 49 21 35 7 30 0 0.00 M M 10.6 18 210 M M 2 1 27 210
19 44 19 32 4 33 0 0.00 M M 5.6 14 330 M M 6 18 20 340
20 46 18 32 4 33 0 0.00 M M 6.5 14 210 M M 2 12 20 210
21 56 36 46 19 19 0 0.00 M M 14.8 33 290 M M 1 50 300
22 55 21 38 11 27 0 0.00 M M 11.0 26 180 M M 0 38 190
23 59 18 39 12 26 0 T M M 21.6 30 280 M M 8 8 49 280
24 21 7 14 -13 51 0 0.00 M M 14.5 24 300 M M 3 35 290
25 30 4 17 -10 48 0 0.00 M M 9.0 14 270 M M 0 20 250
26 46 15 31 4 34 0 0.00 M M 5.2 10 140 M M 0 15 100
27 53 25 39 12 26 0 0.00 M M 11.1 18 300 M M 4 29 290
28 33 16 25 -1 40 0 0.00 M M 6.3 21 310 M M 6 29 310
29 33 21 27 1 38 0 1.15 M M 11.2 24 130 M M 9 126 35 120
30 34 16 25 -1 40 0 0.05 M M 9.6 18 310 M M 5 1 27 300
31 27 14 21 -5 44 0 0.00 M M 5.6 14 50 M M 7 1 17 40
================================================================================
SM 1336 657 1011 0 2.14 M 239.8 M 113
================================================================================
AV 43.1 21.2 7.7 FASTST M M 4 MAX(MPH)
MISC ----> 33 290 50 300
================================================================================
NOTES:
# LAST OF SEVERAL OCCURRENCES
COLUMN 17 PEAK WIND IN M.P.H.
PRELIMINARY LOCAL CLIMATOLOGICAL DATA (WS FORM: F-6) , PAGE 2
STATION: KIRKSVILLE MO
MONTH: DECEMBER
YEAR: 2020
LATITUDE: 40 5 N
LONGITUDE: 92 33 W
[TEMPERATURE DATA] [PRECIPITATION DATA] SYMBOLS USED IN COLUMN 16
AVERAGE MONTHLY: 32.1 TOTAL FOR MONTH: 2.14 1 = FOG OR MIST
DPTR FM NORMAL: 3.3 DPTR FM NORMAL: 0.39 2 = FOG REDUCING VISIBILITY
HIGHEST: 67 ON 10 GRTST 24HR 1.20 ON 29-30 TO 1/4 MILE OR LESS
LOWEST: 4 ON 25 3 = THUNDER
SNOW, ICE PELLETS, HAIL 4 = ICE PELLETS
TOTAL MONTH: M 5 = HAIL
GRTST 24HR M ON M 6 = FREEZING RAIN OR DRIZZLE
GRTST DEPTH: M ON M 7 = DUSTSTORM OR SANDSTORM:
VSBY 1/2 MILE OR LESS
8 = SMOKE OR HAZE
[NO. OF DAYS WITH] [WEATHER - DAYS WITH] 9 = BLOWING SNOW
X = TORNADO
MAX 32 OR BELOW: 5 0.01 INCH OR MORE: 4
MAX 90 OR ABOVE: 0 0.10 INCH OR MORE: 2
MIN 32 OR BELOW: 28 0.50 INCH OR MORE: 2
MIN 0 OR BELOW: 0 1.00 INCH OR MORE: 1
[HDD (BASE 65) ]
TOTAL THIS MO. 1011 CLEAR (SCALE 0-3) 17
DPTR FM NORMAL -111 PTCLDY (SCALE 4-7) 11
TOTAL FM JUL 1 2104 CLOUDY (SCALE 8-10) 3
DPTR FM NORMAL -240
[CDD (BASE 65) ]
TOTAL THIS MO. 0
DPTR FM NORMAL 0 [PRESSURE DATA]
TOTAL FM JAN 1 1082 HIGHEST SLP 30.55 ON 29
DPTR FM NORMAL 143 LOWEST SLP 29.44 ON 23
[REMARKS]
#FINAL-12-20#