000
CXUS53 KEAX 010840
CF6IRK
PRELIMINARY LOCAL CLIMATOLOGICAL DATA (WS FORM: F-6)
STATION: KIRKSVILLE MO
MONTH: DECEMBER
YEAR: 2023
LATITUDE: 40 5 N
LONGITUDE: 92 33 W
TEMPERATURE IN F: :PCPN: SNOW: WIND :SUNSHINE: SKY :PK WND
================================================================================
1 2 3 4 5 6A 6B 7 8 9 10 11 12 13 14 15 16 17 18
12Z AVG MX 2MIN
DY MAX MIN AVG DEP HDD CDD WTR SNW DPTH SPD SPD DIR MIN PSBL S-S WX SPD DR
================================================================================
1 39 33 36 1 29 0 0.70 M M 10.5 20 10 M M 10 1 25 30
2 37 32 35 0 30 0 0.23 M M 2.7 9 170 M M 10 1 13 170
3 37 32 35 1 30 0 0.00 M M 6.2 15 50 M M 10 1 18 40
4 41 28 35 1 30 0 0.04 M M 7.3 13 200 M M 7 18 18 190
5 38 30 34 0 31 0 0.00 M M 9.8 22 340 M M 7 18 31 330
6 46 21 34 1 31 0 0.00 M M 9.2 20 190 M M 1 1 29 220
7 64 40 52 19 13 0 0.00 M M 12.8 20 200 M M 0 29 190
8 60 45 53 20 12 0 0.65 M M 9.0 18 350 M M 5 1 28 210
9 45 33 39 7 26 0 0.01 M M 13.6 24 300 M M 8 1 35 290
10 41 22 32 0 33 0 0.00 M M 7.6 21 300 M M 1 30 310
11 45 25 35 3 30 0 0.00 M M 6.0 12 210 M M 1 16 200
12 40 28 34 2 31 0 0.00 M M 6.6 16 360 M M 2 20 360
13 47 26 37 6 28 0 0.00 M M 5.3 13 150 M M 3 17 150
14 57 24 41 10 24 0 0.00 M M 7.3 15 190 M M 0 21 180
15 56 35 46 15 19 0 0.01 M M 6.4 13 180 M M 3 19 190
16 45 37 41 11 24 0 0.22 M M 9.1 15 280 M M 10 1 23 220
17 48 31 40 10 25 0 0.00 M M 9.2 17 280 M M 6 18 25 320
18 35 16 26 -4 39 0 0.00 M M 11.6 24 330 M M 0 35 310
19 42 13 28 -2 37 0 0.00 M M 9.3 18 190 M M 0 24 190
20 52 26 39 10 26 0 0.00 M M 7.3 15 210 M M 0 22 210
21 57 43 50 21 15 0 0.00 M M 7.0 13 210 M M 7 17 220
22 52 43 48 19 17 0 0.17 M M 5.8 12 210 M M 9 12 18 200
23 56 48 52 23 13 0 T M M 6.3 14 210 M M 9 12 19 200
24 61 47 54 26 11 0 0.41 M M 14.4 23 160 M M 8 18 32 160
25 54 32 43 15 22 0 0.61 M M 13.9 23 130 M M 10 1 32 120
26 37 32 35 7 30 0 0.01 M M 10.0 21 180 M M 10 8 28 180
27 38 32 35 7 30 0 0.26 M M 8.6 17 30 M M 10 1 23 360
28 39 31 35 7 30 0 0.18 M M 12.4 21 340 M M 7 18 32 340
29 40 26 33 6 32 0 T M M 8.3 20 350 M M 6 1 26 340
30 44 24 34 7 31 0 0.00 M M 7.5 17 330 M M 0 24 320
31 33 29 31 4 34 0 0.00 M M 11.6 20 310 M M 10 1 28 300
================================================================================
SM 1426 964 813 0 3.50 M 272.6 M 170
================================================================================
AV 46.0 31.1 8.8 FASTST M M 5 MAX(MPH)
MISC ----> # 24 300 # 35 290
================================================================================
NOTES:
# LAST OF SEVERAL OCCURRENCES
COLUMN 17 PEAK WIND IN M.P.H.
PRELIMINARY LOCAL CLIMATOLOGICAL DATA (WS FORM: F-6) , PAGE 2
STATION: KIRKSVILLE MO
MONTH: DECEMBER
YEAR: 2023
LATITUDE: 40 5 N
LONGITUDE: 92 33 W
[TEMPERATURE DATA] [PRECIPITATION DATA] SYMBOLS USED IN COLUMN 16
AVERAGE MONTHLY: 38.5 TOTAL FOR MONTH: 3.50 1 = FOG OR MIST
DPTR FM NORMAL: 7.9 DPTR FM NORMAL: 1.83 2 = FOG REDUCING VISIBILITY
HIGHEST: 64 ON 7 GRTST 24HR 1.01 ON 24-25 TO 1/4 MILE OR LESS
LOWEST: 13 ON 19 3 = THUNDER
SNOW, ICE PELLETS, HAIL 4 = ICE PELLETS
TOTAL MONTH: M 5 = HAIL
GRTST 24HR M ON M 6 = FREEZING RAIN OR DRIZZLE
GRTST DEPTH: M ON M 7 = DUSTSTORM OR SANDSTORM:
VSBY 1/2 MILE OR LESS
8 = SMOKE OR HAZE
[NO. OF DAYS WITH] [WEATHER - DAYS WITH] 9 = BLOWING SNOW
X = TORNADO
MAX 32 OR BELOW: 0 0.01 INCH OR MORE: 13
MAX 90 OR ABOVE: 0 0.10 INCH OR MORE: 9
MIN 32 OR BELOW: 21 0.50 INCH OR MORE: 3
MIN 0 OR BELOW: 0 1.00 INCH OR MORE: 0
[HDD (BASE 65) ]
TOTAL THIS MO. 813 CLEAR (SCALE 0-3) 12
DPTR FM NORMAL -253 PTCLDY (SCALE 4-7) 8
TOTAL FM JUL 1 1822 CLOUDY (SCALE 8-10) 11
DPTR FM NORMAL -427
[CDD (BASE 65) ]
TOTAL THIS MO. 0
DPTR FM NORMAL 0 [PRESSURE DATA]
TOTAL FM JAN 1 1013 HIGHEST SLP 30.72 ON 14
DPTR FM NORMAL 5 LOWEST SLP 29.61 ON 7
[REMARKS]
#FINAL-12-23#