000
CXUS52 TJSJ 010441
CF6ISX
PRELIMINARY LOCAL CLIMATOLOGICAL DATA (WS FORM: F-6)
STATION: HENRY E. ROHLSEN AP/ST CROIX
MONTH: FEBRUARY
YEAR: 2024
LATITUDE: 17 42 N
LONGITUDE: 64 48 W
TEMPERATURE IN F: :PCPN: SNOW: WIND :SUNSHINE: SKY :PK WND
================================================================================
1 2 3 4 5 6A 6B 7 8 9 10 11 12 13 14 15 16 17 18
12Z AVG MX 2MIN
DY MAX MIN AVG DEP HDD CDD WTR SNW DPTH SPD SPD DIR MIN PSBL S-S WX SPD DR
================================================================================
1 87 73 80 2 0 15 T M M 4.9 12 240 M M 6 18 230
2 86 72 79 1 0 14 0.00 M M 7.2 17 360 M M 6 29 20
3 86 69 78 0 0 13 0.00 M M 5.3 12 110 M M 1 17 140
4 86 72 79 1 0 14 T M M 7.7 13 130 M M 3 19 130
5 89 81 85 7 0 20 0.00 M M 10.5 17 180 M M 5 27 170
6 89 78 84 6 0 19 1.55 M M 14.8 23 240 M M 8 13 35 200
7 83 75 79 1 0 14 2.73 M M 7.0 23 230 M M 8 13 35 200
8 76 70 73 -5 0 8 0.13 M M 2.8 10 330 M M 7 13 16 340
9 84 70 77 -1 0 12 0.11 M M 9.4 21 40 M M 4 1 31 60
10 85 70 78 0 0 13 T M M 11.6 22 50 M M 2 30 60
11 86 74 80 2 0 15 0.00 M M 12.7 21 70 M M 6 32 70
12 87 74 81 3 0 16 0.00 M M 10.4 20 110 M M 5 27 90
13 86 74 80 2 0 15 T M M 6.9 14 120 M M 3 19 140
14 86 74 80 2 0 15 0.00 M M 5.8 12 120 M M 2 16 130
15 87 73 80 2 0 15 0.00 M M 6.1 13 130 M M 2 18 130
16 87 72 80 2 0 15 T M M 7.8 15 100 M M 1 20 130
17 87 79 83 5 0 18 0.00 M M 10.3 14 100 M M 2 20 120
18 88 79 84 6 0 19 0.00 M M 12.3 17 120 M M 3 26 110
19 87 75 81 3 0 16 0.00 M M 11.0 18 110 M M 3 26 120
20 86 74 80 2 0 15 0.02 M M 7.9 18 90 M M 4 1 24 110
21 86 74 80 2 0 15 T M M 5.0 16 120 M M 5 20 110
22 86 74 80 2 0 15 0.01 M M 9.4 21 340 M M 5 1 34 340
23 85 70 78 0 0 13 0.00 M M 7.7 15 80 M M 2 25 60
24 87 73 80 2 0 15 0.00 M M 7.8 16 90 M M 1 22 80
25 87 75 81 3 0 16 0.13 M M 6.5 16 120 M M 3 1 21 120
26 83 76 80 2 0 15 0.19 M M 6.7 14 50 M M 4 1 24 80
27 87 74 81 3 0 16 0.03 M M 8.3 16 40 M M 5 1 24 140
28 87 73 80 2 0 15 0.04 M M 9.0 15 50 M M 3 30 50
29 88 75 82 4 0 17 T M M 8.3 17 80 M M 2 23 40
================================================================================
SM 2494 2142 0 438 4.94 M 241.1 M 111
================================================================================
AV 86.0 73.9 8.3 FASTST M M 4 MAX(MPH)
MISC ----> # 23 240 # 35 200
================================================================================
NOTES:
# LAST OF SEVERAL OCCURRENCES
COLUMN 17 PEAK WIND IN M.P.H.
PRELIMINARY LOCAL CLIMATOLOGICAL DATA (WS FORM: F-6) , PAGE 2
STATION: HENRY E. ROHLSEN AP/ST CROIX
MONTH: FEBRUARY
YEAR: 2024
LATITUDE: 17 42 N
LONGITUDE: 64 48 W
[TEMPERATURE DATA] [PRECIPITATION DATA] SYMBOLS USED IN COLUMN 16
AVERAGE MONTHLY: 79.9 TOTAL FOR MONTH: 4.94 1 = FOG OR MIST
DPTR FM NORMAL: 1.9 DPTR FM NORMAL: 3.59 2 = FOG REDUCING VISIBILITY
HIGHEST: 89 ON 6, 5 GRTST 24HR 4.28 ON 6- 7 TO 1/4 MILE OR LESS
LOWEST: 69 ON 3 3 = THUNDER
SNOW, ICE PELLETS, HAIL 4 = ICE PELLETS
TOTAL MONTH: M 5 = HAIL
GRTST 24HR M ON M 6 = FREEZING RAIN OR DRIZZLE
GRTST DEPTH: M ON M 7 = DUSTSTORM OR SANDSTORM:
VSBY 1/2 MILE OR LESS
8 = SMOKE OR HAZE
[NO. OF DAYS WITH] [WEATHER - DAYS WITH] 9 = BLOWING SNOW
X = TORNADO
MAX 32 OR BELOW: 0 0.01 INCH OR MORE: 10
MAX 90 OR ABOVE: 0 0.10 INCH OR MORE: 6
MIN 32 OR BELOW: 0 0.50 INCH OR MORE: 2
MIN 0 OR BELOW: 0 1.00 INCH OR MORE: 2
[HDD (BASE 65) ]
TOTAL THIS MO. 0 CLEAR (SCALE 0-3) 13
DPTR FM NORMAL 0 PTCLDY (SCALE 4-7) 15
TOTAL FM JUL 1 0 CLOUDY (SCALE 8-10) 1
DPTR FM NORMAL 0
[CDD (BASE 65) ]
TOTAL THIS MO. 438
DPTR FM NORMAL 74 [PRESSURE DATA]
TOTAL FM JAN 1 960 HIGHEST SLP M ON M
DPTR FM NORMAL 202 LOWEST SLP 29.76 ON 5
[REMARKS]
#FINAL-02-24#