000
CXUS52 TJSJ 112119
CF6ISX
PRELIMINARY LOCAL CLIMATOLOGICAL DATA (WS FORM: F-6)
STATION: HENRY E. ROHLSEN AP/ST CROIX
MONTH: NOVEMBER
YEAR: 2023
LATITUDE: 17 42 N
LONGITUDE: 64 48 W
TEMPERATURE IN F: :PCPN: SNOW: WIND :SUNSHINE: SKY :PK WND
================================================================================
1 2 3 4 5 6A 6B 7 8 9 10 11 12 13 14 15 16 17 18
12Z AVG MX 2MIN
DY MAX MIN AVG DEP HDD CDD WTR SNW DPTH SPD SPD DIR MIN PSBL S-S WX SPD DR
================================================================================
1 90 79 85 3 0 20 T M M 9.2 16 100 M M 2 21 90
2 91 79 85 3 0 20 T M M 11.5 25 90 M M 4 138 33 80
3 92 79 86 4 0 21 T M M 12.9 24 90 M M 2 32 110
4 92 79 86 5 0 21 0.00 M M 10.2 20 100 M M 1 28 120
5 92 78 85 4 0 20 0.00 M M 8.1 16 100 M M 2 21 100
6 91 77 84 3 0 19 T M M 5.2 15 80 M M 3 23 100
7 91 78 85 4 0 20 M M M 6.5 13 30 M M 5 13 18 20
8 90 78 84 3 0 19 M M M 5.9 14 100 M M 5 138 20 120
9 90 78 84 3 0 19 M M M 8.1 21 100 M M 5 13 29 100
10 84 75 80 -1 0 15 M M M 8.0 31 90 M M 4 13 41 90
11 91 80 86 5 0 21 M M M 14.8 25 100 M M 2 18 35 90
12 91 80 86 5 0 21 T M M 13.5 23 90 M M 4 1 31 80
13 91 78 85 4 0 20 0.00 M M 9.9 17 100 M M 2 24 100
14 91 78 85 4 0 20 T M M 9.6 20 90 M M 3 24 110
15 91 76 84 3 0 19 0.00 M M 9.7 20 90 M M 2 32 80
16 91 77 84 4 0 19 0.00 M M 11.4 21 100 M M 2 28 110
17 91 82 87 7 0 22 T M M 13.5 22 100 M M 3 29 110
18 90 84 87 7 0 22 T M M 12.4 17 130 M M 2 26 140
19 90 84 87 7 0 22 0.00 M M 11.3 16 150 M M 2 24 170
20 89 82 86 6 0 21 0.00 M M 7.5 16 160 M M 4 25 180
21 84 77 81 1 0 16 M M M 4.0 13 360 M M 9 1 17 350
22 89 76 83 3 0 18 M M M 9.3 16 100 M M 5 1 23 130
23 89 77 83 3 0 18 M M M 6.9 17 110 M M 5 1 22 100
24 89 78 84 4 0 19 0.00 M M 7.4 13 100 M M 2 18 140
25 89 77 83 3 0 18 0.01 M M 6.1 13 60 M M 6 1 16 90
26 88 75 82 2 0 17 M M M 7.2 17 80 M M 6 1 22 70
27 90 75 83 3 0 18 0.00 M M 9.7 18 100 M M 4 26 100
28 89 74 82 2 0 17 0.00 M M 7.3 14 100 M M 1 20 140
29 89 74 82 2 0 17 0.00 M M 7.9 16 110 M M 2 22 100
30 91 75 83 3 0 18 T M M 10.4 23 100 M M 2 29 100
================================================================================
SM 2696 2339 0 577 0.01 M 275.4 M 101
================================================================================
AV 89.9 78.0 9.2 FASTST M M 3 MAX(MPH)
MISC ----> 31 90 41 90
================================================================================
NOTES:
# LAST OF SEVERAL OCCURRENCES
COLUMN 17 PEAK WIND IN M.P.H.
PRELIMINARY LOCAL CLIMATOLOGICAL DATA (WS FORM: F-6) , PAGE 2
STATION: HENRY E. ROHLSEN AP/ST CROIX
MONTH: NOVEMBER
YEAR: 2023
LATITUDE: 17 42 N
LONGITUDE: 64 48 W
[TEMPERATURE DATA] [PRECIPITATION DATA] SYMBOLS USED IN COLUMN 16
AVERAGE MONTHLY: 83.9 TOTAL FOR MONTH: 0.01 1 = FOG OR MIST
DPTR FM NORMAL: 3.3 DPTR FM NORMAL: -5.29 2 = FOG REDUCING VISIBILITY
HIGHEST: 92 ON 3, 4 GRTST 24HR 0.71 ON 25-26 TO 1/4 MILE OR LESS
LOWEST: 74 ON 29,28 3 = THUNDER
SNOW, ICE PELLETS, HAIL 4 = ICE PELLETS
TOTAL MONTH: M 5 = HAIL
GRTST 24HR M ON M 6 = FREEZING RAIN OR DRIZZLE
GRTST DEPTH: M ON M 7 = DUSTSTORM OR SANDSTORM:
VSBY 1/2 MILE OR LESS
8 = SMOKE OR HAZE
[NO. OF DAYS WITH] [WEATHER - DAYS WITH] 9 = BLOWING SNOW
X = TORNADO
MAX 32 OR BELOW: 0 0.01 INCH OR MORE: 1
MAX 90 OR ABOVE: 20 0.10 INCH OR MORE: 0
MIN 32 OR BELOW: 0 0.50 INCH OR MORE: 0
MIN 0 OR BELOW: 0 1.00 INCH OR MORE: 0
[HDD (BASE 65) ]
TOTAL THIS MO. 0 CLEAR (SCALE 0-3) 17
DPTR FM NORMAL 0 PTCLDY (SCALE 4-7) 12
TOTAL FM JUL 1 0 CLOUDY (SCALE 8-10) 1
DPTR FM NORMAL 0
[CDD (BASE 65) ]
TOTAL THIS MO. 577
DPTR FM NORMAL 109 [PRESSURE DATA]
TOTAL FM JAN 1 6015 HIGHEST SLP 30.06 ON 28
DPTR FM NORMAL 694 LOWEST SLP 29.81 ON 5
[REMARKS]
#FINAL-11-23#
CORRECTED DUE TO RAIN GAUGE MALFUNCTIONING DURING THIS PERIOD.