000
CXHW53 PHFO 011250
CF6ITO
PRELIMINARY LOCAL CLIMATOLOGICAL DATA (WS FORM: F-6)
STATION: HILO HI
MONTH: NOVEMBER
YEAR: 2021
LATITUDE: 19 43 N
LONGITUDE: 155 4 W
TEMPERATURE IN F: :PCPN: SNOW: WIND :SUNSHINE: SKY :PK WND
================================================================================
1 2 3 4 5 6A 6B 7 8 9 10 11 12 13 14 15 16 17 18
12Z AVG MX 2MIN
DY MAX MIN AVG DEP HDD CDD WTR SNW DPTH SPD SPD DIR MIN PSBL S-S WX SPD DR
================================================================================
1 86 66 76 1 0 11 0.00 M M 4.9 10 90 M M 3 14 80
2 86 65 76 1 0 11 0.00 M M 5.6 12 30 M M 0 13 30
3 84 67 76 1 0 11 0.00 M M 6.0 13 40 M M 2 20 60
4 84 67 76 1 0 11 0.26 M M 6.3 17 70 M M 5 18 19 70
5 83 68 76 1 0 11 0.02 M M 5.8 12 50 M M 5 15 40
6 84 67 76 1 0 11 0.07 M M 5.2 15 80 M M 5 24 100
7 82 68 75 1 0 10 0.10 M M 5.2 12 10 M M 9 18 14 50
8 83 69 76 2 0 11 0.02 M M 5.1 14 80 M M 6 17 80
9 85 68 77 3 0 12 0.04 M M 6.7 14 120 M M 4 1 20 110
10 85 69 77 3 0 12 T M M 6.5 15 100 M M 6 1 20 90
11 85 68 77 3 0 12 0.07 M M 6.7 14 120 M M 7 20 110
12 86 66 76 2 0 11 0.00 M M 7.5 21 130 M M 5 26 130
13 85 66 76 2 0 11 0.67 M M 4.5 12 130 M M 9 1 16 130
14 84 73 79 5 0 14 T M M 5.7 15 120 M M 6 1 17 130
15 81 70 76 2 0 11 0.32 M M 5.0 16 130 M M 8 18 20 130
16 85 69 77 3 0 12 0.60 M M 4.0 13 160 M M 7 1 15 170
17 86 71 79 5 0 14 0.05 M M 7.2 17 110 M M 7 13 22 100
18 81 70 76 2 0 11 0.04 M M 4.6 12 60 M M 7 1 14 100
19 84 67 76 2 0 11 T M M 6.1 13 80 M M 5 18 80
20 84 69 77 3 0 12 0.01 M M 7.0 15 90 M M 8 1 22 110
21 83 69 76 2 0 11 0.02 M M 4.3 12 70 M M 6 1 13 70
22 84 66 75 1 0 10 0.13 M M 7.1 16 80 M M 6 18 19 80
23 82 66 74 0 0 9 0.00 M M 6.4 15 90 M M 4 18 80
24 84 67 76 3 0 11 0.02 M M 7.4 16 90 M M 6 19 100
25 75 68 72 -1 0 7 0.94 M M 4.6 12 20 M M 10 1 20 240
26 81 64 73 0 0 8 T M M 5.5 10 350 M M 2 12 10
27 82 65 74 1 0 9 0.03 M M 6.4 14 50 M M 6 1 17 50
28 81 67 74 1 0 9 0.58 M M 10.3 23 320 M M 6 1 30 330
29 81 67 74 1 0 9 0.42 M M 5.8 22 350 M M 6 1 28 350
30 82 65 74 1 0 9 1.48 M M 6.0 18 130 M M 7 138 25 130
================================================================================
SM 2498 2027 0 322 5.89 M 179.4 M 173
================================================================================
AV 83.3 67.6 6.0 FASTST M M 6 MAX(MPH)
MISC ----> 23 320 30 330
================================================================================
NOTES:
# LAST OF SEVERAL OCCURRENCES
COLUMN 17 PEAK WIND IN M.P.H.
PRELIMINARY LOCAL CLIMATOLOGICAL DATA (WS FORM: F-6) , PAGE 2
STATION: HILO HI
MONTH: NOVEMBER
YEAR: 2021
LATITUDE: 19 43 N
LONGITUDE: 155 4 W
[TEMPERATURE DATA] [PRECIPITATION DATA] SYMBOLS USED IN COLUMN 16
AVERAGE MONTHLY: 75.4 TOTAL FOR MONTH: 5.89 1 = FOG OR MIST
DPTR FM NORMAL: 1.4 DPTR FM NORMAL: -8.50 2 = FOG REDUCING VISIBILITY
HIGHEST: 86 ON 17,12 GRTST 24HR 1.48 ON 30-30 TO 1/4 MILE OR LESS
LOWEST: 64 ON 26 3 = THUNDER
SNOW, ICE PELLETS, HAIL 4 = ICE PELLETS
TOTAL MONTH: M 5 = HAIL
GRTST 24HR M ON M 6 = FREEZING RAIN OR DRIZZLE
GRTST DEPTH: M ON M 7 = DUSTSTORM OR SANDSTORM:
VSBY 1/2 MILE OR LESS
8 = SMOKE OR HAZE
[NO. OF DAYS WITH] [WEATHER - DAYS WITH] 9 = BLOWING SNOW
X = TORNADO
MAX 32 OR BELOW: 0 0.01 INCH OR MORE: 21
MAX 90 OR ABOVE: 0 0.10 INCH OR MORE: 10
MIN 32 OR BELOW: 0 0.50 INCH OR MORE: 5
MIN 0 OR BELOW: 0 1.00 INCH OR MORE: 1
[HDD (BASE 65) ]
TOTAL THIS MO. 0 CLEAR (SCALE 0-3) 3
DPTR FM NORMAL 0 PTCLDY (SCALE 4-7) 24
TOTAL FM JUL 1 0 CLOUDY (SCALE 8-10) 3
DPTR FM NORMAL 0
[CDD (BASE 65) ]
TOTAL THIS MO. 322
DPTR FM NORMAL 54 [PRESSURE DATA]
TOTAL FM JAN 1 3494 HIGHEST SLP 30.15 ON 6
DPTR FM NORMAL 437 LOWEST SLP 29.88 ON 30
[REMARKS]
#FINAL-11-21#