000
CXUS53 KIWX 010910
CF6IWX
PRELIMINARY LOCAL CLIMATOLOGICAL DATA (WS FORM: F-6)
STATION: NORTH WEBSTER WFO
MONTH: JANUARY
YEAR: 2023
LATITUDE: 41 21 N
LONGITUDE: 85 42 W
TEMPERATURE IN F: :PCPN: SNOW: WIND :SUNSHINE: SKY :PK WND
================================================================================
1 2 3 4 5 6A 6B 7 8 9 10 11 12 13 14 15 16 17 18
12Z AVG MX 2MIN
DY MAX MIN AVG DEP HDD CDD WTR SNW DPTH SPD SPD DIR MIN PSBL S-S WX SPD DR
================================================================================
1 46 33 40 14 25 0 0.02 0.0 0 M M M M M M M M
2 46 40 43 17 22 0 0.01 0.0 0 M M M M M M M M
3 58 44 51 26 14 0 0.57 0.0 0 M M M M M M M M
4 55 33 44 19 21 0 T 0.0 0 M M M M M M M M
5 36 30 33 8 32 0 0.07 0.3 0 M M M M M M 8 M M
6 31 27 29 4 36 0 T 0.1 T M M M M M M 1 M M
7 32 22 27 2 38 0 0.00 0.0 0 M M M M M M M M
8 36 23 30 5 35 0 0.00 0.0 0 M M M M M M M M
9 41 25 33 9 32 0 0.00 0.0 0 M M M M M M M M
10 42 31 37 13 28 0 0.01 0.0 0 M M M M M M M M
11 50 32 41 17 24 0 0.02 0.0 0 M M M M M M 1 M M
12 45 33 39 15 26 0 0.01 0.0 0 M M M M M M 12 M M
13 34 27 31 7 34 0 T T 0 M M M M M M M M
14 36 22 29 5 36 0 0.00 0.0 0 M M M M M M M M
15 40 21 31 7 34 0 0.00 0.0 0 M M M M M M M M
16 46 31 39 15 26 0 0.26 0.0 0 M M M M M M M M
17 49 36 43 19 22 0 T 0.0 0 M M M M M M M M
18 38 35 37 13 28 0 0.33 T 0 M M M M M M 14 M M
19 44 32 38 14 27 0 0.43 T 0 M M M M M M 1 M M
20 35 28 32 8 33 0 0.03 0.3 T M M M M M M 16 M M
21 30 28 29 5 36 0 T T 0 M M M M M M 6 M M
22 31 27 29 5 36 0 0.12 1.4 T M M M M M M 16 M M
23 30 26 28 4 37 0 0.02 0.1 1 M M M M M M 1 M M
24 31 28 30 6 35 0 0.00 0.0 T M M M M M M M M
25 33 29 31 7 34 0 0.40 5.1 1 M M M M M M 12 M M
26 31 17 24 0 41 0 0.03 1.2 6 M M M M M M M M
27 35 12 24 0 41 0 0.05 0.6 6 M M M M M M M M
28 30 20 25 1 40 0 0.00 0.0 4 M M M M M M M M
29 37 26 32 8 33 0 0.04 0.0 3 M M M M M M M M
30 26 14 20 -5 45 0 T 0.1 2 M M M M M M M M
31 23 4 14 -11 51 0 T T 2 M M M M M M M M
================================================================================
SM 1177 836 1002 0 2.42 9.2 M M M
================================================================================
AV 38.0 27.0 M FASTST M M M MAX(MPH)
MISC ----> M M M M
================================================================================
NOTES:
# LAST OF SEVERAL OCCURRENCES
COLUMN 17 PEAK WIND IN M.P.H.
PRELIMINARY LOCAL CLIMATOLOGICAL DATA (WS FORM: F-6) , PAGE 2
STATION: NORTH WEBSTER WFO
MONTH: JANUARY
YEAR: 2023
LATITUDE: 41 21 N
LONGITUDE: 85 42 W
[TEMPERATURE DATA] [PRECIPITATION DATA] SYMBOLS USED IN COLUMN 16
AVERAGE MONTHLY: 32.5 TOTAL FOR MONTH: 2.42 1 = FOG OR MIST
DPTR FM NORMAL: 8.1 DPTR FM NORMAL: 0.12 2 = FOG REDUCING VISIBILITY
HIGHEST: 58 ON 3 GRTST 24HR 1.09 ON 18-19 TO 1/4 MILE OR LESS
LOWEST: 4 ON 31 3 = THUNDER
SNOW, ICE PELLETS, HAIL 4 = ICE PELLETS
TOTAL MONTH: 9.2 INCHES 5 = HAIL
GRTST 24HR 5.1 ON 25-25 6 = FREEZING RAIN OR DRIZZLE
GRTST DEPTH: 6 ON 27,26 7 = DUSTSTORM OR SANDSTORM:
VSBY 1/2 MILE OR LESS
8 = SMOKE OR HAZE
[NO. OF DAYS WITH] [WEATHER - DAYS WITH] 9 = BLOWING SNOW
X = TORNADO
MAX 32 OR BELOW: 10 0.01 INCH OR MORE: 17
MAX 90 OR ABOVE: 0 0.10 INCH OR MORE: 6
MIN 32 OR BELOW: 24 0.50 INCH OR MORE: 1
MIN 0 OR BELOW: 0 1.00 INCH OR MORE: 0
[HDD (BASE 65) ]
TOTAL THIS MO. 1002 CLEAR (SCALE 0-3) 0
DPTR FM NORMAL -255 PTCLDY (SCALE 4-7) 0
TOTAL FM JUL 1 3268 CLOUDY (SCALE 8-10) 31
DPTR FM NORMAL -313
[CDD (BASE 65) ]
TOTAL THIS MO. 0
DPTR FM NORMAL 0 [PRESSURE DATA]
TOTAL FM JAN 1 0 HIGHEST SLP M ON M
DPTR FM NORMAL 0 LOWEST SLP M ON M
[REMARKS]
#FINAL-01-23#