000
CXUS53 KEAX 010836
CF6IXD
PRELIMINARY LOCAL CLIMATOLOGICAL DATA (WS FORM: F-6)
STATION: NEW CENTURY AIR CENTER KS
MONTH: FEBRUARY
YEAR: 2022
LATITUDE: 38 49 N
LONGITUDE: 94 54 W
TEMPERATURE IN F: :PCPN: SNOW: WIND :SUNSHINE: SKY :PK WND
================================================================================
1 2 3 4 5 6A 6B 7 8 9 10 11 12 13 14 15 16 17 18
12Z AVG MX 2MIN
DY MAX MIN AVG DEP HDD CDD WTR SNW DPTH SPD SPD DIR MIN PSBL S-S WX SPD DR
================================================================================
1 53 28 41 10 24 0 0.03 M M 13.7 24 10 M M 8 1 33 30
2 28 12 20 -11 45 0 T M M 20.3 29 10 M M 10 18 37 10
3 18 6 12 -19 53 0 T M M 14.8 23 360 M M 4 8 28 360
4 34 3 19 -12 46 0 0.00 M M 7.7 18 240 M M 1 24 240
5 42 14 28 -3 37 0 0.00 M M 13.4 26 190 M M 0 34 200
6 50 21 36 4 29 0 0.00 M M 9.0 22 330 M M 1 29 330
7 54 21 38 6 27 0 0.00 M M 9.9 21 220 M M 3 27 240
8 64 28 46 14 19 0 0.00 M M 9.1 24 310 M M 0 30 310
9 58 32 45 13 20 0 0.00 M M 10.0 25 310 M M 2 35 310
10 52 28 40 8 25 0 0.00 M M 10.8 26 210 M M 1 40 210
11 56 21 39 6 26 0 T M M 17.8 31 340 M M 4 44 330
12 30 11 21 -12 44 0 0.00 M M 9.5 21 330 M M 1 28 330
13 34 16 25 -8 40 0 0.00 M M 9.2 25 360 M M 2 31 360
14 51 21 36 2 29 0 0.00 M M 6.3 18 360 M M 0 23 360
15 67 32 50 16 15 0 0.00 M M 18.1 31 180 M M 0 46 190
16 65 35 50 16 15 0 0.02 M M 20.9 32 200 M M 7 50 190
17 35 2 19 -16 46 0 M M M 16.8 36 350 M M 7 1238 48 360
18 35 -1 17 -18 48 0 0.00 M M 13.0 25 210 M M 1 33 220
19 34 19 27 -8 38 0 0.00 M M 9.7 18 360 M M 0 24 360
20 59 30 45 9 20 0 0.00 M M 13.9 26 200 M M 0 38 210
21 70 34 52 16 13 0 0.00 M M 13.7 26 190 M M 2 36 190
22 34 9 22 -14 43 0 T M M 17.6 26 310 M M 10 18 36 320
23 19 3 11 -26 54 0 0.00 M M 12.7 22 330 M M 4 26 360
24 20 12 16 -21 49 0 T M M 9.2 15 50 M M 9 8 20 300
25 26 5 16 -21 49 0 0.00 M M 6.3 14 310 M M 0 19 310
26 41 13 27 -11 38 0 0.00 M M 1.8 8 130 M M 1 10 160
27 54 21 38 0 27 0 0.00 M M 5.8 13 250 M M 0 18 270
28 63 26 45 6 20 0 0.00 M M 6.4 10 210 M M 0 16 210
================================================================================
SM 1246 502 939 0 0.05 M 327.4 M 78
================================================================================
AV 44.5 17.9 11.7 FASTST M M 3 MAX(MPH)
MISC ----> 36 350 50 190
================================================================================
NOTES:
# LAST OF SEVERAL OCCURRENCES
COLUMN 17 PEAK WIND IN M.P.H.
PRELIMINARY LOCAL CLIMATOLOGICAL DATA (WS FORM: F-6) , PAGE 2
STATION: NEW CENTURY AIR CENTER KS
MONTH: FEBRUARY
YEAR: 2022
LATITUDE: 38 49 N
LONGITUDE: 94 54 W
[TEMPERATURE DATA] [PRECIPITATION DATA] SYMBOLS USED IN COLUMN 16
AVERAGE MONTHLY: 31.2 TOTAL FOR MONTH: 0.05 1 = FOG OR MIST
DPTR FM NORMAL: -2.9 DPTR FM NORMAL: -1.45 2 = FOG REDUCING VISIBILITY
HIGHEST: 70 ON 21 GRTST 24HR 0.03 ON 1- 1 TO 1/4 MILE OR LESS
LOWEST: -1 ON 18 3 = THUNDER
SNOW, ICE PELLETS, HAIL 4 = ICE PELLETS
TOTAL MONTH: M 5 = HAIL
GRTST 24HR M ON M 6 = FREEZING RAIN OR DRIZZLE
GRTST DEPTH: M ON M 7 = DUSTSTORM OR SANDSTORM:
VSBY 1/2 MILE OR LESS
8 = SMOKE OR HAZE
[NO. OF DAYS WITH] [WEATHER - DAYS WITH] 9 = BLOWING SNOW
X = TORNADO
MAX 32 OR BELOW: 6 0.01 INCH OR MORE: 2
MAX 90 OR ABOVE: 0 0.10 INCH OR MORE: 0
MIN 32 OR BELOW: 26 0.50 INCH OR MORE: 0
MIN 0 OR BELOW: 1 1.00 INCH OR MORE: 0
[HDD (BASE 65) ]
TOTAL THIS MO. 939 CLEAR (SCALE 0-3) 18
DPTR FM NORMAL 74 PTCLDY (SCALE 4-7) 7
TOTAL FM JUL 1 3447 CLOUDY (SCALE 8-10) 3
DPTR FM NORMAL -465
[CDD (BASE 65) ]
TOTAL THIS MO. 0
DPTR FM NORMAL 0 [PRESSURE DATA]
TOTAL FM JAN 1 0 HIGHEST SLP 30.73 ON 23
DPTR FM NORMAL 0 LOWEST SLP 29.57 ON 21
[REMARKS]
#FINAL-02-22#