492
CXUS55 KGGW 010810
CF6JDN
PRELIMINARY LOCAL CLIMATOLOGICAL DATA (WS FORM: F-6)
STATION: JORDAN ASOS MT
MONTH: AUGUST
YEAR: 2020
LATITUDE: 47 19 N
LONGITUDE: 106 50 W
TEMPERATURE IN F: :PCPN: SNOW: WIND :SUNSHINE: SKY :PK WND
================================================================================
1 2 3 4 5 6A 6B 7 8 9 10 11 12 13 14 15 16 17 18
12Z AVG MX 2MIN
DY MAX MIN AVG DEP HDD CDD WTR SNW DPTH SPD SPD DIR MIN PSBL S-S WX SPD DR
================================================================================
1 90 54 72 0 0 7 0.00 M M 8.1 17 90 M M 0 24 80
2 92 64 78 6 0 13 0.00 M M 12.1 18 100 M M 0 25 160
3 95 65 80 8 0 15 0.33 M M 13.4 33 320 M M 0 40 320
4 89 58 74 3 0 9 0.00 M M 7.5 20 340 M M 0 24 340
5 93 51 72 1 0 7 0.00 M M 5.3 14 210 M M 0 19 210
6 101 66 84 13 0 19 0.00 M M 9.6 21 210 M M 0 27 170
7 89 53 71 0 0 6 0.00 M M 11.5 29 320 M M 0 38 330
8 91 45 68 -3 0 3 0.00 M M 5.1 15 230 M M 0 28 260
9 80 53 67 -4 0 2 0.00 M M 11.4 22 330 M M 0 29 310
10 90 44 67 -4 0 2 0.00 M M 6.8 20 220 M M 0 30 260
11 96 48 72 1 0 7 0.00 M M 5.6 17 300 M M 0 23 300
12 99 66 83 13 0 18 0.00 M M 10.0 24 330 M M 0 31 320
13 84 57 71 1 0 6 0.00 M M 8.7 20 210 M M 0 28 300
14 84 51 68 -2 0 3 0.00 M M 9.1 21 300 M M 0 29 280
15 91 46 69 -1 0 4 0.00 M M 6.7 22 290 M M 0 29 260
16 96 49 73 3 0 8 0.00 M M 4.7 16 210 M M 0 23 210
17 103 54 79 10 0 14 0.00 M M 3.9 14 310 M M 0 18 300
18 98 60 79 10 0 14 0.00 M M 8.6 21 290 M M 0 27 290
19 101 59 80 11 0 15 0.00 M M 8.2 31 310 M M 0 42 310
20 99 53 76 8 0 11 0.01 M M 6.5 53 310 M M 0 68 320
21 92 58 75 7 0 10 0.00 M M 7.0 20 300 M M 0 28 310
22 97 52 75 7 0 10 0.00 M M 8.7 21 310 M M 0 28 250
23 90 59 75 8 0 10 0.00 M M 6.7 14 90 M M 0 21 70
24 99 56 78 11 0 13 0.00 M M 9.2 24 150 M M 0 33 130
25 94 64 79 12 0 14 0.03 M M 9.2 45 310 M M 0 69 310
26 91 61 76 10 0 11 0.00 M M 9.2 22 300 M M 0 29 310
27 90 57 74 8 0 9 0.00 M M 9.8 33 340 M M 0 44 340
28 82 45 64 -2 1 0 0.00 M M 5.6 15 330 M M 0 19 320
29 96 59 78 13 0 13 0.00 M M 11.0 28 350 M M 0 37 360
30 72 42 57 -8 8 0 0.00 M M 14.4 28 350 M M 0 38 20
31 78 37 58 -6 7 0 0.00 M M 6.4 21 230 M M 0 34 250
================================================================================
SM 2842 1686 16 273 0.37 M 260.0 M 0
================================================================================
AV 91.7 54.4 8.4 FASTST M M 0 MAX(MPH)
MISC ----> 53 310 69 310
================================================================================
NOTES:
# LAST OF SEVERAL OCCURRENCES
COLUMN 17 PEAK WIND IN M.P.H.
PRELIMINARY LOCAL CLIMATOLOGICAL DATA (WS FORM: F-6) , PAGE 2
STATION: JORDAN ASOS MT
MONTH: AUGUST
YEAR: 2020
LATITUDE: 47 19 N
LONGITUDE: 106 50 W
[TEMPERATURE DATA] [PRECIPITATION DATA] SYMBOLS USED IN COLUMN 16
AVERAGE MONTHLY: 73.0 TOTAL FOR MONTH: 0.37 1 = FOG OR MIST
DPTR FM NORMAL: 4.1 DPTR FM NORMAL: -0.82 2 = FOG REDUCING VISIBILITY
HIGHEST: 103 ON 17 GRTST 24HR 0.33 ON 3- 3 TO 1/4 MILE OR LESS
LOWEST: 37 ON 31 3 = THUNDER
SNOW, ICE PELLETS, HAIL 4 = ICE PELLETS
TOTAL MONTH: M 5 = HAIL
GRTST 24HR M ON M 6 = FREEZING RAIN OR DRIZZLE
GRTST DEPTH: M ON M 7 = DUSTSTORM OR SANDSTORM:
VSBY 1/2 MILE OR LESS
8 = SMOKE OR HAZE
[NO. OF DAYS WITH] [WEATHER - DAYS WITH] 9 = BLOWING SNOW
X = TORNADO
MAX 32 OR BELOW: 0 0.01 INCH OR MORE: 3
MAX 90 OR ABOVE: 23 0.10 INCH OR MORE: 1
MIN 32 OR BELOW: 0 0.50 INCH OR MORE: 0
MIN 0 OR BELOW: 0 1.00 INCH OR MORE: 0
[HDD (BASE 65) ]
TOTAL THIS MO. 16 CLEAR (SCALE 0-3) 31
DPTR FM NORMAL -24 PTCLDY (SCALE 4-7) 0
TOTAL FM JUL 1 17 CLOUDY (SCALE 8-10) 0
DPTR FM NORMAL -49
[CDD (BASE 65) ]
TOTAL THIS MO. 273
DPTR FM NORMAL 111 [PRESSURE DATA]
TOTAL FM JAN 1 606 HIGHEST SLP M ON M
DPTR FM NORMAL 213 LOWEST SLP 29.51 ON 29
[REMARKS]
#FINAL-08-20#