000
CXUS53 KLSX 011500
CF6JEF
PRELIMINARY LOCAL CLIMATOLOGICAL DATA (WS FORM: F-6)
STATION: JEFFERSON CITY
MONTH: NOVEMBER
YEAR: 2021
LATITUDE: 38 35 N
LONGITUDE: 92 10 W
TEMPERATURE IN F: :PCPN: SNOW: WIND :SUNSHINE: SKY :PK WND
================================================================================
1 2 3 4 5 6A 6B 7 8 9 10 11 12 13 14 15 16 17 18
12Z AVG MX 2MIN
DY MAX MIN AVG DEP HDD CDD WTR SNW DPTH SPD SPD DIR MIN PSBL S-S WX SPD DR
================================================================================
1 50 38 44 -7 21 0 0.01 0.0 0 3.5 10 20 M M 9 17 30
2 51 34 43 -8 22 0 0.00 0.0 0 2.4 8 360 M M 3 13 230
3 53 30 42 -8 23 0 0.00 0.0 0 1.5 10 40 M M 0 1 14 40
4 56 28 42 -8 23 0 0.00 0.0 0 3.2 9 160 M M 1 1 13 190
5 57 28 43 -7 22 0 0.00 0.0 0 4.2 10 150 M M 0 15 180
6 65 31 48 -1 17 0 0.00 0.0 0 4.3 9 240 M M 0 8 15 210
7 73 35 54 5 11 0 0.00 0.0 0 6.0 15 180 M M 0 18 23 180
8 78 42 60 12 5 0 0.00 0.0 0 5.1 12 190 M M 0 8 17 230
9 70 46 58 10 7 0 0.00 0.0 0 3.4 13 80 M M 3 19 80
10 74 53 64 16 1 0 0.05 0.0 0 8.3 18 170 M M 7 28 170
11 61 44 53 6 12 0 0.07 0.0 0 12.9 28 250 M M 5 38 260
12 46 37 42 -5 23 0 0.00 0.0 0 14.2 25 270 M M 6 35 270
13 46 35 41 -5 24 0 T M 0 7.5 18 300 M M 7 29 300
14 52 34 43 -3 22 0 0.07 0.0 0 8.2 22 300 M M 3 31 300
15 70 35 53 7 12 0 0.00 0.0 0 5.6 18 230 M M 3 25 250
16 80 37 59 14 6 0 0.00 0.0 0 8.2 20 170 M M 0 31 170
17 68 46 57 12 8 0 0.02 0.0 0 7.3 24 340 M M 7 33 330
18 51 26 39 -6 26 0 0.00 0.0 0 7.3 24 300 M M 1 35 310
19 54 20 37 -7 28 0 0.00 0.0 0 6.9 16 150 M M 2 25 150
20 64 41 53 9 12 0 0.00 0.0 0 5.4 12 210 M M 2 15 240
21 64 40 52 8 13 0 0.00 0.0 0 5.9 17 340 M M 2 23 300
22 47 27 37 -6 28 0 0.00 0.0 0 2.5 7 120 M M 2 10 260
23 61 25 43 0 22 0 0.00 0.0 0 7.8 15 150 M M 0 21 150
24 64 45 55 13 10 0 0.32 0.0 0 7.7 21 180 M M 4 1 32 200
25 57 23 40 -2 25 0 0.15 0.0 0 10.2 20 290 M M 3 1 27 310
26 54 19 37 -5 28 0 0.00 0.0 0 4.6 14 200 M M 1 20 180
27 63 31 47 6 18 0 0.00 0.0 0 3.8 15 310 M M 0 8 23 320
28 54 30 42 1 23 0 0.00 0.0 0 3.8 12 290 M M 0 18 15 290
29 65 28 47 6 18 0 0.00 0.0 0 4.0 17 220 M M 0 22 220
30 59 33 46 6 19 0 T M M 2.6 8 120 M M 2 10 20
================================================================================
SM 1807 1021 529 0 0.69 0.0 178.3 M 73
================================================================================
AV 60.2 34.0 5.9 FASTST M M 2 MAX(MPH)
MISC ----> 28 250 38 260
================================================================================
NOTES:
# LAST OF SEVERAL OCCURRENCES
COLUMN 17 PEAK WIND IN M.P.H.
PRELIMINARY LOCAL CLIMATOLOGICAL DATA (WS FORM: F-6) , PAGE 2
STATION: JEFFERSON CITY
MONTH: NOVEMBER
YEAR: 2021
LATITUDE: 38 35 N
LONGITUDE: 92 10 W
[TEMPERATURE DATA] [PRECIPITATION DATA] SYMBOLS USED IN COLUMN 16
AVERAGE MONTHLY: 47.1 TOTAL FOR MONTH: 0.69 1 = FOG OR MIST
DPTR FM NORMAL: 1.5 DPTR FM NORMAL: -2.13 2 = FOG REDUCING VISIBILITY
HIGHEST: 80 ON 16 GRTST 24HR 0.47 ON 24-25 TO 1/4 MILE OR LESS
LOWEST: 19 ON 26 3 = THUNDER
SNOW, ICE PELLETS, HAIL 4 = ICE PELLETS
TOTAL MONTH: 0.0 INCH 5 = HAIL
GRTST 24HR 0.0 6 = FREEZING RAIN OR DRIZZLE
GRTST DEPTH: 0 7 = DUSTSTORM OR SANDSTORM:
VSBY 1/2 MILE OR LESS
8 = SMOKE OR HAZE
[NO. OF DAYS WITH] [WEATHER - DAYS WITH] 9 = BLOWING SNOW
X = TORNADO
MAX 32 OR BELOW: 0 0.01 INCH OR MORE: 7
MAX 90 OR ABOVE: 0 0.10 INCH OR MORE: 2
MIN 32 OR BELOW: 13 0.50 INCH OR MORE: 0
MIN 0 OR BELOW: 0 1.00 INCH OR MORE: 0
[HDD (BASE 65) ]
TOTAL THIS MO. 529 CLEAR (SCALE 0-3) 21
DPTR FM NORMAL -54 PTCLDY (SCALE 4-7) 8
TOTAL FM JUL 1 691 CLOUDY (SCALE 8-10) 1
DPTR FM NORMAL -202
[CDD (BASE 65) ]
TOTAL THIS MO. 0
DPTR FM NORMAL -2 [PRESSURE DATA]
TOTAL FM JAN 1 1753 HIGHEST SLP 30.52 ON 19
DPTR FM NORMAL 298 LOWEST SLP 29.62 ON 11
[REMARKS]
#FINAL-11-21#