000
CXUS53 KLSX 011526
CF6JEF
PRELIMINARY LOCAL CLIMATOLOGICAL DATA (WS FORM: F-6)
STATION: JEFFERSON CITY
MONTH: DECEMBER
YEAR: 2020
LATITUDE: 38 35 N
LONGITUDE: 92 10 W
TEMPERATURE IN F: :PCPN: SNOW: WIND :SUNSHINE: SKY :PK WND
================================================================================
1 2 3 4 5 6A 6B 7 8 9 10 11 12 13 14 15 16 17 18
12Z AVG MX 2MIN
DY MAX MIN AVG DEP HDD CDD WTR SNW DPTH SPD SPD DIR MIN PSBL S-S WX SPD DR
================================================================================
1 47 17 32 -7 33 0 0.00 0.0 0 3.7 8 150 M M 0 10 110
2 52 19 36 -2 29 0 0.00 0.0 0 3.2 14 130 M M 0 17 130
3 44 35 40 2 25 0 0.04 0.0 0 1.7 8 80 M M 10 10 110
4 54 33 44 6 21 0 0.00 0.0 0 5.2 17 280 M M 2 18 21 300
5 57 27 42 5 23 0 0.00 0.0 0 1.8 7 290 M M 1 128 10 310
6 52 30 41 4 24 0 0.00 0.0 0 4.5 12 10 M M 3 1 19 350
7 41 27 34 -2 31 0 0.00 0.0 0 3.5 9 250 M M 5 128 12 210
8 46 25 36 0 29 0 0.00 0.0 0 0.8 6 140 M M 5 128 7 150
9 69 29 49 13 16 0 0.00 0.0 0 2.1 9 270 M M 0 18 12 280
10 71 30 51 15 14 0 0.00 0.0 0 2.0 7 150 M M 0 9 160
11 56 39 48 13 17 0 0.34 0.0 0 5.4 17 260 M M 6 1 22 270
12 46 37 42 7 23 0 T 0.0 0 10.4 21 250 M M 10 8 27 250
13 39 29 34 -1 31 0 T M 0 6.8 16 300 M M 10 23 310
14 38 24 31 -3 34 0 0.00 0.0 0 5.8 18 330 M M 2 18 24 330
15 34 23 29 -5 36 0 T M 0 5.1 13 70 M M 4 17 60
16 35 23 29 -5 36 0 0.00 0.0 0 5.9 16 270 M M 6 8 21 270
17 43 21 32 -2 33 0 0.00 0.0 0 5.0 12 170 M M 4 18 14 180
18 52 22 37 3 28 0 0.00 0.0 0 9.0 17 160 M M 1 8 25 160
19 50 25 38 5 27 0 0.00 0.0 0 6.7 15 330 M M 6 18 19 320
20 53 23 38 5 27 0 0.00 0.0 0 5.3 14 280 M M 2 128 18 280
21 60 32 46 13 19 0 0.00 0.0 0 8.3 25 280 M M 1 35 280
22 63 23 43 10 22 0 0.00 0.0 0 8.9 20 150 M M 0 27 160
23 64 26 45 12 20 0 0.07 0.0 0 19.6 37 270 M M 5 52 280
24 30 15 23 -9 42 0 0.00 0.0 0 15.2 25 290 M M 1 34 300
25 33 10 22 -10 43 0 0.00 0.0 0 7.5 16 300 M M 0 22 300
26 54 19 37 5 28 0 0.00 0.0 0 2.9 10 130 M M 0 10 130
27 61 26 44 12 21 0 0.00 0.0 0 10.4 24 270 M M 2 32 270
28 40 29 35 3 30 0 0.00 0.0 0 6.7 17 300 M M 5 26 300
29 48 30 39 7 26 0 0.09 M 0 12.7 21 120 M M 10 14 27 100
30 48 28 38 6 27 0 0.31 M M 7.5 22 310 M M 7 1 30 300
31 35 22 29 -3 36 0 T M M 6.0 13 70 M M 1 21 60
================================================================================
SM 1515 798 851 0 0.85 0.0 199.6 M 109
================================================================================
AV 48.9 25.7 6.4 FASTST M M 4 MAX(MPH)
MISC ----> 37 270 52 280
================================================================================
NOTES:
# LAST OF SEVERAL OCCURRENCES
COLUMN 17 PEAK WIND IN M.P.H.
PRELIMINARY LOCAL CLIMATOLOGICAL DATA (WS FORM: F-6) , PAGE 2
STATION: JEFFERSON CITY
MONTH: DECEMBER
YEAR: 2020
LATITUDE: 38 35 N
LONGITUDE: 92 10 W
[TEMPERATURE DATA] [PRECIPITATION DATA] SYMBOLS USED IN COLUMN 16
AVERAGE MONTHLY: 37.3 TOTAL FOR MONTH: 0.85 1 = FOG OR MIST
DPTR FM NORMAL: 2.9 DPTR FM NORMAL: -1.80 2 = FOG REDUCING VISIBILITY
HIGHEST: 71 ON 10 GRTST 24HR 0.40 ON 29-30 TO 1/4 MILE OR LESS
LOWEST: 10 ON 25 3 = THUNDER
SNOW, ICE PELLETS, HAIL 4 = ICE PELLETS
TOTAL MONTH: 0.0 INCH 5 = HAIL
GRTST 24HR 0.0 6 = FREEZING RAIN OR DRIZZLE
GRTST DEPTH: 0 7 = DUSTSTORM OR SANDSTORM:
VSBY 1/2 MILE OR LESS
8 = SMOKE OR HAZE
[NO. OF DAYS WITH] [WEATHER - DAYS WITH] 9 = BLOWING SNOW
X = TORNADO
MAX 32 OR BELOW: 1 0.01 INCH OR MORE: 5
MAX 90 OR ABOVE: 0 0.10 INCH OR MORE: 2
MIN 32 OR BELOW: 27 0.50 INCH OR MORE: 0
MIN 0 OR BELOW: 0 1.00 INCH OR MORE: 0
[HDD (BASE 65) ]
TOTAL THIS MO. 851 CLEAR (SCALE 0-3) 16
DPTR FM NORMAL -97 PTCLDY (SCALE 4-7) 11
TOTAL FM JUL 1 1670 CLOUDY (SCALE 8-10) 4
DPTR FM NORMAL -174
[CDD (BASE 65) ]
TOTAL THIS MO. 0
DPTR FM NORMAL 0 [PRESSURE DATA]
TOTAL FM JAN 1 1538 HIGHEST SLP 30.49 ON 29
DPTR FM NORMAL 182 LOWEST SLP 29.55 ON 23
[REMARKS]
#FINAL-12-20#