000
CXUS55 KBOI 011002
CF6JER
PRELIMINARY LOCAL CLIMATOLOGICAL DATA (WS FORM: F-6)
STATION: JEROME ID
MONTH: MAY
YEAR: 2021
LATITUDE: 42 43 N
LONGITUDE: 114 27 W
TEMPERATURE IN F: :PCPN: SNOW: WIND :SUNSHINE: SKY :PK WND
================================================================================
1 2 3 4 5 6A 6B 7 8 9 10 11 12 13 14 15 16 17 18
12Z AVG MX 2MIN
DY MAX MIN AVG DEP HDD CDD WTR SNW DPTH SPD SPD DIR MIN PSBL S-S WX SPD DR
================================================================================
1 76 49 63 11 2 0 0.00 M M 15.5 35 280 M M 0 47 290
2 64 41 53 1 12 0 0.23 M M 16.1 30 280 M M 6 12 42 240
3 63 36 50 -3 15 0 0.00 M M 8.2 15 280 M M 1 20 260
4 68 43 56 3 9 0 0.00 M M 13.4 28 290 M M 1 36 290
5 73 37 55 1 10 0 0.00 M M 7.3 17 80 M M 0 21 80
6 87 44 66 12 0 1 T M M 12.2 38 220 M M 1 8 52 230
7 67 42 55 1 10 0 0.00 M M 16.8 29 280 M M 2 37 290
8 56 35 46 -8 19 0 0.00 M M 21.4 35 280 M M 0 46 270
9 60 28 44 -11 21 0 0.00 M M 8.8 22 270 M M 0 34 260
10 62 31 47 -8 18 0 T M M 8.4 23 330 M M 2 33 250
11 66 36 51 -5 14 0 0.00 M M 6.5 14 270 M M 0 8 22 270
12 75 39 57 1 8 0 0.00 M M 6.2 15 340 M M 0 20 260
13 81 49 65 9 0 0 0.00 M M 8.7 17 300 M M 0 30 330
14 79 52 66 10 0 1 T M M 7.9 21 90 M M 1 26 100
15 68 52 60 3 5 0 0.00 M M 6.5 16 190 M M 3 8 22 190
16 81 48 65 8 0 0 T M M 9.3 41 110 M M 1 38 60 120
17 81 49 65 8 0 0 0.00 M M 6.7 16 110 M M 0 21 100
18 75 52 64 6 1 0 0.00 M M 14.0 26 260 M M 0 8 34 270
19 70 44 57 -1 8 0 0.00 M M 14.4 26 280 M M 0 8 36 250
20 62 39 51 -7 14 0 T M M 12.0 22 260 M M 4 30 290
21 56 40 48 -10 17 0 0.05 M M 9.1 25 240 M M 9 34 240
22 66 40 53 -6 12 0 0.04 M M 13.5 23 310 M M 2 1 35 170
23 61 38 50 -9 15 0 0.00 M M 10.6 22 270 M M 4 28 260
24 69 45 57 -2 8 0 T M M 12.7 28 280 M M 5 8 45 280
25 71 44 58 -2 7 0 0.01 M M 8.3 24 150 M M 3 40 290
26 68 41 55 -5 10 0 T M M 10.6 22 250 M M 1 29 280
27 80 43 62 2 3 0 0.00 M M 4.9 14 80 M M 0 17 50
28 72 48 60 0 5 0 0.00 M M 15.6 26 280 M M 0 37 290
29 74 43 59 -1 6 0 0.00 M M 6.5 12 270 M M 0 16 310
30 80 44 62 1 3 0 0.00 M M 6.5 12 280 M M 0 17 260
31 84 52 68 7 0 3 0.00 M M 6.6 15 270 M M 0 21 280
================================================================================
SM 2195 1324 252 5 0.33 M 325.2 M 46
================================================================================
AV 70.8 42.7 10.5 FASTST M M 1 MAX(MPH)
MISC ----> 41 110 60 120
================================================================================
NOTES:
# LAST OF SEVERAL OCCURRENCES
COLUMN 17 PEAK WIND IN M.P.H.
PRELIMINARY LOCAL CLIMATOLOGICAL DATA (WS FORM: F-6) , PAGE 2
STATION: JEROME ID
MONTH: MAY
YEAR: 2021
LATITUDE: 42 43 N
LONGITUDE: 114 27 W
[TEMPERATURE DATA] [PRECIPITATION DATA] SYMBOLS USED IN COLUMN 16
AVERAGE MONTHLY: 56.8 TOTAL FOR MONTH: 0.33 1 = FOG OR MIST
DPTR FM NORMAL: 0.0 DPTR FM NORMAL: -1.11 2 = FOG REDUCING VISIBILITY
HIGHEST: 87 ON 6 GRTST 24HR 0.23 ON 2- 2 TO 1/4 MILE OR LESS
LOWEST: 28 ON 9 3 = THUNDER
SNOW, ICE PELLETS, HAIL 4 = ICE PELLETS
TOTAL MONTH: M 5 = HAIL
GRTST 24HR M ON M 6 = FREEZING RAIN OR DRIZZLE
GRTST DEPTH: M ON M 7 = DUSTSTORM OR SANDSTORM:
VSBY 1/2 MILE OR LESS
8 = SMOKE OR HAZE
[NO. OF DAYS WITH] [WEATHER - DAYS WITH] 9 = BLOWING SNOW
X = TORNADO
MAX 32 OR BELOW: 0 0.01 INCH OR MORE: 4
MAX 90 OR ABOVE: 0 0.10 INCH OR MORE: 1
MIN 32 OR BELOW: 2 0.50 INCH OR MORE: 0
MIN 0 OR BELOW: 0 1.00 INCH OR MORE: 0
[HDD (BASE 65) ]
TOTAL THIS MO. 252 CLEAR (SCALE 0-3) 25
DPTR FM NORMAL -20 PTCLDY (SCALE 4-7) 5
TOTAL FM JUL 1 5631 CLOUDY (SCALE 8-10) 1
DPTR FM NORMAL -354
[CDD (BASE 65) ]
TOTAL THIS MO. 5
DPTR FM NORMAL -15 [PRESSURE DATA]
TOTAL FM JAN 1 10 HIGHEST SLP 30.24 ON 5
DPTR FM NORMAL -11 LOWEST SLP 29.64 ON 19
[REMARKS]
#FINAL-05-21#