116
CXUS51 KOKX 012046
CF6JFK
PRELIMINARY LOCAL CLIMATOLOGICAL DATA (WS FORM: F-6)
STATION: KENNEDY NY
MONTH: MARCH
YEAR: 2020
LATITUDE: 40 39 N
LONGITUDE: 73 47 W
TEMPERATURE IN F: :PCPN: SNOW: WIND :SUNSHINE: SKY :PK WND
================================================================================
1 2 3 4 5 6A 6B 7 8 9 10 11 12 13 14 15 16 17 18
12Z AVG MX 2MIN
DY MAX MIN AVG DEP HDD CDD WTR SNW DPTH SPD SPD DIR MIN PSBL S-S WX SPD DR
================================================================================
1 44 25 35 -3 30 0 0.00 0.0 0 14.3 32 320 M M 2 39 310
2 51 32 42 4 23 0 T 0.0 0 16.1 31 180 M M 7 40 180
3 53 42 48 10 17 0 0.28 0.0 0 10.5 33 260 M M 9 13 45 270
4 57 44 51 13 14 0 T 0.0 0 19.8 32 270 M M 3 43 270
5 50 39 45 7 20 0 0.00 0.0 0 13.0 26 330 M M 5 34 310
6 47 33 40 1 25 0 0.07 0.0 0 11.0 22 30 M M 8 1 28 30
7 48 36 42 3 23 0 T 0.0 0 19.8 36 340 M M 5 43 340
8 57 33 45 6 20 0 0.00 0.0 0 12.7 22 240 M M 3 26 250
9 64 39 52 12 13 0 0.00 0.0 0 11.5 21 250 M M 5 25 240
10 64 43 54 14 11 0 T 0.0 0 11.1 26 330 M M 7 33 340
11 57 41 49 9 16 0 0.00 0.0 0 8.5 29 310 M M 6 34 320
12 47 37 42 2 23 0 0.05 0.0 0 10.1 21 90 M M 8 1 26 90
13 71 46 59 18 6 0 0.30 0.0 0 18.2 32 270 M M 7 12 46 260
14 57 43 50 9 15 0 0.00 0.0 0 16.0 32 320 M M 5 40 320
15 54 40 47 6 18 0 0.00 0.0 0 10.8 20 360 M M 5 24 10
16 45 32 39 -2 26 0 0.00 0.0 0 13.2 18 120 M M 5 29 180
17 54 41 48 6 17 0 0.18 0.0 0 9.3 20 320 M M 8 1 25 260
18 50 40 45 3 20 0 0.01 0.0 0 10.0 23 330 M M 6 31 320
19 53 43 48 6 17 0 1.07 0.0 0 8.8 17 40 M M 10 1 21 20
20 73 36 55 12 10 0 T 0.0 0 8.3 22 270 M M 9 12 29 290
21 67 40 54 11 11 0 0.00 0.0 0 15.3 28 330 M M 6 35 340
22 44 34 39 -4 26 0 0.00 0.0 0 14.0 22 40 M M 7 27 40
23 46 37 42 -2 23 0 1.28 T 0 18.7 29 360 M M 10 148 37 60
24 54 36 45 1 20 0 0.00 0.0 0 11.6 23 330 M M 6 29 330
25 48 39 44 0 21 0 T 0.0 0 14.1 24 30 M M 9 32 70
26 55 36 46 2 19 0 0.00 0.0 0 12.7 22 190 M M 3 27 180
27 68 46 57 12 8 0 T 0.0 0 8.8 22 330 M M 5 28 330
28 50 46 48 3 17 0 0.37 0.0 0 11.3 23 60 M M 9 1 32 120
29 51 45 48 2 17 0 0.09 0.0 0 11.4 20 60 M M 9 12 23 50
30 49 42 46 0 19 0 0.04 0.0 0 6.5 14 50 M M 10 1 18 30
31 45 41 43 -3 22 0 0.02 0.0 0 8.1 15 50 M M 9 1 19 50
================================================================================
SM 1673 1207 567 0 3.76 T 385.5 M 206
================================================================================
AV 54.0 38.9 12.4 FASTST M M 7 MAX(MPH)
MISC ----> # 36 340 # 46 260
================================================================================
NOTES:
# LAST OF SEVERAL OCCURRENCES
COLUMN 17 PEAK WIND IN M.P.H.
PRELIMINARY LOCAL CLIMATOLOGICAL DATA (WS FORM: F-6) , PAGE 2
STATION: KENNEDY NY
MONTH: MARCH
YEAR: 2020
LATITUDE: 40 39 N
LONGITUDE: 73 47 W
[TEMPERATURE DATA] [PRECIPITATION DATA] SYMBOLS USED IN COLUMN 16
AVERAGE MONTHLY: 46.5 TOTAL FOR MONTH: 3.76 1 = FOG OR MIST
DPTR FM NORMAL: 4.9 DPTR FM NORMAL: -0.02 2 = FOG REDUCING VISIBILITY
HIGHEST: 73 ON 20 GRTST 24HR 1.28 ON 23-23 TO 1/4 MILE OR LESS
LOWEST: 25 ON 1 3 = THUNDER
SNOW, ICE PELLETS, HAIL 4 = ICE PELLETS
TOTAL MONTH: T 5 = HAIL
GRTST 24HR T ON 23-23 6 = FREEZING RAIN OR DRIZZLE
GRTST DEPTH: 0 7 = DUSTSTORM OR SANDSTORM:
VSBY 1/2 MILE OR LESS
8 = SMOKE OR HAZE
[NO. OF DAYS WITH] [WEATHER - DAYS WITH] 9 = BLOWING SNOW
X = TORNADO
MAX 32 OR BELOW: 0 0.01 INCH OR MORE: 12
MAX 90 OR ABOVE: 0 0.10 INCH OR MORE: 6
MIN 32 OR BELOW: 3 0.50 INCH OR MORE: 2
MIN 0 OR BELOW: 0 1.00 INCH OR MORE: 2
[HDD (BASE 65) ]
TOTAL THIS MO. 567 CLEAR (SCALE 0-3) 4
DPTR FM NORMAL -158 PTCLDY (SCALE 4-7) 15
TOTAL FM JUL 1 3777 CLOUDY (SCALE 8-10) 12
DPTR FM NORMAL -459
[CDD (BASE 65) ]
TOTAL THIS MO. 0
DPTR FM NORMAL 0 [PRESSURE DATA]
TOTAL FM JAN 1 0 HIGHEST SLP 30.71 ON 22
DPTR FM NORMAL 0 LOWEST SLP 29.45 ON 3
[REMARKS]
#FINAL-03-20#