000
CXUS51 KOKX 030138
CLSJFK
CLIMATE REPORT
NATIONAL WEATHER SERVICE NEW YORK, NY
838 PM EST THU MAR 02 2023
...................................
...THE KENNEDY NY CLIMATE SUMMARY FOR THE SEASON, FROM
12/1/2022 TO 2/28/2023...
CLIMATE NORMAL PERIOD 1991 TO 2020
CLIMATE RECORD PERIOD 1948 TO 2023
WEATHER OBSERVED NORMAL DEPART LAST YEAR`S
VALUE DATE(S) VALUE FROM VALUE
NORMAL
..............................................................
TEMPERATURE (F)
RECORD
HIGH 75 12/07/1998
LOW -2 01/21/1985
02/08/1963
HIGHEST 64 02/16 MM MM
LOWEST 4 02/04 MM MM
AVG. MAXIMUM 46.2 41.9 4.3
AVG. MINIMUM 32.5 28.5 4.0
MEAN 39.4 35.2 4.2
DAYS MAX >= 90 0 0.0 0.0
DAYS MAX <= 32 4 13.0 -9.0
DAYS MIN <= 32 44 56.8 -12.8
DAYS MIN <= 0 0 0.0 0.0
PRECIPITATION (INCHES)
RECORD
MAXIMUM 18.20 1979
MINIMUM 4.34 2002
TOTALS 8.62 9.95 -1.33 9.15
DAILY AVG. 0.10 0.11 -0.01
DAYS >= .01 35 31.7 3.3
DAYS >= .10 22 19.2 2.8
DAYS >= .50 4 7.1 -3.1
DAYS >= 1.00 0 2.3 -2.3
GREATEST
24 HR. TOTAL 1.21
STORM TOTAL 0.97
(MM/DD(HH))
SNOWFALL (INCHES)
RECORDS
TOTAL 58.5 1961
24 HR TOTAL MM
TOTALS 1.7 20.6 -18.9
LIQUID EQUIV 0.20 2.00 -1.80
SINCE 7/1 1.7 21.0 -19.3
LIQUID 7/1 0.17
DAYS >= TRACE 14 11.0 3.0
DAYS >= 1.0 1 5.0 -4.0
GREATEST
SNOW DEPTH 2 02/28
24 HR TOTAL 1.5
STORM TOTAL 1.5
(MM/DD(HH))
DEGREE DAYS
HEATING TOTAL 2284 2678 -394
SINCE 7/1 2989 3511 -522
COOLING TOTAL 0 0 0
SINCE 1/1 0 0 0
..............................................................
WIND (MPH)
AVERAGE WIND SPEED 12.4
HIGHEST WIND SPEED/DIRECTION 48/260 DATE 12/23
HIGHEST GUST SPEED/DIRECTION 58/260 DATE 12/23
SKY COVER
POSSIBLE SUNSHINE (PERCENT) MM
AVERAGE SKY COVER 0.65
NUMBER OF DAYS FAIR 11
NUMBER OF DAYS PC 41
NUMBER OF DAYS CLOUDY 38
AVERAGE RH (PERCENT) 69
WEATHER CONDITIONS. NUMBER OF DAYS WITH
THUNDERSTORM 2 MIXED PRECIP 1
HEAVY RAIN 9 RAIN 19
LIGHT RAIN 37 FREEZING RAIN 0
LT FREEZING RAIN 0 HAIL 0
HEAVY SNOW 0 SNOW 1
LIGHT SNOW 12 SLEET 6
FOG 41 FOG W/VIS <= 1/4 MILE 7
HAZE 3
- INDICATES NEGATIVE NUMBERS.
R INDICATES RECORD WAS SET OR TIED.
MM INDICATES DATA IS MISSING.
T INDICATES TRACE AMOUNT.
$$