000
CXUS53 KJKL 011434
CLSJKL
CLIMATE REPORT
NATIONAL WEATHER SERVICE JACKSON KY
1034 AM EDT FRI SEP 01 2023
...................................
...THE JACKSON KY CLIMATE SUMMARY FOR THE SEASON, FROM
6/1/2023 TO 8/31/2023...
CLIMATE NORMAL PERIOD 1991 TO 2020
CLIMATE RECORD PERIOD 1981 TO 2023
WEATHER OBSERVED NORMAL DEPART LAST YEAR`S
VALUE DATE(S) VALUE FROM VALUE DATE(S)
NORMAL
................................................................
TEMPERATURE (F)
RECORD
HIGH 104 06/29/2012
LOW 44 06/07/1998
06/01/1993
06/10/1988
HIGHEST 92 07/27 MM MM 95 06/16
07/28
06/22
LOWEST 50 06/08 MM MM 53 06/19
06/09
AVG. MAXIMUM 82.3 83.9 -1.6 84.9
AVG. MINIMUM 64.4 64.9 -0.5 66.7
MEAN 73.4 74.4 -1.0 75.8
DAYS MAX >= 90 7 11.6 -4.6 15
DAYS MAX <= 32 0 0.0 0.0 0
DAYS MIN <= 32 0 0.0 0.0 0
DAYS MIN <= 0 0 0.0 0.0 0
PRECIPITATION (INCHES)
RECORD
MAXIMUM 23.02 2013
MINIMUM 7.37 1986
TOTALS 16.47 14.61 1.86 21.94
DAILY AVG. 0.18 0.16 0.02 0.24
DAYS >= .01 37 35.8 1.2 41
DAYS >= .10 26 24.5 1.5 32
DAYS >= .50 12 11.0 1.0 15
DAYS >= 1.00 6 3.9 2.1 6
GREATEST
24 HR. TOTAL 2.64 08/25 TO 08/26 4.94
SNOWFALL (INCHES)
RECORDS
TOTAL MM MM
24 HR TOTAL MM
TOTALS T* 0.0 0.0 0.0
SINCE 7/1 T* 0.0 0.0 0.0
SNOWDEPTH AVG. 0 0
DAYS >= 1.0 0 0.0 0.0 0
GREATEST
24 HR TOTAL 0.0 0.0
DEGREE DAYS
HEATING TOTAL 8 10 -2 0
SINCE 7/1 1 0 1 0
COOLING TOTAL 800 875 -75 1024
SINCE 1/1 907 1034 -127 1214
................................................................
WIND (MPH)
AVERAGE WIND SPEED 1.5
RESULTANT WIND SPEED/DIRECTION 1/120
HIGHEST WIND SPEED/DIRECTION 29/290 DATE 07/18
HIGHEST GUST SPEED/DIRECTION 55/280 DATE 07/18
SKY COVER
POSSIBLE SUNSHINE (PERCENT) MM
NUMBER OF DAYS FAIR 48
NUMBER OF DAYS PC 32
NUMBER OF DAYS CLOUDY 12
AVERAGE RH (PERCENT) 76
WEATHER CONDITIONS. NUMBER OF DAYS WITH
THUNDERSTORM 28 MIXED PRECIP 0
HEAVY RAIN 25 RAIN 21
LIGHT RAIN 46 FREEZING RAIN 0
LT FREEZING RAIN 0 HAIL 1
HEAVY SNOW 0 SNOW 0
LIGHT SNOW 0 SLEET 0
FOG 57 FOG W/VIS <= 1/4 MILE 27
HAZE 12
- INDICATES NEGATIVE NUMBERS.
R INDICATES RECORD WAS SET OR TIED.
MM INDICATES DATA IS MISSING.
T INDICATES TRACE AMOUNT.
&&
...*TRACE OF SNOW WAS IN THE FORM OF HAIL...
$$
CARICO