000
CXHW50 PHFO 011250
CF6JRF
PRELIMINARY LOCAL CLIMATOLOGICAL DATA (WS FORM: F-6)
STATION: KALAELOA ARPT/OAHU HI
MONTH: MARCH
YEAR: 2024
LATITUDE: 21 19 N
LONGITUDE: 158 4 W
TEMPERATURE IN F: :PCPN: SNOW: WIND :SUNSHINE: SKY :PK WND
================================================================================
1 2 3 4 5 6A 6B 7 8 9 10 11 12 13 14 15 16 17 18
12Z AVG MX 2MIN
DY MAX MIN AVG DEP HDD CDD WTR SNW DPTH SPD SPD DIR MIN PSBL S-S WX SPD DR
================================================================================
1 84 67 76 3 0 11 0.00 M M 7.8 17 110 M M 1 28 110
2 83 64 74 1 0 9 0.00 M M 7.5 16 50 M M 1 29 50
3 84 67 76 3 0 11 0.00 M M 6.5 13 50 M M 2 23 20
4 84 68 76 3 0 11 T M M 7.9 16 60 M M 4 1 28 80
5 82 70 76 3 0 11 T M M 9.6 18 70 M M 3 33 60
6 82 66 74 1 0 9 0.11 M M 8.4 20 60 M M 5 1 34 70
7 82 65 74 1 0 9 0.03 M M 7.6 16 30 M M 3 1 32 40
8 80 68 74 1 0 9 0.00 M M 9.8 18 50 M M 2 35 60
9 83 69 76 3 0 11 T M M 8.4 18 60 M M 3 34 40
10 80 70 75 2 0 10 T M M 8.4 17 90 M M 2 28 70
11 81 70 76 3 0 11 0.00 M M 7.6 15 40 M M 2 26 50
12 82 70 76 2 0 11 0.00 M M 6.5 15 150 M M 4 18 150
13 82 67 75 1 0 10 0.04 M M 5.3 17 290 M M 7 18 21 290
14 81 69 75 1 0 10 T M M 10.6 18 30 M M 10 32 10
15 79 67 73 -1 0 8 T M M 8.6 14 20 M M 8 25 30
16 81 64 73 -1 0 8 0.00 M M 5.9 12 140 M M 3 18 60
17 81 64 73 -1 0 8 T M M 6.6 16 130 M M 5 21 130
18 82 62 72 -2 0 7 0.00 M M 6.2 14 130 M M 3 19 140
19 83 61 72 -2 0 7 0.00 M M 6.4 15 50 M M 2 23 10
20 82 62 72 -2 0 7 0.00 M M 6.6 17 30 M M 4 28 40
21 82 64 73 -1 0 8 0.00 M M 7.7 17 30 M M 2 29 10
22 84 64 74 0 0 9 T M M 8.3 17 50 M M 3 29 70
23 84 66 75 1 0 10 0.01 M M 8.4 20 100 M M 5 32 90
24 84 66 75 1 0 10 0.00 M M 7.8 21 120 M M 2 28 120
25 83 67 75 1 0 10 0.00 M M 6.3 17 130 M M 4 24 140
26 86 68 77 3 0 12 0.00 M M 5.8 14 80 M M 6 23 60
27 84 66 75 1 0 10 0.02 M M 7.0 15 50 M M 4 8 28 30
28 84 71 78 4 0 13 0.00 M M 9.1 21 100 M M 4 33 70
29 85 69 77 2 0 12 0.00 M M 8.0 17 30 M M 2 28 70
30 83 67 75 0 0 10 T M M 6.7 14 110 M M 4 22 60
31 84 66 75 0 0 10 T M M 6.8 18 130 M M 3 27 120
================================================================================
SM 2561 2064 0 302 0.21 M 234.1 M 113
================================================================================
AV 82.6 66.6 7.6 FASTST M M 4 MAX(MPH)
MISC ----> # 21 120 35 60
================================================================================
NOTES:
# LAST OF SEVERAL OCCURRENCES
COLUMN 17 PEAK WIND IN M.P.H.
PRELIMINARY LOCAL CLIMATOLOGICAL DATA (WS FORM: F-6) , PAGE 2
STATION: KALAELOA ARPT/OAHU HI
MONTH: MARCH
YEAR: 2024
LATITUDE: 21 19 N
LONGITUDE: 158 4 W
[TEMPERATURE DATA] [PRECIPITATION DATA] SYMBOLS USED IN COLUMN 16
AVERAGE MONTHLY: 74.6 TOTAL FOR MONTH: 0.21 1 = FOG OR MIST
DPTR FM NORMAL: 0.8 DPTR FM NORMAL: -1.74 2 = FOG REDUCING VISIBILITY
HIGHEST: 86 ON 26 GRTST 24HR 0.14 ON 6- 7 TO 1/4 MILE OR LESS
LOWEST: 61 ON 19 3 = THUNDER
SNOW, ICE PELLETS, HAIL 4 = ICE PELLETS
TOTAL MONTH: M 5 = HAIL
GRTST 24HR M ON M 6 = FREEZING RAIN OR DRIZZLE
GRTST DEPTH: M ON M 7 = DUSTSTORM OR SANDSTORM:
VSBY 1/2 MILE OR LESS
8 = SMOKE OR HAZE
[NO. OF DAYS WITH] [WEATHER - DAYS WITH] 9 = BLOWING SNOW
X = TORNADO
MAX 32 OR BELOW: 0 0.01 INCH OR MORE: 5
MAX 90 OR ABOVE: 0 0.10 INCH OR MORE: 1
MIN 32 OR BELOW: 0 0.50 INCH OR MORE: 0
MIN 0 OR BELOW: 0 1.00 INCH OR MORE: 0
[HDD (BASE 65) ]
TOTAL THIS MO. 0 CLEAR (SCALE 0-3) 16
DPTR FM NORMAL 0 PTCLDY (SCALE 4-7) 14
TOTAL FM JUL 1 0 CLOUDY (SCALE 8-10) 1
DPTR FM NORMAL 0
[CDD (BASE 65) ]
TOTAL THIS MO. 302
DPTR FM NORMAL 29 [PRESSURE DATA]
TOTAL FM JAN 1 812 HIGHEST SLP 30.30 ON 23
DPTR FM NORMAL 73 LOWEST SLP 29.93 ON 15
[REMARKS]
#FINAL-03-24#