000
CXUS52 TJSJ 012112
CF6JSJ
PRELIMINARY LOCAL CLIMATOLOGICAL DATA (WS FORM: F-6)
STATION: SAN JUAN AREA/PR
MONTH: FEBRUARY
YEAR: 2022
LATITUDE: 18 25 N
LONGITUDE: 66 0 W
TEMPERATURE IN F: :PCPN: SNOW: WIND :SUNSHINE: SKY :PK WND
================================================================================
1 2 3 4 5 6A 6B 7 8 9 10 11 12 13 14 15 16 17 18
12Z AVG MX 2MIN
DY MAX MIN AVG DEP HDD CDD WTR SNW DPTH SPD SPD DIR MIN PSBL S-S WX SPD DR
================================================================================
1 83 71 77 -1 0 12 0.01 M M 7.0 17 60 M M 4 22 70
2 84 72 78 0 0 13 0.44 M M 7.9 21 80 M M 4 1 24 70
3 83 72 78 0 0 13 0.47 M M 7.5 18 60 M M 6 13 24 60
4 80 71 76 -2 0 11 0.82 M M 10.4 28 60 M M 6 13 32 60
5 75 70 73 -5 0 8 3.82 M M 6.1 24 90 M M 7 18 31 80
6 80 71 76 -2 0 11 2.73 M M 8.9 23 70 M M 8 1 30 80
7 81 71 76 -2 0 11 1.23 M M 8.7 20 80 M M 8 1 24 70
8 82 71 77 -1 0 12 0.20 M M 8.7 23 80 M M 5 1 28 80
9 82 71 77 -1 0 12 0.01 M M 8.5 22 90 M M 5 29 80
10 84 72 78 0 0 13 0.03 M M 8.7 24 80 M M 4 28 80
11 84 72 78 0 0 13 0.01 M M 12.0 24 80 M M 4 29 80
12 81 72 77 -1 0 12 0.10 M M 10.7 26 90 M M 6 1 33 90
13 82 72 77 -1 0 12 0.08 M M 8.2 24 70 M M 6 1 29 70
14 82 72 77 -1 0 12 T M M 9.4 18 70 M M 4 23 70
15 84 72 78 0 0 13 0.07 M M 9.8 21 80 M M 5 18 26 70
16 84 72 78 0 0 13 0.24 M M 11.9 23 80 M M 5 18 27 60
17 83 72 78 0 0 13 0.04 M M 11.8 24 90 M M 4 27 70
18 82 72 77 -1 0 12 0.31 M M 7.8 24 80 M M 5 1 29 70
19 82 72 77 -1 0 12 0.08 M M 8.8 18 60 M M 4 26 80
20 83 71 77 -1 0 12 0.07 M M 9.3 20 70 M M 4 1 24 70
21 83 73 78 0 0 13 0.01 M M 10.5 21 60 M M 4 25 50
22 82 73 78 0 0 13 0.09 M M 10.4 21 40 M M 4 8 29 30
23 81 72 77 -1 0 12 0.30 M M 11.1 22 360 M M 4 32 10
24 81 73 77 -1 0 12 0.04 M M 10.7 18 30 M M 4 25 10
25 82 69 76 -2 0 11 0.15 M M 7.7 20 70 M M 4 26 70
26 82 72 77 -1 0 12 0.02 M M 7.9 17 70 M M 4 22 70
27 82 72 77 -1 0 12 0.33 M M 7.7 20 60 M M 5 1 24 80
28 84 74 79 1 0 14 T M M 7.3 21 60 M M 4 27 60
================================================================================
SM 2298 2009 0 339 11.70 M 255.4 M 137
================================================================================
AV 82.1 71.8 9.1 FASTST M M 5 MAX(MPH)
MISC ----> 28 60 33 90
================================================================================
NOTES:
# LAST OF SEVERAL OCCURRENCES
COLUMN 17 PEAK WIND IN M.P.H.
PRELIMINARY LOCAL CLIMATOLOGICAL DATA (WS FORM: F-6) , PAGE 2
STATION: SAN JUAN AREA/PR
MONTH: FEBRUARY
YEAR: 2022
LATITUDE: 18 25 N
LONGITUDE: 66 0 W
[TEMPERATURE DATA] [PRECIPITATION DATA] SYMBOLS USED IN COLUMN 16
AVERAGE MONTHLY: 76.9 TOTAL FOR MONTH: 11.70 1 = FOG OR MIST
DPTR FM NORMAL: -0.9 DPTR FM NORMAL: 9.12 2 = FOG REDUCING VISIBILITY
HIGHEST: 84 ON 28,16 GRTST 24HR 4.46 ON 5- 6 TO 1/4 MILE OR LESS
LOWEST: 69 ON 25 3 = THUNDER
SNOW, ICE PELLETS, HAIL 4 = ICE PELLETS
TOTAL MONTH: M 5 = HAIL
GRTST 24HR M ON M 6 = FREEZING RAIN OR DRIZZLE
GRTST DEPTH: M ON M 7 = DUSTSTORM OR SANDSTORM:
VSBY 1/2 MILE OR LESS
8 = SMOKE OR HAZE
[NO. OF DAYS WITH] [WEATHER - DAYS WITH] 9 = BLOWING SNOW
X = TORNADO
MAX 32 OR BELOW: 0 0.01 INCH OR MORE: 26
MAX 90 OR ABOVE: 0 0.10 INCH OR MORE: 13
MIN 32 OR BELOW: 0 0.50 INCH OR MORE: 4
MIN 0 OR BELOW: 0 1.00 INCH OR MORE: 3
[HDD (BASE 65) ]
TOTAL THIS MO. 0 CLEAR (SCALE 0-3) 0
DPTR FM NORMAL 0 PTCLDY (SCALE 4-7) 28
TOTAL FM JUL 1 0 CLOUDY (SCALE 8-10) 0
DPTR FM NORMAL 0
[CDD (BASE 65) ]
TOTAL THIS MO. 339
DPTR FM NORMAL -19 [PRESSURE DATA]
TOTAL FM JAN 1 740 HIGHEST SLP 30.18 ON 16
DPTR FM NORMAL -12 LOWEST SLP 29.93 ON 28
[REMARKS]
#FINAL-02-22#