000
CXUS51 KCTP 280800
CF6JST
PRELIMINARY LOCAL CLIMATOLOGICAL DATA (WS FORM: F-6)
STATION: JOHNSTOWN
MONTH: MARCH
YEAR: 2024
LATITUDE: 40 18 N
LONGITUDE: 78 50 W
TEMPERATURE IN F: :PCPN: SNOW: WIND :SUNSHINE: SKY :PK WND
================================================================================
1 2 3 4 5 6A 6B 7 8 9 10 11 12 13 14 15 16 17 18
12Z AVG MX 2MIN
DY MAX MIN AVG DEP HDD CDD WTR SNW DPTH SPD SPD DIR MIN PSBL S-S WX SPD DR
================================================================================
1 43 23 33 1 32 0 0.16 M M 11.1 21 170 M M 3 1 30 150
2 48 36 42 10 23 0 0.32 M M 6.9 17 170 M M 10 1 25 150
3 59 43 51 19 14 0 0.02 M M 4.4 14 160 M M 6 12 18 130
4 63 41 52 19 13 0 0.00 M M 8.5 16 140 M M 0 12 25 150
5 65 46 56 23 9 0 T M M 5.9 16 140 M M 4 23 130
6 57 49 53 20 12 0 0.45 M M 3.7 9 90 M M 10 12 13 90
7 56 41 49 15 16 0 0.05 M M 5.1 13 330 M M 7 12 18 330
8 54 36 45 11 20 0 T M M 9.2 18 170 M M 2 28 140
9 44 37 41 7 24 0 1.33 M M 12.5 23 300 M M 10 12 36 150
10 37 26 32 -2 33 0 0.12 M M 20.6 37 300 M M 10 12 52 290
11 43 25 34 -1 31 0 T M M 18.4 33 290 M M 4 18 49 290
12 61 40 51 16 14 0 0.00 M M 14.9 23 270 M M 1 37 240
13 64 46 55 20 10 0 0.00 M M 9.1 20 280 M M 0 26 280
14 69 48 59 23 6 0 0.40 M M 8.4 30 330 M M 3 13 42 330
15 56 38 47 11 18 0 0.09 M M 13.2 28 250 M M 10 1 39 260
16 52 34 43 7 22 0 0.00 M M 12.3 24 250 M M 5 40 250
17 50 32 41 5 24 0 0.12 M M 15.5 32 260 M M 8 1 48 260
18 32 25 29 -8 36 0 T M M 14.8 24 280 M M 9 1 33 290
19 41 24 33 -4 32 0 T M M 15.3 26 240 M M 9 1 38 240
20 45 22 34 -3 31 0 0.02 M M 17.2 32 310 M M 8 1 48 280
21 35 18 27 -11 38 0 0.00 M M 11.7 23 310 M M 1 32 310
22 48 19 34 -4 31 0 0.01 M M 8.5 21 160 M M 4 29 160
23 43 24 34 -4 31 0 0.28 M M 12.0 25 320 M M 8 12 36 310
24 45 21 33 -6 32 0 0.00 M M 7.1 15 340 M M 1 23 350
25 53 31 42 3 23 0 0.00 M M 12.1 23 140 M M 0 36 140
26 55 36 46 6 19 0 0.01 M M 12.2 26 160 M M 3 42 150
27 62 41 52 12 13 0 0.00 M M 8.7 21 170 M M 6 30 170
================================================================================
SM 1380 902 607 0 3.38 M 299.3 M 142
================================================================================
AV 51.1 33.4 11.1 FASTST M M 5 MAX(MPH)
MISC ----> 37 300 52 290
================================================================================
NOTES:
# LAST OF SEVERAL OCCURRENCES
COLUMN 17 PEAK WIND IN M.P.H.
PRELIMINARY LOCAL CLIMATOLOGICAL DATA (WS FORM: F-6) , PAGE 2
STATION: JOHNSTOWN
MONTH: MARCH
YEAR: 2024
LATITUDE: 40 18 N
LONGITUDE: 78 50 W
[TEMPERATURE DATA] [PRECIPITATION DATA] SYMBOLS USED IN COLUMN 16
AVERAGE MONTHLY: 42.3 TOTAL FOR MONTH: 3.38 1 = FOG OR MIST
DPTR FM NORMAL: 6.6 DPTR FM NORMAL: 0.72 2 = FOG REDUCING VISIBILITY
HIGHEST: 69 ON 14 GRTST 24HR 1.33 ON 9- 9 TO 1/4 MILE OR LESS
LOWEST: 18 ON 21 3 = THUNDER
SNOW, ICE PELLETS, HAIL 4 = ICE PELLETS
TOTAL MONTH: M 5 = HAIL
GRTST 24HR M ON M 6 = FREEZING RAIN OR DRIZZLE
GRTST DEPTH: M ON M 7 = DUSTSTORM OR SANDSTORM:
VSBY 1/2 MILE OR LESS
8 = SMOKE OR HAZE
[NO. OF DAYS WITH] [WEATHER - DAYS WITH] 9 = BLOWING SNOW
X = TORNADO
MAX 32 OR BELOW: 1 0.01 INCH OR MORE: 14
MAX 90 OR ABOVE: 0 0.10 INCH OR MORE: 8
MIN 32 OR BELOW: 12 0.50 INCH OR MORE: 1
MIN 0 OR BELOW: 0 1.00 INCH OR MORE: 1
[HDD (BASE 65) ]
TOTAL THIS MO. 607 CLEAR (SCALE 0-3) 10
DPTR FM NORMAL -186 PTCLDY (SCALE 4-7) 8
TOTAL FM JUL 1 4635 CLOUDY (SCALE 8-10) 9
DPTR FM NORMAL -791
[CDD (BASE 65) ]
TOTAL THIS MO. 0
DPTR FM NORMAL 0 [PRESSURE DATA]
TOTAL FM JAN 1 0 HIGHEST SLP M ON M
DPTR FM NORMAL 0 LOWEST SLP 29.57 ON 17
[REMARKS]