000
CXUS53 KGRR 011010
CF6JXN
PRELIMINARY LOCAL CLIMATOLOGICAL DATA (WS FORM: F-6)
STATION: JACKSON
MONTH: NOVEMBER
YEAR: 2023
LATITUDE: 42 16 N
LONGITUDE: 84 28 W
TEMPERATURE IN F: :PCPN: SNOW: WIND :SUNSHINE: SKY :PK WND
================================================================================
1 2 3 4 5 6A 6B 7 8 9 10 11 12 13 14 15 16 17 18
12Z AVG MX 2MIN
DY MAX MIN AVG DEP HDD CDD WTR SNW DPTH SPD SPD DIR MIN PSBL S-S WX SPD DR
================================================================================
1 40 22 31 -15 34 0 0.00 M M 5.4 14 230 M M 3 19 230
2 51 31 41 -4 24 0 0.00 M M 10.6 23 200 M M 7 29 200
3 57 39 48 3 17 0 T M M 11.4 22 200 M M 2 33 200
4 58 37 48 4 17 0 T M M 2.3 12 340 M M 9 1 15 330
5 56 28 42 -2 23 0 0.00 M M 3.5 10 220 M M 1 18 15 220
6 63 40 52 8 13 0 0.00 M M 13.7 26 210 M M 3 39 180
7 56 36 46 3 19 0 0.00 M M 7.2 17 270 M M 6 26 280
8 48 36 42 -1 23 0 0.10 M M 11.1 21 90 M M 8 13 30 80
9 54 38 46 4 19 0 0.00 M M 10.2 22 250 M M 4 1 33 240
10 51 31 41 -1 24 0 0.00 M M 7.8 15 270 M M 5 23 250
11 48 26 37 -5 28 0 0.00 M M 1.9 7 360 M M 2 10 360
12 51 27 39 -2 26 0 0.00 M M 6.1 16 150 M M 3 23 150
13 60 35 48 7 17 0 0.00 M M 9.1 22 260 M M 0 35 260
14 56 24 40 0 25 0 0.00 M M 4.0 13 150 M M 0 17 150
15 63 35 49 9 16 0 0.00 M M 8.4 17 220 M M 0 22 220
16 66 33 50 10 15 0 0.00 M M 7.8 21 180 M M 1 30 160
17 59 26 43 4 22 0 0.03 M M 8.3 20 190 M M 6 1 28 170
18 49 20 35 -4 30 0 0.00 M M 6.7 20 220 M M 0 25 230
19 51 26 39 1 26 0 0.00 M M 4.3 10 330 M M 0 15 320
20 44 27 36 -2 29 0 T M M 10.4 21 80 M M 1 27 70
21 48 36 42 4 23 0 M M M 9.2 17 80 M M 10 1 25 90
22 43 36 40 3 25 0 0.00 M M 7.1 13 200 M M 9 1 19 220
23 46 30 38 1 27 0 0.00 M M 9.0 18 230 M M 5 27 230
24 33 18 26 -11 39 0 0.00 M M 4.6 15 320 M M 0 25 300
25 36 16 26 -10 39 0 0.00 M M 1.8 10 180 M M 2 14 170
26 33 21 27 -9 38 0 0.11 M M 4.7 15 240 M M 8 1 22 230
27 32 22 27 -9 38 0 T M M 11.3 23 240 M M 10 1 33 250
28 27 16 22 -13 43 0 T M M 10.0 18 240 M M 6 1 25 230
29 34 17 26 -9 39 0 0.00 M M 10.4 20 210 M M 5 28 220
30 52 30 41 7 24 0 0.00 M M 11.4 21 200 M M 2 29 200
================================================================================
SM 1465 859 782 0 0.24 M 229.7 M 118
================================================================================
AV 48.8 28.6 7.7 FASTST M M 4 MAX(MPH)
MISC ----> 26 210 39 180
================================================================================
NOTES:
# LAST OF SEVERAL OCCURRENCES
COLUMN 17 PEAK WIND IN M.P.H.
PRELIMINARY LOCAL CLIMATOLOGICAL DATA (WS FORM: F-6) , PAGE 2
STATION: JACKSON
MONTH: NOVEMBER
YEAR: 2023
LATITUDE: 42 16 N
LONGITUDE: 84 28 W
[TEMPERATURE DATA] [PRECIPITATION DATA] SYMBOLS USED IN COLUMN 16
AVERAGE MONTHLY: 38.7 TOTAL FOR MONTH: 0.24 1 = FOG OR MIST
DPTR FM NORMAL: -1.2 DPTR FM NORMAL: -2.09 2 = FOG REDUCING VISIBILITY
HIGHEST: 66 ON 16 GRTST 24HR 0.89 ON 21-22 TO 1/4 MILE OR LESS
LOWEST: 16 ON 28,25 3 = THUNDER
SNOW, ICE PELLETS, HAIL 4 = ICE PELLETS
TOTAL MONTH: M 5 = HAIL
GRTST 24HR M ON M 6 = FREEZING RAIN OR DRIZZLE
GRTST DEPTH: M ON M 7 = DUSTSTORM OR SANDSTORM:
VSBY 1/2 MILE OR LESS
8 = SMOKE OR HAZE
[NO. OF DAYS WITH] [WEATHER - DAYS WITH] 9 = BLOWING SNOW
X = TORNADO
MAX 32 OR BELOW: 2 0.01 INCH OR MORE: 3
MAX 90 OR ABOVE: 0 0.10 INCH OR MORE: 2
MIN 32 OR BELOW: 19 0.50 INCH OR MORE: 0
MIN 0 OR BELOW: 0 1.00 INCH OR MORE: 0
[HDD (BASE 65) ]
TOTAL THIS MO. 782 CLEAR (SCALE 0-3) 15
DPTR FM NORMAL 29 PTCLDY (SCALE 4-7) 11
TOTAL FM JUL 1 1304 CLOUDY (SCALE 8-10) 4
DPTR FM NORMAL -43
[CDD (BASE 65) ]
TOTAL THIS MO. 0
DPTR FM NORMAL 0 [PRESSURE DATA]
TOTAL FM JAN 1 472 HIGHEST SLP 30.50 ON 25
DPTR FM NORMAL -162 LOWEST SLP 29.59 ON 8
[REMARKS]
#FINAL-11-23#