000
CXUS53 KIND 010600
CF6LAF
PRELIMINARY LOCAL CLIMATOLOGICAL DATA (WS FORM: F-6)
STATION: LAFAYETTE IN
MONTH: MAY
YEAR: 2022
LATITUDE: 40 25 N
LONGITUDE: 86 56 W
TEMPERATURE IN F: :PCPN: SNOW: WIND :SUNSHINE: SKY :PK WND
================================================================================
1 2 3 4 5 6A 6B 7 8 9 10 11 12 13 14 15 16 17 18
12Z AVG MX 2MIN
DY MAX MIN AVG DEP HDD CDD WTR SNW DPTH SPD SPD DIR MIN PSBL S-S WX SPD DR
================================================================================
1 63 49 56 -1 9 0 0.00 M M 10.4 21 260 M M 10 32 250
2 65 41 53 -4 12 0 T M M 4.5 14 270 M M 3 17 280
3 70 46 58 1 7 0 0.42 M M 10.1 21 270 M M 10 1 29 270
4 61 46 54 -4 11 0 0.00 M M 6.7 16 340 M M 10 1 20 360
5 56 53 55 -3 10 0 M M M 8.9 16 90 M M 10 1 22 100
6 57 52 55 -3 10 0 M M M 10.5 21 60 M M 10 1 32 40
7 69 48 59 0 6 0 0.00 M M 11.8 20 50 M M 2 29 20
8 67 43 55 -4 10 0 0.00 M M 10.1 23 110 M M 0 31 100
9 80 51 66 7 0 1 0.00 M M 10.9 23 150 M M 2 35 140
10 87 67 77 17 0 12 0.00 M M 6.6 14 230 M M 6 24 220
11 89 72 81 21 0 16 0.00 M M 4.4 13 120 M M 4 19 120
12 87 65 76 16 0 11 0.00 M M 5.5 14 110 M M 0 21 130
13 86 57 72 11 0 7 0.00 M M 4.3 12 130 M M 1 18 120
14 86 58 72 11 0 7 0.43 M M 2.7 33 330 M M 2 13 49 320
15 85 53 69 8 0 4 0.81 M M 3.9 25 310 M M 3 123 35 310
16 77 50 64 2 1 0 T M M 7.2 22 280 M M 1 1 30 290
17 75 48 62 0 3 0 0.00 M M 4.9 13 80 M M 2 18 50
18 68 56 62 0 3 0 0.05 M M 4.9 13 90 M M 7 1 17 70
19 82 56 69 6 0 4 T M M 5.1 17 210 M M 5 12 29 220
20 86 66 76 13 0 11 0.00 M M 10.3 24 200 M M 3 44 190
21 78 57 68 5 0 3 0.31 M M 7.3 25 290 M M 7 13 38 290
22 64 52 58 -6 7 0 T M M 7.8 17 290 M M 6 18 28 310
23 67 47 57 -7 8 0 0.00 M M 9.0 20 70 M M 0 27 70
24 73 50 62 -2 3 0 0.00 M M 10.3 18 100 M M 1 25 120
25 83 61 72 7 0 7 0.01 M M 9.5 20 200 M M 6 1 36 210
26 76 60 68 3 0 3 1.39 M M 8.0 17 170 M M 6 13 33 190
27 67 49 58 -7 7 0 0.13 M M 6.9 18 340 M M 7 1 31 340
28 73 46 60 -6 5 0 0.00 M M 4.4 10 260 M M 2 12 18 250
29 82 59 71 5 0 6 0.00 M M 7.5 15 170 M M 0 26 170
30 86 66 76 10 0 11 0.00 M M 10.3 22 190 M M 1 37 180
31 87 70 79 12 0 14 0.00 M M 7.3 20 230 M M 1 33 220
================================================================================
SM 2332 1694 112 117 3.55 M 232.0 M 128
================================================================================
AV 75.2 54.6 7.5 FASTST M M 4 MAX(MPH)
MISC ----> 33 330 49 320
================================================================================
NOTES:
# LAST OF SEVERAL OCCURRENCES
COLUMN 17 PEAK WIND IN M.P.H.
PRELIMINARY LOCAL CLIMATOLOGICAL DATA (WS FORM: F-6) , PAGE 2
STATION: LAFAYETTE IN
MONTH: MAY
YEAR: 2022
LATITUDE: 40 25 N
LONGITUDE: 86 56 W
[TEMPERATURE DATA] [PRECIPITATION DATA] SYMBOLS USED IN COLUMN 16
AVERAGE MONTHLY: 64.9 TOTAL FOR MONTH: 3.55 1 = FOG OR MIST
DPTR FM NORMAL: 3.3 DPTR FM NORMAL: -0.49 2 = FOG REDUCING VISIBILITY
HIGHEST: 89 ON 11 GRTST 24HR 1.50 ON 26-27 TO 1/4 MILE OR LESS
LOWEST: 41 ON 2 3 = THUNDER
SNOW, ICE PELLETS, HAIL 4 = ICE PELLETS
TOTAL MONTH: M 5 = HAIL
GRTST 24HR M ON M 6 = FREEZING RAIN OR DRIZZLE
GRTST DEPTH: M ON M 7 = DUSTSTORM OR SANDSTORM:
VSBY 1/2 MILE OR LESS
8 = SMOKE OR HAZE
[NO. OF DAYS WITH] [WEATHER - DAYS WITH] 9 = BLOWING SNOW
X = TORNADO
MAX 32 OR BELOW: 0 0.01 INCH OR MORE: 8
MAX 90 OR ABOVE: 0 0.10 INCH OR MORE: 6
MIN 32 OR BELOW: 0 0.50 INCH OR MORE: 2
MIN 0 OR BELOW: 0 1.00 INCH OR MORE: 1
[HDD (BASE 65) ]
TOTAL THIS MO. 112 CLEAR (SCALE 0-3) 16
DPTR FM NORMAL -58 PTCLDY (SCALE 4-7) 10
TOTAL FM JUL 1 5378 CLOUDY (SCALE 8-10) 5
DPTR FM NORMAL -422
[CDD (BASE 65) ]
TOTAL THIS MO. 117
DPTR FM NORMAL 53 [PRESSURE DATA]
TOTAL FM JAN 1 130 HIGHEST SLP M ON M
DPTR FM NORMAL 56 LOWEST SLP 29.48 ON 20
[REMARKS]
#FINAL-05-22#